| Back to Mac ARM64 build report for BioC 3.17 |
|
This page was generated on 2023-10-20 09:38:09 -0400 (Fri, 20 Oct 2023).
| Hostname | OS | Arch (*) | R version | Installed pkgs |
|---|---|---|---|---|
| kjohnson2 | macOS 12.6.1 Monterey | arm64 | 4.3.1 (2023-06-16) -- "Beagle Scouts" | 4347 |
| Click on any hostname to see more info about the system (e.g. compilers) (*) as reported by 'uname -p', except on Windows and Mac OS X | ||||
| Package 1535/2230 | Hostname | OS / Arch | INSTALL | BUILD | CHECK | BUILD BIN | ||||||||
| plyranges 1.20.0 (landing page) Stuart Lee
| kjohnson2 | macOS 12.6.1 Monterey / arm64 | OK | OK | ERROR | OK | ||||||||
|
To the developers/maintainers of the plyranges package: - Use the following Renviron settings to reproduce errors and warnings. - If 'R CMD check' started to fail recently on the Linux builder(s) over a missing dependency, add the missing dependency to 'Suggests:' in your DESCRIPTION file. See Renviron.bioc for more information. |
| Package: plyranges |
| Version: 1.20.0 |
| Command: /Library/Frameworks/R.framework/Resources/bin/R CMD check --install=check:plyranges.install-out.txt --library=/Library/Frameworks/R.framework/Resources/library --no-vignettes --timings plyranges_1.20.0.tar.gz |
| StartedAt: 2023-10-18 15:07:13 -0400 (Wed, 18 Oct 2023) |
| EndedAt: 2023-10-18 15:14:55 -0400 (Wed, 18 Oct 2023) |
| EllapsedTime: 461.3 seconds |
| RetCode: 1 |
| Status: ERROR |
| CheckDir: plyranges.Rcheck |
| Warnings: NA |
##############################################################################
##############################################################################
###
### Running command:
###
### /Library/Frameworks/R.framework/Resources/bin/R CMD check --install=check:plyranges.install-out.txt --library=/Library/Frameworks/R.framework/Resources/library --no-vignettes --timings plyranges_1.20.0.tar.gz
###
##############################################################################
##############################################################################
* using log directory ‘/Users/biocbuild/bbs-3.17-bioc-mac-arm64/meat/plyranges.Rcheck’
* using R version 4.3.1 (2023-06-16)
* using platform: aarch64-apple-darwin20 (64-bit)
* R was compiled by
Apple clang version 14.0.0 (clang-1400.0.29.202)
GNU Fortran (GCC) 12.2.0
* running under: macOS Monterey 12.6.7
* using session charset: UTF-8
* using option ‘--no-vignettes’
* checking for file ‘plyranges/DESCRIPTION’ ... OK
* checking extension type ... Package
* this is package ‘plyranges’ version ‘1.20.0’
* package encoding: UTF-8
* checking package namespace information ... OK
* checking package dependencies ... OK
* checking if this is a source package ... OK
* checking if there is a namespace ... OK
* checking for hidden files and directories ... OK
* checking for portable file names ... OK
* checking for sufficient/correct file permissions ... OK
* checking whether package ‘plyranges’ can be installed ... OK
* checking installed package size ... OK
* checking package directory ... OK
* checking ‘build’ directory ... OK
* checking DESCRIPTION meta-information ... OK
* checking top-level files ... OK
* checking for left-over files ... OK
* checking index information ... OK
* checking package subdirectories ... OK
* checking R files for non-ASCII characters ... OK
* checking R files for syntax errors ... OK
* checking whether the package can be loaded ... OK
* checking whether the package can be loaded with stated dependencies ... OK
* checking whether the package can be unloaded cleanly ... OK
* checking whether the namespace can be loaded with stated dependencies ... OK
* checking whether the namespace can be unloaded cleanly ... OK
* checking dependencies in R code ... OK
* checking S3 generic/method consistency ... WARNING
group_split:
function(.tbl, ..., .keep)
group_split.GroupedGenomicRanges:
function(.data, ..., keep)
group_split:
function(.tbl, ..., .keep)
group_split.GroupedIntegerRanges:
function(.data, ..., keep)
group_split:
function(.tbl, ..., .keep)
group_split.Ranges:
function(.data, ..., keep)
group_keys:
function(.tbl, ...)
group_keys.Ranges:
function(.data, ...)
group_keys:
function(.tbl, ...)
group_keys.GroupedGenomicRanges:
function(.data, ...)
group_keys:
function(.tbl, ...)
group_keys.GroupedIntegerRanges:
function(.data, ...)
See section ‘Generic functions and methods’ in the ‘Writing R
Extensions’ manual.
* checking replacement functions ... OK
* checking foreign function calls ... OK
* checking R code for possible problems ... OK
* checking Rd files ... OK
* checking Rd metadata ... OK
* checking Rd cross-references ... WARNING
Missing link or links in documentation object 'ranges-info.Rd':
‘[GenomeInfoDb:fetchExtendedChromInfoFromUCSC]{GenomeInfoDb::fetchExtendedChromInfoFromUCSC()}’
See section 'Cross-references' in the 'Writing R Extensions' manual.
* checking for missing documentation entries ... OK
* checking for code/documentation mismatches ... OK
* checking Rd \usage sections ... OK
* checking Rd contents ... OK
* checking for unstated dependencies in examples ... OK
* checking files in ‘vignettes’ ... OK
* checking examples ... OK
Examples with CPU (user + system) or elapsed time > 5s
user system elapsed
io-bed-read 3.327 0.663 5.028
* checking for unstated dependencies in ‘tests’ ... OK
* checking tests ...
Running ‘testthat.R’
ERROR
Running the tests in ‘tests/testthat.R’ failed.
Last 13 lines of output:
filter
>
> test_check("plyranges")
[ FAIL 1 | WARN 8 | SKIP 0 | PASS 389 ]
══ Failed tests ════════════════════════════════════════════════════════════════
── Failure ('test-io-bed.R:136:3'): read_narrowpeaks returns correct GRanges ───
`gr` not identical to `test_gr`.
Objects equal but not identical
[ FAIL 1 | WARN 8 | SKIP 0 | PASS 389 ]
Error: Test failures
Execution halted
* checking for unstated dependencies in vignettes ... OK
* checking package vignettes in ‘inst/doc’ ... OK
* checking running R code from vignettes ... SKIPPED
* checking re-building of vignette outputs ... SKIPPED
* checking PDF version of manual ... OK
* DONE
Status: 1 ERROR, 2 WARNINGs
See
‘/Users/biocbuild/bbs-3.17-bioc-mac-arm64/meat/plyranges.Rcheck/00check.log’
for details.
plyranges.Rcheck/00install.out
############################################################################## ############################################################################## ### ### Running command: ### ### /Library/Frameworks/R.framework/Resources/bin/R CMD INSTALL plyranges ### ############################################################################## ############################################################################## * installing to library ‘/Library/Frameworks/R.framework/Versions/4.3-arm64/Resources/library’ * installing *source* package ‘plyranges’ ... ** using staged installation ** R ** inst ** byte-compile and prepare package for lazy loading ** help *** installing help indices *** copying figures ** building package indices ** installing vignettes ** testing if installed package can be loaded from temporary location ** testing if installed package can be loaded from final location ** testing if installed package keeps a record of temporary installation path * DONE (plyranges)
plyranges.Rcheck/tests/testthat.Rout.fail
R version 4.3.1 (2023-06-16) -- "Beagle Scouts"
Copyright (C) 2023 The R Foundation for Statistical Computing
Platform: aarch64-apple-darwin20 (64-bit)
R is free software and comes with ABSOLUTELY NO WARRANTY.
You are welcome to redistribute it under certain conditions.
Type 'license()' or 'licence()' for distribution details.
R is a collaborative project with many contributors.
Type 'contributors()' for more information and
'citation()' on how to cite R or R packages in publications.
Type 'demo()' for some demos, 'help()' for on-line help, or
'help.start()' for an HTML browser interface to help.
Type 'q()' to quit R.
> library(testthat)
> library(plyranges)
Loading required package: BiocGenerics
Attaching package: 'BiocGenerics'
The following objects are masked from 'package:stats':
IQR, mad, sd, var, xtabs
The following objects are masked from 'package:base':
Filter, Find, Map, Position, Reduce, anyDuplicated, aperm, append,
as.data.frame, basename, cbind, colnames, dirname, do.call,
duplicated, eval, evalq, get, grep, grepl, intersect, is.unsorted,
lapply, mapply, match, mget, order, paste, pmax, pmax.int, pmin,
pmin.int, rank, rbind, rownames, sapply, setdiff, sort, table,
tapply, union, unique, unsplit, which.max, which.min
Loading required package: IRanges
Loading required package: S4Vectors
Loading required package: stats4
Attaching package: 'S4Vectors'
The following object is masked from 'package:utils':
findMatches
The following objects are masked from 'package:base':
I, expand.grid, unname
Loading required package: GenomicRanges
Loading required package: GenomeInfoDb
Attaching package: 'plyranges'
The following object is masked from 'package:IRanges':
slice
The following object is masked from 'package:stats':
filter
>
> test_check("plyranges")
[ FAIL 1 | WARN 8 | SKIP 0 | PASS 389 ]
══ Failed tests ════════════════════════════════════════════════════════════════
── Failure ('test-io-bed.R:136:3'): read_narrowpeaks returns correct GRanges ───
`gr` not identical to `test_gr`.
Objects equal but not identical
[ FAIL 1 | WARN 8 | SKIP 0 | PASS 389 ]
Error: Test failures
Execution halted
plyranges.Rcheck/plyranges-Ex.timings
| name | user | system | elapsed | |
| add-nearest-distance | 0.443 | 0.021 | 0.721 | |
| as_ranges | 0.104 | 0.002 | 0.162 | |
| compute_coverage | 0.019 | 0.002 | 0.031 | |
| element-setops | 0.116 | 0.003 | 0.185 | |
| filter-ranges | 0.649 | 0.042 | 1.064 | |
| group_by-ranges | 0.371 | 0.036 | 0.625 | |
| io-bam-read | 0.772 | 0.050 | 1.132 | |
| io-bed-read | 3.327 | 0.663 | 5.028 | |
| io-bed-write | 0.000 | 0.001 | 0.000 | |
| io-bigwig-read | 0.126 | 0.003 | 0.163 | |
| io-bigwig-write | 0 | 0 | 0 | |
| io-gff-read | 0.525 | 0.020 | 0.701 | |
| io-gff-write | 0.001 | 0.001 | 0.000 | |
| io-wig-read | 0.461 | 0.020 | 0.686 | |
| mutate-ranges | 0.851 | 0.014 | 1.341 | |
| n | 0.312 | 0.010 | 0.496 | |
| n_distinct | 0.041 | 0.004 | 0.067 | |
| overlap-joins | 0.248 | 0.004 | 0.400 | |
| ranges-anchor | 0.113 | 0.003 | 0.185 | |
| ranges-arrange | 0.058 | 0.002 | 0.100 | |
| ranges-bind | 0.203 | 0.004 | 0.319 | |
| ranges-chop | 0.388 | 0.009 | 0.612 | |
| ranges-construct | 0.133 | 0.004 | 0.212 | |
| ranges-count-overlaps | 0.099 | 0.002 | 0.156 | |
| ranges-disjoin | 0.857 | 0.010 | 1.331 | |
| ranges-expand | 0.625 | 0.012 | 0.975 | |
| ranges-filter-overlaps | 0.090 | 0.002 | 0.139 | |
| ranges-flank | 0.107 | 0.002 | 0.143 | |
| ranges-follow | 0.186 | 0.004 | 0.285 | |
| ranges-info | 0.054 | 0.002 | 0.085 | |
| ranges-interweave | 0.162 | 0.002 | 0.251 | |
| ranges-names | 0.156 | 0.002 | 0.235 | |
| ranges-nearest | 0.516 | 0.008 | 0.807 | |
| ranges-overlaps-self | 0.150 | 0.003 | 0.235 | |
| ranges-overlaps | 0.205 | 0.005 | 0.322 | |
| ranges-pairs | 0.423 | 0.008 | 0.655 | |
| ranges-precede | 0.180 | 0.004 | 0.274 | |
| ranges-reduce | 0.929 | 0.011 | 1.440 | |
| ranges-select | 0.094 | 0.005 | 0.160 | |
| ranges-setops | 0.910 | 0.011 | 1.421 | |
| ranges-shift | 0.175 | 0.004 | 0.276 | |
| ranges-summarise | 0.167 | 0.002 | 0.258 | |
| ranges-tile | 0.104 | 0.003 | 0.164 | |
| slice-ranges | 0.676 | 0.008 | 1.048 | |
| stretch | 0.257 | 0.004 | 0.401 | |