| Back to Mac ARM64 build report for BioC 3.17 |
|
This page was generated on 2023-10-20 09:38:06 -0400 (Fri, 20 Oct 2023).
| Hostname | OS | Arch (*) | R version | Installed pkgs |
|---|---|---|---|---|
| kjohnson2 | macOS 12.6.1 Monterey | arm64 | 4.3.1 (2023-06-16) -- "Beagle Scouts" | 4347 |
| Click on any hostname to see more info about the system (e.g. compilers) (*) as reported by 'uname -p', except on Windows and Mac OS X | ||||
| Package 1200/2230 | Hostname | OS / Arch | INSTALL | BUILD | CHECK | BUILD BIN | ||||||||
| methylKit 1.26.0 (landing page) Altuna Akalin
| kjohnson2 | macOS 12.6.1 Monterey / arm64 | OK | OK | WARNINGS | OK | ||||||||
|
To the developers/maintainers of the methylKit package: - Use the following Renviron settings to reproduce errors and warnings. - If 'R CMD check' started to fail recently on the Linux builder(s) over a missing dependency, add the missing dependency to 'Suggests:' in your DESCRIPTION file. See Renviron.bioc for more information. |
| Package: methylKit |
| Version: 1.26.0 |
| Command: /Library/Frameworks/R.framework/Resources/bin/R CMD check --install=check:methylKit.install-out.txt --library=/Library/Frameworks/R.framework/Resources/library --no-vignettes --timings methylKit_1.26.0.tar.gz |
| StartedAt: 2023-10-18 06:42:09 -0400 (Wed, 18 Oct 2023) |
| EndedAt: 2023-10-18 06:52:02 -0400 (Wed, 18 Oct 2023) |
| EllapsedTime: 593.3 seconds |
| RetCode: 0 |
| Status: WARNINGS |
| CheckDir: methylKit.Rcheck |
| Warnings: 2 |
##############################################################################
##############################################################################
###
### Running command:
###
### /Library/Frameworks/R.framework/Resources/bin/R CMD check --install=check:methylKit.install-out.txt --library=/Library/Frameworks/R.framework/Resources/library --no-vignettes --timings methylKit_1.26.0.tar.gz
###
##############################################################################
##############################################################################
* using log directory ‘/Users/biocbuild/bbs-3.17-bioc-mac-arm64/meat/methylKit.Rcheck’
* using R version 4.3.1 (2023-06-16)
* using platform: aarch64-apple-darwin20 (64-bit)
* R was compiled by
Apple clang version 14.0.0 (clang-1400.0.29.202)
GNU Fortran (GCC) 12.2.0
* running under: macOS Monterey 12.6.7
* using session charset: UTF-8
* using option ‘--no-vignettes’
* checking for file ‘methylKit/DESCRIPTION’ ... OK
* checking extension type ... Package
* this is package ‘methylKit’ version ‘1.26.0’
* checking package namespace information ... OK
* checking package dependencies ... OK
* checking if this is a source package ... OK
* checking if there is a namespace ... OK
* checking for hidden files and directories ... OK
* checking for portable file names ... OK
* checking for sufficient/correct file permissions ... OK
* checking whether package ‘methylKit’ can be installed ... OK
* used C++ compiler: ‘Apple clang version 14.0.0 (clang-1400.0.29.202)’
* used SDK: ‘MacOSX11.3.sdk’
* checking C++ specification ... NOTE
Specified C++11: please drop specification unless essential
* checking installed package size ... OK
* checking package directory ... OK
* checking ‘build’ directory ... OK
* checking DESCRIPTION meta-information ... OK
* checking top-level files ... OK
* checking for left-over files ... OK
* checking index information ... OK
* checking package subdirectories ... NOTE
Problems with news in ‘NEWS’:
Cannot process chunk/lines:
is used with destrand=TRUE argument. It returned less number of CpGs then it was
Cannot process chunk/lines:
supposed to, although returned CpGs had correct methylation and coverage values.
* checking R files for non-ASCII characters ... OK
* checking R files for syntax errors ... OK
* checking whether the package can be loaded ... OK
* checking whether the package can be loaded with stated dependencies ... OK
* checking whether the package can be unloaded cleanly ... OK
* checking whether the namespace can be loaded with stated dependencies ... OK
* checking whether the namespace can be unloaded cleanly ... OK
* checking dependencies in R code ... NOTE
Namespace in Imports field not imported from: ‘KernSmooth’
All declared Imports should be used.
* checking S3 generic/method consistency ... OK
* checking replacement functions ... OK
* checking foreign function calls ... OK
* checking R code for possible problems ... OK
* checking Rd files ... OK
* checking Rd metadata ... OK
* checking Rd cross-references ... OK
* checking for missing documentation entries ... OK
* checking for code/documentation mismatches ... OK
* checking Rd \usage sections ... WARNING
Undocumented arguments in documentation object 'methylRawList-class'
‘...’ ‘treatment’
Undocumented arguments in documentation object 'methylRawListDB-class'
‘...’ ‘treatment’
Functions with \usage entries need to have the appropriate \alias
entries, and all their arguments documented.
The \usage entries must correspond to syntactically valid R code.
See chapter ‘Writing R documentation files’ in the ‘Writing R
Extensions’ manual.
* checking Rd contents ... OK
* checking for unstated dependencies in examples ... OK
* checking contents of ‘data’ directory ... OK
* checking data for non-ASCII characters ... OK
* checking data for ASCII and uncompressed saves ... OK
* checking line endings in C/C++/Fortran sources/headers ... OK
* checking line endings in Makefiles ... OK
* checking compilation flags in Makevars ... OK
* checking for GNU extensions in Makefiles ... NOTE
GNU make is a SystemRequirements.
* checking for portable use of $(BLAS_LIBS) and $(LAPACK_LIBS) ... OK
* checking use of PKG_*FLAGS in Makefiles ... OK
* checking compiled code ... WARNING
Note: information on .o files is not available
File ‘/Library/Frameworks/R.framework/Versions/4.3-arm64/Resources/library/methylKit/libs/methylKit.so’:
Found ‘___assert_rtn’, possibly from ‘assert’ (C)
Found ‘___sprintf_chk’, possibly from ‘sprintf’ (C)
Found ‘___stderrp’, possibly from ‘stderr’ (C)
Found ‘___stdoutp’, possibly from ‘stdout’ (C)
Found ‘_abort’, possibly from ‘abort’ (C)
Found ‘_exit’, possibly from ‘exit’ (C)
Found ‘_sprintf’, possibly from ‘sprintf’ (C)
Compiled code should not call entry points which might terminate R nor
write to stdout/stderr instead of to the console, nor use Fortran I/O
nor system RNGs nor [v]sprintf. The detected symbols are linked into
the code but might come from libraries and not actually be called.
See ‘Writing portable packages’ in the ‘Writing R Extensions’ manual.
* checking files in ‘vignettes’ ... OK
* checking examples ... OK
Examples with CPU (user + system) or elapsed time > 5s
user system elapsed
calculateDiffMeth-methods 7.023 0.213 10.998
* checking for unstated dependencies in ‘tests’ ... OK
* checking tests ...
Running ‘testthat.R’
OK
* checking for unstated dependencies in vignettes ... OK
* checking package vignettes in ‘inst/doc’ ... OK
* checking running R code from vignettes ... SKIPPED
* checking re-building of vignette outputs ... SKIPPED
* checking PDF version of manual ... OK
* DONE
Status: 2 WARNINGs, 4 NOTEs
See
‘/Users/biocbuild/bbs-3.17-bioc-mac-arm64/meat/methylKit.Rcheck/00check.log’
for details.
methylKit.Rcheck/00install.out
############################################################################## ############################################################################## ### ### Running command: ### ### /Library/Frameworks/R.framework/Resources/bin/R CMD INSTALL methylKit ### ############################################################################## ############################################################################## * installing to library ‘/Library/Frameworks/R.framework/Versions/4.3-arm64/Resources/library’ * installing *source* package ‘methylKit’ ... ** using staged installation ** libs using C++ compiler: ‘Apple clang version 14.0.0 (clang-1400.0.29.202)’ using C++11 using SDK: ‘MacOSX11.3.sdk’ clang++ -arch arm64 -std=gnu++11 -I"/Library/Frameworks/R.framework/Resources/include" -DNDEBUG -D_FILE_OFFSET_BITS=64 -I'/Library/Frameworks/R.framework/Versions/4.3-arm64/Resources/library/Rcpp/include' -I'/Library/Frameworks/R.framework/Versions/4.3-arm64/Resources/library/Rhtslib/include' -I'/Library/Frameworks/R.framework/Versions/4.3-arm64/Resources/library/zlibbioc/include' -I/opt/R/arm64/include -fPIC -falign-functions=64 -Wall -g -O2 -c RcppExports.cpp -o RcppExports.o clang++ -arch arm64 -std=gnu++11 -I"/Library/Frameworks/R.framework/Resources/include" -DNDEBUG -D_FILE_OFFSET_BITS=64 -I'/Library/Frameworks/R.framework/Versions/4.3-arm64/Resources/library/Rcpp/include' -I'/Library/Frameworks/R.framework/Versions/4.3-arm64/Resources/library/Rhtslib/include' -I'/Library/Frameworks/R.framework/Versions/4.3-arm64/Resources/library/zlibbioc/include' -I/opt/R/arm64/include -fPIC -falign-functions=64 -Wall -g -O2 -c methCall.cpp -o methCall.o clang++ -arch arm64 -std=gnu++11 -dynamiclib -Wl,-headerpad_max_install_names -undefined dynamic_lookup -single_module -multiply_defined suppress -L/Library/Frameworks/R.framework/Resources/lib -L/opt/R/arm64/lib -o methylKit.so RcppExports.o methCall.o /Library/Frameworks/R.framework/Versions/4.3-arm64/Resources/library/Rhtslib/usrlib/libhts.a -lcurl -F/Library/Frameworks/R.framework/.. -framework R -Wl,-framework -Wl,CoreFoundation installing to /Library/Frameworks/R.framework/Versions/4.3-arm64/Resources/library/00LOCK-methylKit/00new/methylKit/libs ** R ** data ** inst ** byte-compile and prepare package for lazy loading ** help *** installing help indices ** building package indices ** installing vignettes ** testing if installed package can be loaded from temporary location ** checking absolute paths in shared objects and dynamic libraries ** testing if installed package can be loaded from final location ** testing if installed package keeps a record of temporary installation path * DONE (methylKit)
methylKit.Rcheck/tests/testthat.Rout
R version 4.3.1 (2023-06-16) -- "Beagle Scouts"
Copyright (C) 2023 The R Foundation for Statistical Computing
Platform: aarch64-apple-darwin20 (64-bit)
R is free software and comes with ABSOLUTELY NO WARRANTY.
You are welcome to redistribute it under certain conditions.
Type 'license()' or 'licence()' for distribution details.
R is a collaborative project with many contributors.
Type 'contributors()' for more information and
'citation()' on how to cite R or R packages in publications.
Type 'demo()' for some demos, 'help()' for on-line help, or
'help.start()' for an HTML browser interface to help.
Type 'q()' to quit R.
> library(testthat)
> library(methylKit)
Loading required package: GenomicRanges
Loading required package: stats4
Loading required package: BiocGenerics
Attaching package: 'BiocGenerics'
The following objects are masked from 'package:stats':
IQR, mad, sd, var, xtabs
The following objects are masked from 'package:base':
Filter, Find, Map, Position, Reduce, anyDuplicated, aperm, append,
as.data.frame, basename, cbind, colnames, dirname, do.call,
duplicated, eval, evalq, get, grep, grepl, intersect, is.unsorted,
lapply, mapply, match, mget, order, paste, pmax, pmax.int, pmin,
pmin.int, rank, rbind, rownames, sapply, setdiff, sort, table,
tapply, union, unique, unsplit, which.max, which.min
Loading required package: S4Vectors
Attaching package: 'S4Vectors'
The following object is masked from 'package:utils':
findMatches
The following objects are masked from 'package:base':
I, expand.grid, unname
Loading required package: IRanges
Loading required package: GenomeInfoDb
>
>
>
> test_check("methylKit")
Using internal DSS code...
Using internal DSS code...
[ FAIL 0 | WARN 0 | SKIP 0 | PASS 238 ]
>
> proc.time()
user system elapsed
87.000 2.664 134.662
methylKit.Rcheck/methylKit-Ex.timings
| name | user | system | elapsed | |
| PCASamples-methods | 0.028 | 0.003 | 0.048 | |
| adjustMethylC | 0.082 | 0.009 | 0.145 | |
| assocComp-methods | 0.022 | 0.003 | 0.038 | |
| bedgraph-methods | 0.023 | 0.005 | 0.046 | |
| calculateDiffMeth-methods | 7.023 | 0.213 | 10.998 | |
| calculateDiffMethDSS-methods | 0.459 | 0.008 | 0.725 | |
| clusterSamples-methods | 0.034 | 0.003 | 0.055 | |
| dataSim-methods | 0.018 | 0.002 | 0.033 | |
| diffMethPerChr-methods | 0.031 | 0.004 | 0.053 | |
| extract-methods | 0.030 | 0.003 | 0.049 | |
| filterByCoverage-methods | 0.068 | 0.009 | 0.120 | |
| getAssembly-methods | 0.010 | 0.002 | 0.020 | |
| getContext-methods | 0.009 | 0.002 | 0.020 | |
| getCorrelation-methods | 0.061 | 0.009 | 0.107 | |
| getCoverageStats-methods | 0.014 | 0.003 | 0.025 | |
| getDBPath-methods | 0.068 | 0.008 | 0.115 | |
| getData-methods | 0.017 | 0.003 | 0.031 | |
| getMethylDiff-methods | 0.015 | 0.002 | 0.028 | |
| getMethylationStats-methods | 0.020 | 0.003 | 0.032 | |
| getSampleID-methods | 0.009 | 0.002 | 0.015 | |
| getTreatment-methods | 0.010 | 0.002 | 0.019 | |
| makeMethylDB-methods | 0 | 0 | 0 | |
| methRead-methods | 0.240 | 0.035 | 0.419 | |
| methSeg | 0.001 | 0.000 | 0.001 | |
| methylBase-class | 0.022 | 0.002 | 0.038 | |
| methylBaseDB-class | 0.065 | 0.008 | 0.113 | |
| methylDiff-class | 0.025 | 0.002 | 0.038 | |
| methylDiffDB-class | 2.140 | 0.027 | 3.327 | |
| methylRaw-class | 0.077 | 0.006 | 0.127 | |
| methylRawDB-class | 0.083 | 0.010 | 0.138 | |
| methylRawList-class | 0.010 | 0.002 | 0.018 | |
| methylRawListDB-class | 0.139 | 0.022 | 0.250 | |
| normalizeCoverage-methods | 0.128 | 0.019 | 0.222 | |
| percMethylation-methods | 0.024 | 0.002 | 0.039 | |
| pool-methods | 0.015 | 0.002 | 0.024 | |
| processBismarkAln-methods | 0.052 | 0.014 | 0.105 | |
| readMethylDB-methods | 0 | 0 | 0 | |
| reconstruct-methods | 0.019 | 0.002 | 0.034 | |
| regionCounts | 0.351 | 0.006 | 0.552 | |
| removeComp-methods | 0.028 | 0.003 | 0.047 | |
| reorganize-methods | 0.124 | 0.007 | 0.197 | |
| select-methods | 0.089 | 0.013 | 0.157 | |
| selectByOverlap-methods | 2.816 | 0.069 | 4.317 | |
| show-methods | 0.030 | 0.004 | 0.052 | |
| tileMethylCounts-methods | 0.550 | 0.010 | 0.856 | |
| unite-methods | 0.104 | 0.003 | 0.169 | |