| Back to Mac ARM64 build report for BioC 3.17 | 
  | 
This page was generated on 2023-10-20 09:38:03 -0400 (Fri, 20 Oct 2023).
| Hostname | OS | Arch (*) | R version | Installed pkgs | 
|---|---|---|---|---|
| kjohnson2 | macOS 12.6.1 Monterey | arm64 | 4.3.1 (2023-06-16) -- "Beagle Scouts" | 4347 | 
| Click on any hostname to see more info about the system (e.g. compilers) (*) as reported by 'uname -p', except on Windows and Mac OS X | ||||
| Package 828/2230 | Hostname | OS / Arch | INSTALL | BUILD | CHECK | BUILD BIN | ||||||||
| gespeR 1.32.0  (landing page) Fabian Schmich 
  | kjohnson2 | macOS 12.6.1 Monterey / arm64 | OK | ERROR | skipped | skipped | ||||||||
| 
To the developers/maintainers of the gespeR package: - Use the following Renviron settings to reproduce errors and warnings. - If 'R CMD check' started to fail recently on the Linux builder(s) over a missing dependency, add the missing dependency to 'Suggests:' in your DESCRIPTION file. See Renviron.bioc for more information.  | 
| Package: gespeR | 
| Version: 1.32.0 | 
| Command: /Library/Frameworks/R.framework/Resources/bin/R CMD build --keep-empty-dirs --no-resave-data gespeR | 
| StartedAt: 2023-10-16 04:22:57 -0400 (Mon, 16 Oct 2023) | 
| EndedAt: 2023-10-16 04:24:10 -0400 (Mon, 16 Oct 2023) | 
| EllapsedTime: 72.6 seconds | 
| RetCode: 1 | 
| Status: ERROR | 
| PackageFile: None | 
| PackageFileSize: NA | 
##############################################################################
##############################################################################
###
### Running command:
###
###   /Library/Frameworks/R.framework/Resources/bin/R CMD build --keep-empty-dirs --no-resave-data gespeR
###
##############################################################################
##############################################################################
* checking for file ‘gespeR/DESCRIPTION’ ... OK
* preparing ‘gespeR’:
* checking DESCRIPTION meta-information ... OK
* installing the package to build vignettes
* creating vignettes ... ERROR
--- re-building ‘gespeR.Rnw’ using knitr
Error: processing vignette 'gespeR.Rnw' failed with diagnostics:
Running 'texi2dvi' on 'gespeR.tex' failed.
LaTeX errors:
! Undefined control sequence.
l.94 \Rhref
           {https://doi.org/10.18129/B9.bioc.gespeR}{doi:10.18129\slash{}B9....
? 
! Emergency stop.
l.94 
     
End of file on the terminal!
!  ==> Fatal error occurred, no output PDF file produced!
--- failed re-building ‘gespeR.Rnw’
SUMMARY: processing the following file failed:
  ‘gespeR.Rnw’
Error: Vignette re-building failed.
Execution halted