| Back to Mac ARM64 build report for BioC 3.17 |
|
This page was generated on 2023-10-20 09:38:06 -0400 (Fri, 20 Oct 2023).
| Hostname | OS | Arch (*) | R version | Installed pkgs |
|---|---|---|---|---|
| kjohnson2 | macOS 12.6.1 Monterey | arm64 | 4.3.1 (2023-06-16) -- "Beagle Scouts" | 4347 |
| Click on any hostname to see more info about the system (e.g. compilers) (*) as reported by 'uname -p', except on Windows and Mac OS X | ||||
| Package 1192/2230 | Hostname | OS / Arch | INSTALL | BUILD | CHECK | BUILD BIN | ||||||||
| MethReg 1.10.2 (landing page) Tiago Silva
| kjohnson2 | macOS 12.6.1 Monterey / arm64 | OK | OK | WARNINGS | OK | ||||||||
|
To the developers/maintainers of the MethReg package: - Use the following Renviron settings to reproduce errors and warnings. - If 'R CMD check' started to fail recently on the Linux builder(s) over a missing dependency, add the missing dependency to 'Suggests:' in your DESCRIPTION file. See Renviron.bioc for more information. |
| Package: MethReg |
| Version: 1.10.2 |
| Command: /Library/Frameworks/R.framework/Resources/bin/R CMD check --install=check:MethReg.install-out.txt --library=/Library/Frameworks/R.framework/Resources/library --no-vignettes --timings MethReg_1.10.2.tar.gz |
| StartedAt: 2023-10-18 06:20:44 -0400 (Wed, 18 Oct 2023) |
| EndedAt: 2023-10-18 06:31:07 -0400 (Wed, 18 Oct 2023) |
| EllapsedTime: 623.1 seconds |
| RetCode: 0 |
| Status: WARNINGS |
| CheckDir: MethReg.Rcheck |
| Warnings: 1 |
##############################################################################
##############################################################################
###
### Running command:
###
### /Library/Frameworks/R.framework/Resources/bin/R CMD check --install=check:MethReg.install-out.txt --library=/Library/Frameworks/R.framework/Resources/library --no-vignettes --timings MethReg_1.10.2.tar.gz
###
##############################################################################
##############################################################################
* using log directory ‘/Users/biocbuild/bbs-3.17-bioc-mac-arm64/meat/MethReg.Rcheck’
* using R version 4.3.1 (2023-06-16)
* using platform: aarch64-apple-darwin20 (64-bit)
* R was compiled by
Apple clang version 14.0.0 (clang-1400.0.29.202)
GNU Fortran (GCC) 12.2.0
* running under: macOS Monterey 12.6.7
* using session charset: UTF-8
* using option ‘--no-vignettes’
* checking for file ‘MethReg/DESCRIPTION’ ... OK
* checking extension type ... Package
* this is package ‘MethReg’ version ‘1.10.2’
* package encoding: UTF-8
* checking package namespace information ... OK
* checking package dependencies ... OK
* checking if this is a source package ... OK
* checking if there is a namespace ... OK
* checking for hidden files and directories ... OK
* checking for portable file names ... OK
* checking for sufficient/correct file permissions ... OK
* checking whether package ‘MethReg’ can be installed ... OK
* checking installed package size ... OK
* checking package directory ... OK
* checking ‘build’ directory ... OK
* checking DESCRIPTION meta-information ... NOTE
Package listed in more than one of Depends, Imports, Suggests, Enhances:
‘downloader’
A package should be listed in only one of these fields.
* checking top-level files ... OK
* checking for left-over files ... OK
* checking index information ... OK
* checking package subdirectories ... OK
* checking R files for non-ASCII characters ... OK
* checking R files for syntax errors ... OK
* checking whether the package can be loaded ... OK
* checking whether the package can be loaded with stated dependencies ... OK
* checking whether the package can be unloaded cleanly ... OK
* checking whether the namespace can be loaded with stated dependencies ... OK
* checking whether the namespace can be unloaded cleanly ... OK
* checking dependencies in R code ... WARNING
Missing or unexported object: ‘downloader::download.file’
* checking S3 generic/method consistency ... OK
* checking replacement functions ... OK
* checking foreign function calls ... OK
* checking R code for possible problems ... NOTE
readRemap2022: no visible binding for global variable ‘biotype’
Undefined global functions or variables:
biotype
* checking Rd files ... OK
* checking Rd metadata ... OK
* checking Rd cross-references ... OK
* checking for missing documentation entries ... OK
* checking for code/documentation mismatches ... OK
* checking Rd \usage sections ... OK
* checking Rd contents ... OK
* checking for unstated dependencies in examples ... OK
* checking contents of ‘data’ directory ... OK
* checking data for non-ASCII characters ... OK
* checking LazyData ... OK
* checking data for ASCII and uncompressed saves ... OK
* checking R/sysdata.rda ... OK
* checking files in ‘vignettes’ ... OK
* checking examples ... OK
Examples with CPU (user + system) or elapsed time > 5s
user system elapsed
create_triplet_distance_based 32.023 3.284 54.075
create_triplet_regulon_based 25.482 1.111 40.594
get_tf_in_region 22.952 1.061 36.651
get_region_target_gene 3.630 0.072 5.658
* checking for unstated dependencies in ‘tests’ ... OK
* checking tests ...
Running ‘testthat.R’
OK
* checking for unstated dependencies in vignettes ... OK
* checking package vignettes in ‘inst/doc’ ... OK
* checking running R code from vignettes ... SKIPPED
* checking re-building of vignette outputs ... SKIPPED
* checking PDF version of manual ... OK
* DONE
Status: 1 WARNING, 2 NOTEs
See
‘/Users/biocbuild/bbs-3.17-bioc-mac-arm64/meat/MethReg.Rcheck/00check.log’
for details.
MethReg.Rcheck/00install.out
############################################################################## ############################################################################## ### ### Running command: ### ### /Library/Frameworks/R.framework/Resources/bin/R CMD INSTALL MethReg ### ############################################################################## ############################################################################## * installing to library ‘/Library/Frameworks/R.framework/Versions/4.3-arm64/Resources/library’ * installing *source* package ‘MethReg’ ... ** using staged installation ** R ** data *** moving datasets to lazyload DB ** inst ** byte-compile and prepare package for lazy loading ** help *** installing help indices ** building package indices ** installing vignettes ** testing if installed package can be loaded from temporary location ** testing if installed package can be loaded from final location ** testing if installed package keeps a record of temporary installation path * DONE (MethReg)
MethReg.Rcheck/tests/testthat.Rout
R version 4.3.1 (2023-06-16) -- "Beagle Scouts"
Copyright (C) 2023 The R Foundation for Statistical Computing
Platform: aarch64-apple-darwin20 (64-bit)
R is free software and comes with ABSOLUTELY NO WARRANTY.
You are welcome to redistribute it under certain conditions.
Type 'license()' or 'licence()' for distribution details.
R is a collaborative project with many contributors.
Type 'contributors()' for more information and
'citation()' on how to cite R or R packages in publications.
Type 'demo()' for some demos, 'help()' for on-line help, or
'help.start()' for an HTML browser interface to help.
Type 'q()' to quit R.
> library(testthat)
> library(MethReg)
>
> test_check("MethReg")
| | 0%
|====================================================|100% ~0 s remaining
|====================================================|100% Completed after 0 s
| | 0%
|====================================================|100% ~0 s remaining
|====================================================|100% Completed after 0 s
| | 0%
|====================================================|100% ~0 s remaining
|====================================================|100% Completed after 0 s
| | 0%
|====================================================|100% ~0 s remaining
|====================================================|100% Completed after 0 s
Status freq
1 Regions below threshold 1
2 Regions above threshold 1
Status freq
1 Regions below threshold 1
2 Regions above threshold 1
Status freq
1 Regions below threshold 1
2 Regions above threshold 1
| | 0%
|========================== | 50% ~0 s remaining
|====================================================|100% ~0 s remaining
|====================================================|100% Completed after 0 s
Status freq
1 Genes above threshold 1
2 <NA> 1
| | 0%
|================= |33.33333% ~0 s remaining
|================================== |66.66667% ~0 s remaining
|====================================================|100% ~0 s remaining
|====================================================|100% Completed after 0 s
| | 0%
|========================== | 50% ~0 s remaining
|====================================================|100% ~0 s remaining
|====================================================|100% Completed after 0 s
| | 0%
|================= |33.33333% ~0 s remaining
|================================== |66.66667% ~0 s remaining
|====================================================|100% ~0 s remaining
|====================================================|100% Completed after 0 s
| | 0%
|======= |14.28571% ~0 s remaining
|============== |28.57143% ~0 s remaining
|====================== |42.85714% ~0 s remaining
|============================= |57.14286% ~0 s remaining
|===================================== |71.42857% ~0 s remaining
|============================================ |85.71429% ~0 s remaining
|====================================================|100% ~0 s remaining
|====================================================|100% Completed after 0 s
| | 0%
|====================================================|100% ~0 s remaining
|====================================================|100% Completed after 0 s
| | 0%
|====================================================|100% ~0 s remaining
|====================================================|100% Completed after 0 s
| | 0%
|====================================================|100% ~0 s remaining
|====================================================|100% Completed after 0 s
| | 0%
|====================================================|100% ~0 s remaining
|====================================================|100% Completed after 0 s
[ FAIL 0 | WARN 3 | SKIP 11 | PASS 148 ]
══ Skipped tests (11) ══════════════════════════════════════════════════════════
• On Bioconductor (7): 'test-create_triplet_distance_based.R:2:3',
'test-get_promoter_avg.R:3:5', 'test-get_promoter_avg.R:15:5',
'test-get_promoter_avg.R:30:5', 'test-get_promoter_avg.R:47:5',
'test-plot_interaction_model.R:3:5', 'test-plot_stratified_model.R:3:5'
• On CRAN (2): 'test-get_human_tfs.R:2:5', 'test-get_tf_in_region.R:3:5'
• empty test (2): 'test-get_residuals.R:1:1', 'test-get_tf_in_region.R:16:1'
[ FAIL 0 | WARN 3 | SKIP 11 | PASS 148 ]
>
> proc.time()
user system elapsed
76.606 4.058 130.506
MethReg.Rcheck/MethReg-Ex.timings
| name | user | system | elapsed | |
| cor_dnam_target_gene | 0.131 | 0.008 | 0.215 | |
| cor_tf_target_gene | 0.019 | 0.002 | 0.033 | |
| create_triplet_distance_based | 32.023 | 3.284 | 54.075 | |
| create_triplet_regulon_based | 25.482 | 1.111 | 40.594 | |
| filter_dnam_by_quant_diff | 0.103 | 0.004 | 0.162 | |
| filter_exp_by_quant_mean_FC | 1.031 | 0.079 | 1.706 | |
| get_human_tfs | 0.528 | 0.053 | 0.930 | |
| get_met_probes_info | 0.018 | 0.001 | 0.030 | |
| get_promoter_avg | 0 | 0 | 0 | |
| get_region_target_gene | 3.630 | 0.072 | 5.658 | |
| get_residuals | 0.054 | 0.005 | 0.078 | |
| get_tf_ES | 2.617 | 0.145 | 4.191 | |
| get_tf_in_region | 22.952 | 1.061 | 36.651 | |
| interaction_model | 0.252 | 0.008 | 0.406 | |
| make_dnam_se | 0.082 | 0.002 | 0.130 | |
| make_exp_se | 0.086 | 0.003 | 0.133 | |
| make_granges_from_names | 0.016 | 0.000 | 0.025 | |
| make_names_from_granges | 0.016 | 0.000 | 0.023 | |
| plot_interaction_model | 1.820 | 0.059 | 2.906 | |
| stratified_model | 0.052 | 0.002 | 0.085 | |