| Back to Mac ARM64 build report for BioC 3.17 |
|
This page was generated on 2023-10-20 09:38:06 -0400 (Fri, 20 Oct 2023).
| Hostname | OS | Arch (*) | R version | Installed pkgs |
|---|---|---|---|---|
| kjohnson2 | macOS 12.6.1 Monterey | arm64 | 4.3.1 (2023-06-16) -- "Beagle Scouts" | 4347 |
| Click on any hostname to see more info about the system (e.g. compilers) (*) as reported by 'uname -p', except on Windows and Mac OS X | ||||
| Package 1231/2230 | Hostname | OS / Arch | INSTALL | BUILD | CHECK | BUILD BIN | ||||||||
Greg Finak
| kjohnson2 | macOS 12.6.1 Monterey / arm64 | OK | ERROR | skipped | skipped | ||||||||
|
To the developers/maintainers of the MIMOSA package: - Use the following Renviron settings to reproduce errors and warnings. - If 'R CMD check' started to fail recently on the Linux builder(s) over a missing dependency, add the missing dependency to 'Suggests:' in your DESCRIPTION file. See Renviron.bioc for more information. |
| Package: MIMOSA |
| Version: 1.38.0 |
| Command: /Library/Frameworks/R.framework/Resources/bin/R CMD build --keep-empty-dirs --no-resave-data MIMOSA |
| StartedAt: 2023-10-16 10:01:59 -0400 (Mon, 16 Oct 2023) |
| EndedAt: 2023-10-16 10:09:15 -0400 (Mon, 16 Oct 2023) |
| EllapsedTime: 436.3 seconds |
| RetCode: 1 |
| Status: ERROR |
| PackageFile: None |
| PackageFileSize: NA |
##############################################################################
##############################################################################
###
### Running command:
###
### /Library/Frameworks/R.framework/Resources/bin/R CMD build --keep-empty-dirs --no-resave-data MIMOSA
###
##############################################################################
##############################################################################
* checking for file ‘MIMOSA/DESCRIPTION’ ... OK
* preparing ‘MIMOSA’:
* checking DESCRIPTION meta-information ... OK
* cleaning src
* installing the package to build vignettes
* creating vignettes ... ERROR
--- re-building ‘MIMOSA.Rnw’ using knitr
Error: processing vignette 'MIMOSA.Rnw' failed with diagnostics:
Running 'texi2dvi' on 'MIMOSA.tex' failed.
LaTeX errors:
! TeX capacity exceeded, sorry [main memory size=5000000].
l.54115 ##
REJECTED alphau_1 9.655984, deltall: -12.691260 newll -15471.7678...
If you really absolutely need more capacity,
you can ask a wizard to enlarge me.
! ==> Fatal error occurred, no output PDF file produced!
--- failed re-building ‘MIMOSA.Rnw’
SUMMARY: processing the following file failed:
‘MIMOSA.Rnw’
Error: Vignette re-building failed.
Execution halted