| Back to Mac ARM64 build report for BioC 3.17 |
|
This page was generated on 2023-10-20 09:38:04 -0400 (Fri, 20 Oct 2023).
| Hostname | OS | Arch (*) | R version | Installed pkgs |
|---|---|---|---|---|
| kjohnson2 | macOS 12.6.1 Monterey | arm64 | 4.3.1 (2023-06-16) -- "Beagle Scouts" | 4347 |
| Click on any hostname to see more info about the system (e.g. compilers) (*) as reported by 'uname -p', except on Windows and Mac OS X | ||||
| Package 1012/2230 | Hostname | OS / Arch | INSTALL | BUILD | CHECK | BUILD BIN | ||||||||
| IntOMICS 1.0.0 (landing page) Pacinkova Anna
| kjohnson2 | macOS 12.6.1 Monterey / arm64 | OK | OK | WARNINGS | OK | ||||||||
|
To the developers/maintainers of the IntOMICS package: - Use the following Renviron settings to reproduce errors and warnings. - If 'R CMD check' started to fail recently on the Linux builder(s) over a missing dependency, add the missing dependency to 'Suggests:' in your DESCRIPTION file. See Renviron.bioc for more information. |
| Package: IntOMICS |
| Version: 1.0.0 |
| Command: /Library/Frameworks/R.framework/Resources/bin/R CMD check --install=check:IntOMICS.install-out.txt --library=/Library/Frameworks/R.framework/Resources/library --no-vignettes --timings IntOMICS_1.0.0.tar.gz |
| StartedAt: 2023-10-18 02:26:18 -0400 (Wed, 18 Oct 2023) |
| EndedAt: 2023-10-18 02:33:15 -0400 (Wed, 18 Oct 2023) |
| EllapsedTime: 417.3 seconds |
| RetCode: 0 |
| Status: WARNINGS |
| CheckDir: IntOMICS.Rcheck |
| Warnings: 1 |
##############################################################################
##############################################################################
###
### Running command:
###
### /Library/Frameworks/R.framework/Resources/bin/R CMD check --install=check:IntOMICS.install-out.txt --library=/Library/Frameworks/R.framework/Resources/library --no-vignettes --timings IntOMICS_1.0.0.tar.gz
###
##############################################################################
##############################################################################
* using log directory ‘/Users/biocbuild/bbs-3.17-bioc-mac-arm64/meat/IntOMICS.Rcheck’
* using R version 4.3.1 (2023-06-16)
* using platform: aarch64-apple-darwin20 (64-bit)
* R was compiled by
Apple clang version 14.0.0 (clang-1400.0.29.202)
GNU Fortran (GCC) 12.2.0
* running under: macOS Monterey 12.6.7
* using session charset: UTF-8
* using option ‘--no-vignettes’
* checking for file ‘IntOMICS/DESCRIPTION’ ... OK
* checking extension type ... Package
* this is package ‘IntOMICS’ version ‘1.0.0’
* package encoding: UTF-8
* checking package namespace information ... OK
* checking package dependencies ... OK
* checking if this is a source package ... OK
* checking if there is a namespace ... OK
* checking for hidden files and directories ... OK
* checking for portable file names ... OK
* checking for sufficient/correct file permissions ... OK
* checking whether package ‘IntOMICS’ can be installed ... OK
* checking installed package size ... OK
* checking package directory ... OK
* checking ‘build’ directory ... OK
* checking DESCRIPTION meta-information ... OK
* checking top-level files ... OK
* checking for left-over files ... OK
* checking index information ... OK
* checking package subdirectories ... OK
* checking R files for non-ASCII characters ... OK
* checking R files for syntax errors ... OK
* checking whether the package can be loaded ... OK
* checking whether the package can be loaded with stated dependencies ... OK
* checking whether the package can be unloaded cleanly ... OK
* checking whether the namespace can be loaded with stated dependencies ... OK
* checking whether the namespace can be unloaded cleanly ... OK
* checking dependencies in R code ... OK
* checking S3 generic/method consistency ... OK
* checking replacement functions ... OK
* checking foreign function calls ... OK
* checking R code for possible problems ... OK
* checking Rd files ... OK
* checking Rd metadata ... OK
* checking Rd cross-references ... OK
* checking for missing documentation entries ... OK
* checking for code/documentation mismatches ... OK
* checking Rd \usage sections ... OK
* checking Rd contents ... OK
* checking for unstated dependencies in examples ... OK
* checking contents of ‘data’ directory ... OK
* checking data for non-ASCII characters ... OK
* checking data for ASCII and uncompressed saves ... WARNING
Warning: package needs dependence on R (>= 2.10)
* checking files in ‘vignettes’ ... OK
* checking examples ... OK
Examples with CPU (user + system) or elapsed time > 5s
user system elapsed
dens_edge_weights 5.776 0.095 8.313
emp_b_heatmap 5.042 0.058 7.863
weighted_net 4.591 0.051 7.075
* checking for unstated dependencies in ‘tests’ ... OK
* checking tests ...
Running ‘testthat.R’
OK
* checking for unstated dependencies in vignettes ... OK
* checking package vignettes in ‘inst/doc’ ... OK
* checking running R code from vignettes ... SKIPPED
* checking re-building of vignette outputs ... SKIPPED
* checking PDF version of manual ... OK
* DONE
Status: 1 WARNING
See
‘/Users/biocbuild/bbs-3.17-bioc-mac-arm64/meat/IntOMICS.Rcheck/00check.log’
for details.
IntOMICS.Rcheck/00install.out
############################################################################## ############################################################################## ### ### Running command: ### ### /Library/Frameworks/R.framework/Resources/bin/R CMD INSTALL IntOMICS ### ############################################################################## ############################################################################## * installing to library ‘/Library/Frameworks/R.framework/Versions/4.3-arm64/Resources/library’ * installing *source* package ‘IntOMICS’ ... ** using staged installation ** R ** data ** inst ** byte-compile and prepare package for lazy loading ** help *** installing help indices ** building package indices ** installing vignettes ** testing if installed package can be loaded from temporary location ** testing if installed package can be loaded from final location ** testing if installed package keeps a record of temporary installation path * DONE (IntOMICS)
IntOMICS.Rcheck/tests/testthat.Rout
R version 4.3.1 (2023-06-16) -- "Beagle Scouts"
Copyright (C) 2023 The R Foundation for Statistical Computing
Platform: aarch64-apple-darwin20 (64-bit)
R is free software and comes with ABSOLUTELY NO WARRANTY.
You are welcome to redistribute it under certain conditions.
Type 'license()' or 'licence()' for distribution details.
R is a collaborative project with many contributors.
Type 'contributors()' for more information and
'citation()' on how to cite R or R packages in publications.
Type 'demo()' for some demos, 'help()' for on-line help, or
'help.start()' for an HTML browser interface to help.
Type 'q()' to quit R.
> library(testthat)
> library(IntOMICS)
>
> test_check("IntOMICS")
[ FAIL 0 | WARN 0 | SKIP 1 | PASS 23 ]
══ Skipped tests (1) ═══════════════════════════════════════════════════════════
• empty test (1): 'test_bn_module.R:1:1'
[ FAIL 0 | WARN 0 | SKIP 1 | PASS 23 ]
>
> proc.time()
user system elapsed
21.833 0.755 34.556
IntOMICS.Rcheck/IntOMICS-Ex.timings
| name | user | system | elapsed | |
| B_prior_mat_weighted | 0 | 0 | 0 | |
| CPDAGs_sim1 | 0 | 0 | 0 | |
| CPDAGs_sim2 | 0 | 0 | 0 | |
| MCMC_sapling_res | 0.000 | 0.000 | 0.001 | |
| beta_tuning | 0 | 0 | 0 | |
| bn_module | 0.000 | 0.000 | 0.004 | |
| dens_edge_weights | 5.776 | 0.095 | 8.313 | |
| edge_weights | 3.087 | 0.054 | 4.814 | |
| emp_b_heatmap | 5.042 | 0.058 | 7.863 | |
| estimated_beta | 0.001 | 0.001 | 0.000 | |
| estimated_len | 0.001 | 0.000 | 0.000 | |
| ggraph_weighted_net | 0.001 | 0.000 | 0.001 | |
| omics_module | 2.174 | 0.048 | 3.378 | |
| rms | 0 | 0 | 0 | |
| trace_plots | 0 | 0 | 0 | |
| weighted_net | 4.591 | 0.051 | 7.075 | |