Back to Mac ARM64 build report for BioC 3.17 |
|
This page was generated on 2023-10-20 09:38:00 -0400 (Fri, 20 Oct 2023).
Hostname | OS | Arch (*) | R version | Installed pkgs |
---|---|---|---|---|
kjohnson2 | macOS 12.6.1 Monterey | arm64 | 4.3.1 (2023-06-16) -- "Beagle Scouts" | 4347 |
Click on any hostname to see more info about the system (e.g. compilers) (*) as reported by 'uname -p', except on Windows and Mac OS X |
Package 440/2230 | Hostname | OS / Arch | INSTALL | BUILD | CHECK | BUILD BIN | ||||||||
COSNet 1.34.0 (landing page) Marco Frasca
| kjohnson2 | macOS 12.6.1 Monterey / arm64 | OK | OK | WARNINGS | OK | ||||||||
To the developers/maintainers of the COSNet package: - Use the following Renviron settings to reproduce errors and warnings. - If 'R CMD check' started to fail recently on the Linux builder(s) over a missing dependency, add the missing dependency to 'Suggests:' in your DESCRIPTION file. See Renviron.bioc for more information. |
Package: COSNet |
Version: 1.34.0 |
Command: /Library/Frameworks/R.framework/Resources/bin/R CMD check --install=check:COSNet.install-out.txt --library=/Library/Frameworks/R.framework/Resources/library --no-vignettes --timings COSNet_1.34.0.tar.gz |
StartedAt: 2023-10-17 12:08:43 -0400 (Tue, 17 Oct 2023) |
EndedAt: 2023-10-17 12:09:55 -0400 (Tue, 17 Oct 2023) |
EllapsedTime: 72.3 seconds |
RetCode: 0 |
Status: WARNINGS |
CheckDir: COSNet.Rcheck |
Warnings: 1 |
############################################################################## ############################################################################## ### ### Running command: ### ### /Library/Frameworks/R.framework/Resources/bin/R CMD check --install=check:COSNet.install-out.txt --library=/Library/Frameworks/R.framework/Resources/library --no-vignettes --timings COSNet_1.34.0.tar.gz ### ############################################################################## ############################################################################## * using log directory ‘/Users/biocbuild/bbs-3.17-bioc-mac-arm64/meat/COSNet.Rcheck’ * using R version 4.3.1 (2023-06-16) * using platform: aarch64-apple-darwin20 (64-bit) * R was compiled by Apple clang version 14.0.0 (clang-1400.0.29.202) GNU Fortran (GCC) 12.2.0 * running under: macOS Monterey 12.6.7 * using session charset: UTF-8 * using option ‘--no-vignettes’ * checking for file ‘COSNet/DESCRIPTION’ ... OK * checking extension type ... Package * this is package ‘COSNet’ version ‘1.34.0’ * checking package namespace information ... OK * checking package dependencies ... OK * checking if this is a source package ... OK * checking if there is a namespace ... OK * checking for hidden files and directories ... OK * checking for portable file names ... OK * checking for sufficient/correct file permissions ... OK * checking whether package ‘COSNet’ can be installed ... OK * used C compiler: ‘Apple clang version 14.0.0 (clang-1400.0.29.202)’ * used SDK: ‘MacOSX11.3.sdk’ * checking installed package size ... OK * checking package directory ... OK * checking ‘build’ directory ... OK * checking DESCRIPTION meta-information ... OK * checking top-level files ... OK * checking for left-over files ... OK * checking index information ... OK * checking package subdirectories ... OK * checking R files for non-ASCII characters ... OK * checking R files for syntax errors ... OK * checking whether the package can be loaded ... OK * checking whether the package can be loaded with stated dependencies ... OK * checking whether the package can be unloaded cleanly ... OK * checking whether the namespace can be loaded with stated dependencies ... OK * checking whether the namespace can be unloaded cleanly ... OK * checking startup messages can be suppressed ... NOTE COSNet: Cost-Sensitive algorithm for binary classification in graphs. It looks like this package (or a package it requires) has a startup message which cannot be suppressed: see ?packageStartupMessage. * checking dependencies in R code ... OK * checking S3 generic/method consistency ... OK * checking replacement functions ... OK * checking foreign function calls ... OK * checking R code for possible problems ... NOTE File ‘COSNet/R/COSNet.R’: .onAttach calls: cat("COSNet: Cost-Sensitive algorithm for binary classification in graphs.\n") Package startup functions should use ‘packageStartupMessage’ to generate messages. See section ‘Good practice’ in '?.onAttach'. generate_labels: no visible global function definition for ‘runif’ Undefined global functions or variables: runif Consider adding importFrom("stats", "runif") to your NAMESPACE file. * checking Rd files ... WARNING checkRd: (7) COSNet-package.Rd:30: Invalid email address: {frasca,valentini}@di.unimi.it * checking Rd metadata ... OK * checking Rd cross-references ... OK * checking for missing documentation entries ... OK * checking for code/documentation mismatches ... OK * checking Rd \usage sections ... OK * checking Rd contents ... OK * checking for unstated dependencies in examples ... OK * checking line endings in C/C++/Fortran sources/headers ... OK * checking compiled code ... NOTE Note: information on .o files is not available File ‘/Library/Frameworks/R.framework/Versions/4.3-arm64/Resources/library/COSNet/libs/COSNet.so’: Found ‘_rand’, possibly from ‘rand’ (C) Found ‘_srand’, possibly from ‘srand’ (C) Compiled code should not call entry points which might terminate R nor write to stdout/stderr instead of to the console, nor use Fortran I/O nor system RNGs nor [v]sprintf. The detected symbols are linked into the code but might come from libraries and not actually be called. See ‘Writing portable packages’ in the ‘Writing R Extensions’ manual. * checking sizes of PDF files under ‘inst/doc’ ... OK * checking files in ‘vignettes’ ... OK * checking examples ... OK Examples with CPU (user + system) or elapsed time > 5s user system elapsed cosnet.cross.validation 10.473 1.209 19.033 * checking for unstated dependencies in ‘tests’ ... OK * checking tests ... Running ‘runTests.R’ OK * checking for unstated dependencies in vignettes ... OK * checking package vignettes in ‘inst/doc’ ... OK * checking running R code from vignettes ... SKIPPED * checking re-building of vignette outputs ... SKIPPED * checking PDF version of manual ... OK * DONE Status: 1 WARNING, 3 NOTEs See ‘/Users/biocbuild/bbs-3.17-bioc-mac-arm64/meat/COSNet.Rcheck/00check.log’ for details.
COSNet.Rcheck/00install.out
############################################################################## ############################################################################## ### ### Running command: ### ### /Library/Frameworks/R.framework/Resources/bin/R CMD INSTALL COSNet ### ############################################################################## ############################################################################## * installing to library ‘/Library/Frameworks/R.framework/Versions/4.3-arm64/Resources/library’ * installing *source* package ‘COSNet’ ... ** using staged installation ** libs using C compiler: ‘Apple clang version 14.0.0 (clang-1400.0.29.202)’ using SDK: ‘MacOSX11.3.sdk’ clang -arch arm64 -I"/Library/Frameworks/R.framework/Resources/include" -DNDEBUG -I/opt/R/arm64/include -fPIC -falign-functions=64 -Wall -g -O2 -c COSNet.c -o COSNet.o COSNet.c:403:61: warning: variable 'tn_o' set but not used [-Wunused-but-set-variable] int N_pos = 0, pos_halfplane = 0, N_neg, tp_o, fn_o, fp_o, tn_o, tp_u, fn_u, fp_u, tn_u, ^ 1 warning generated. clang -arch arm64 -dynamiclib -Wl,-headerpad_max_install_names -undefined dynamic_lookup -single_module -multiply_defined suppress -L/Library/Frameworks/R.framework/Resources/lib -L/opt/R/arm64/lib -o COSNet.so COSNet.o -F/Library/Frameworks/R.framework/.. -framework R -Wl,-framework -Wl,CoreFoundation installing to /Library/Frameworks/R.framework/Versions/4.3-arm64/Resources/library/00LOCK-COSNet/00new/COSNet/libs ** R ** inst ** byte-compile and prepare package for lazy loading ** help *** installing help indices ** building package indices ** installing vignettes ** testing if installed package can be loaded from temporary location COSNet: Cost-Sensitive algorithm for binary classification in graphs. ** checking absolute paths in shared objects and dynamic libraries ** testing if installed package can be loaded from final location COSNet: Cost-Sensitive algorithm for binary classification in graphs. ** testing if installed package keeps a record of temporary installation path * DONE (COSNet)
COSNet.Rcheck/tests/runTests.Rout
R version 4.3.1 (2023-06-16) -- "Beagle Scouts" Copyright (C) 2023 The R Foundation for Statistical Computing Platform: aarch64-apple-darwin20 (64-bit) R is free software and comes with ABSOLUTELY NO WARRANTY. You are welcome to redistribute it under certain conditions. Type 'license()' or 'licence()' for distribution details. R is a collaborative project with many contributors. Type 'contributors()' for more information and 'citation()' on how to cite R or R packages in publications. Type 'demo()' for some demos, 'help()' for on-line help, or 'help.start()' for an HTML browser interface to help. Type 'q()' to quit R. > BiocGenerics:::testPackage("COSNet") COSNet: Cost-Sensitive algorithm for binary classification in graphs. 0.494 RUNIT TEST PROTOCOL -- Tue Oct 17 12:09:38 2023 *********************************************** Number of test functions: 9 Number of errors: 0 Number of failures: 0 1 Test Suite : COSNet RUnit Tests - 9 test functions, 0 errors, 0 failures Number of test functions: 9 Number of errors: 0 Number of failures: 0 > > proc.time() user system elapsed 0.523 0.109 1.096
COSNet.Rcheck/COSNet-Ex.timings
name | user | system | elapsed | |
COSNet | 0.421 | 0.035 | 0.691 | |
cosnet.cross.validation | 10.473 | 1.209 | 19.033 | |
find.division.not.strat | 0.012 | 0.002 | 0.023 | |
find.division.strat | 0.000 | 0.000 | 0.002 | |
generate_labels | 0.000 | 0.000 | 0.001 | |
generate_points | 0.001 | 0.000 | 0.005 | |
optimize_pos_above | 0.313 | 0.024 | 0.556 | |
optimizep | 0.288 | 0.023 | 0.492 | |
reg_data | 0.415 | 0.048 | 0.723 | |
runSubnet | 0.354 | 0.029 | 0.605 | |