| Back to Mac ARM64 build report for BioC 3.17 |
|
This page was generated on 2023-10-20 09:37:57 -0400 (Fri, 20 Oct 2023).
| Hostname | OS | Arch (*) | R version | Installed pkgs |
|---|---|---|---|---|
| kjohnson2 | macOS 12.6.1 Monterey | arm64 | 4.3.1 (2023-06-16) -- "Beagle Scouts" | 4347 |
| Click on any hostname to see more info about the system (e.g. compilers) (*) as reported by 'uname -p', except on Windows and Mac OS X | ||||
| Package 50/2230 | Hostname | OS / Arch | INSTALL | BUILD | CHECK | BUILD BIN | ||||||||
| ALDEx2 1.32.0 (landing page) Greg Gloor
| kjohnson2 | macOS 12.6.1 Monterey / arm64 | OK | OK | WARNINGS | OK | ||||||||
|
To the developers/maintainers of the ALDEx2 package: - Use the following Renviron settings to reproduce errors and warnings. - If 'R CMD check' started to fail recently on the Linux builder(s) over a missing dependency, add the missing dependency to 'Suggests:' in your DESCRIPTION file. See Renviron.bioc for more information. |
| Package: ALDEx2 |
| Version: 1.32.0 |
| Command: /Library/Frameworks/R.framework/Resources/bin/R CMD check --install=check:ALDEx2.install-out.txt --library=/Library/Frameworks/R.framework/Resources/library --no-vignettes --timings ALDEx2_1.32.0.tar.gz |
| StartedAt: 2023-10-17 01:48:41 -0400 (Tue, 17 Oct 2023) |
| EndedAt: 2023-10-17 01:54:36 -0400 (Tue, 17 Oct 2023) |
| EllapsedTime: 354.7 seconds |
| RetCode: 0 |
| Status: WARNINGS |
| CheckDir: ALDEx2.Rcheck |
| Warnings: 1 |
##############################################################################
##############################################################################
###
### Running command:
###
### /Library/Frameworks/R.framework/Resources/bin/R CMD check --install=check:ALDEx2.install-out.txt --library=/Library/Frameworks/R.framework/Resources/library --no-vignettes --timings ALDEx2_1.32.0.tar.gz
###
##############################################################################
##############################################################################
* using log directory ‘/Users/biocbuild/bbs-3.17-bioc-mac-arm64/meat/ALDEx2.Rcheck’
* using R version 4.3.1 (2023-06-16)
* using platform: aarch64-apple-darwin20 (64-bit)
* R was compiled by
Apple clang version 14.0.0 (clang-1400.0.29.202)
GNU Fortran (GCC) 12.2.0
* running under: macOS Monterey 12.6.7
* using session charset: UTF-8
* using option ‘--no-vignettes’
* checking for file ‘ALDEx2/DESCRIPTION’ ... OK
* checking extension type ... Package
* this is package ‘ALDEx2’ version ‘1.32.0’
* checking package namespace information ... OK
* checking package dependencies ... OK
* checking if this is a source package ... OK
* checking if there is a namespace ... OK
* checking for hidden files and directories ... OK
* checking for portable file names ... OK
* checking for sufficient/correct file permissions ... OK
* checking whether package ‘ALDEx2’ can be installed ... OK
* checking installed package size ... OK
* checking package directory ... OK
* checking ‘build’ directory ... OK
* checking DESCRIPTION meta-information ... OK
* checking top-level files ... OK
* checking for left-over files ... OK
* checking index information ... OK
* checking package subdirectories ... OK
* checking R files for non-ASCII characters ... OK
* checking R files for syntax errors ... OK
* checking whether the package can be loaded ... OK
* checking whether the package can be loaded with stated dependencies ... OK
* checking whether the package can be unloaded cleanly ... OK
* checking whether the namespace can be loaded with stated dependencies ... OK
* checking whether the namespace can be unloaded cleanly ... OK
* checking dependencies in R code ... OK
* checking S3 generic/method consistency ... OK
* checking replacement functions ... OK
* checking foreign function calls ... OK
* checking R code for possible problems ... OK
* checking Rd files ... WARNING
checkRd: (5) aldex.clr-class.Rd:17-21: \item in \describe must have non-empty label
checkRd: (5) aldex.clr-class.Rd:22-27: \item in \describe must have non-empty label
checkRd: (5) aldex.clr-class.Rd:28-32: \item in \describe must have non-empty label
checkRd: (5) aldex.clr-class.Rd:33-36: \item in \describe must have non-empty label
checkRd: (5) aldex.clr-class.Rd:37-40: \item in \describe must have non-empty label
checkRd: (5) aldex.clr-class.Rd:41-44: \item in \describe must have non-empty label
checkRd: (5) aldex.clr-class.Rd:45-48: \item in \describe must have non-empty label
checkRd: (5) aldex.clr-class.Rd:49-52: \item in \describe must have non-empty label
checkRd: (5) aldex.clr-class.Rd:53-57: \item in \describe must have non-empty label
checkRd: (5) aldex.clr-class.Rd:58-62: \item in \describe must have non-empty label
* checking Rd metadata ... OK
* checking Rd cross-references ... OK
* checking for missing documentation entries ... OK
* checking for code/documentation mismatches ... OK
* checking Rd \usage sections ... OK
* checking Rd contents ... OK
* checking for unstated dependencies in examples ... OK
* checking contents of ‘data’ directory ... OK
* checking data for non-ASCII characters ... OK
* checking data for ASCII and uncompressed saves ... OK
* checking files in ‘vignettes’ ... OK
* checking examples ... OK
Examples with CPU (user + system) or elapsed time > 5s
user system elapsed
aldex.corr 18.861 1.586 31.226
aldex.glm 4.146 0.047 6.425
* checking for unstated dependencies in ‘tests’ ... OK
* checking tests ...
Running ‘testthat.R’
OK
* checking for unstated dependencies in vignettes ... OK
* checking package vignettes in ‘inst/doc’ ... OK
* checking running R code from vignettes ... SKIPPED
* checking re-building of vignette outputs ... SKIPPED
* checking PDF version of manual ... OK
* DONE
Status: 1 WARNING
See
‘/Users/biocbuild/bbs-3.17-bioc-mac-arm64/meat/ALDEx2.Rcheck/00check.log’
for details.
ALDEx2.Rcheck/00install.out
############################################################################## ############################################################################## ### ### Running command: ### ### /Library/Frameworks/R.framework/Resources/bin/R CMD INSTALL ALDEx2 ### ############################################################################## ############################################################################## * installing to library ‘/Library/Frameworks/R.framework/Versions/4.3-arm64/Resources/library’ * installing *source* package ‘ALDEx2’ ... ** using staged installation ** R ** data ** inst ** byte-compile and prepare package for lazy loading ** help *** installing help indices ** building package indices ** installing vignettes ** testing if installed package can be loaded from temporary location ** testing if installed package can be loaded from final location ** testing if installed package keeps a record of temporary installation path * DONE (ALDEx2)
ALDEx2.Rcheck/tests/testthat.Rout
R version 4.3.1 (2023-06-16) -- "Beagle Scouts"
Copyright (C) 2023 The R Foundation for Statistical Computing
Platform: aarch64-apple-darwin20 (64-bit)
R is free software and comes with ABSOLUTELY NO WARRANTY.
You are welcome to redistribute it under certain conditions.
Type 'license()' or 'licence()' for distribution details.
R is a collaborative project with many contributors.
Type 'contributors()' for more information and
'citation()' on how to cite R or R packages in publications.
Type 'demo()' for some demos, 'help()' for on-line help, or
'help.start()' for an HTML browser interface to help.
Type 'q()' to quit R.
> library(testthat)
> library(ALDEx2)
Loading required package: zCompositions
Loading required package: MASS
Loading required package: NADA
Loading required package: survival
Attaching package: 'NADA'
The following object is masked from 'package:stats':
cor
Loading required package: truncnorm
>
> test_check("ALDEx2")
[ FAIL 0 | WARN 4 | SKIP 0 | PASS 22 ]
[ FAIL 0 | WARN 4 | SKIP 0 | PASS 22 ]
>
> proc.time()
user system elapsed
38.134 1.496 59.890
ALDEx2.Rcheck/ALDEx2-Ex.timings
| name | user | system | elapsed | |
| ALDEx2m-package | 0.000 | 0.001 | 0.000 | |
| aldex | 2.227 | 0.691 | 4.398 | |
| aldex.clr-class | 0.067 | 0.003 | 0.111 | |
| aldex.clr.function-methods | 0.065 | 0.003 | 0.103 | |
| aldex.corr | 18.861 | 1.586 | 31.226 | |
| aldex.effect | 0.230 | 0.007 | 0.362 | |
| aldex.glm | 4.146 | 0.047 | 6.425 | |
| aldex.glm.effect | 0.537 | 0.012 | 0.835 | |
| aldex.kw | 2.255 | 0.025 | 3.504 | |
| aldex.plotFeature | 0.117 | 0.007 | 0.189 | |
| aldex.set.mode | 0.067 | 0.004 | 0.114 | |
| aldex.ttest | 0.177 | 0.004 | 0.280 | |
| expectedDistance | 0.876 | 0.015 | 1.355 | |
| getDenom-method | 0.093 | 0.004 | 0.153 | |
| getDirichletInstances-method | 0.059 | 0.002 | 0.094 | |
| getDirichletReplicate-method | 0.060 | 0.004 | 0.099 | |
| getDirichletSample-method | 0.074 | 0.004 | 0.118 | |
| getFeatureNames-method | 0.062 | 0.002 | 0.098 | |
| getFeatures-method | 0.061 | 0.002 | 0.098 | |
| getMonteCarloInstances-method | 0.060 | 0.003 | 0.098 | |
| getMonteCarloReplicate-method | 0.060 | 0.003 | 0.097 | |
| getMonteCarloSample-method | 0.060 | 0.003 | 0.096 | |
| getReads-method | 0.060 | 0.003 | 0.098 | |
| getSampleIDs-method | 0.060 | 0.003 | 0.092 | |
| numConditions-method | 0.061 | 0.003 | 0.098 | |
| numFeatures-method | 0.060 | 0.003 | 0.099 | |
| numMCInstances-method | 0.071 | 0.003 | 0.112 | |
| plot.aldex | 0.000 | 0.001 | 0.000 | |