Back to Multiple platform build/check report for BioC 3.17:   simplified   long
ABCDEFGHIJKLMNOPQ[R]STUVWXYZ

This page was generated on 2023-09-15 11:34:48 -0400 (Fri, 15 Sep 2023).

HostnameOSArch (*)R versionInstalled pkgs
nebbiolo1Linux (Ubuntu 22.04.2 LTS)x86_644.3.1 (2023-06-16) -- "Beagle Scouts" 4622
palomino3Windows Server 2022 Datacenterx644.3.1 (2023-06-16 ucrt) -- "Beagle Scouts" 4378
merida1macOS 12.6.4 Montereyx86_644.3.1 (2023-06-16) -- "Beagle Scouts" 4394
Click on any hostname to see more info about the system (e.g. compilers)      (*) as reported by 'uname -p', except on Windows and Mac OS X

Package 1763/2230HostnameOS / ArchINSTALLBUILDCHECKBUILD BIN
rpx 2.8.0  (landing page)
Laurent Gatto
Snapshot Date: 2023-09-14 14:00:01 -0400 (Thu, 14 Sep 2023)
git_url: https://git.bioconductor.org/packages/rpx
git_branch: RELEASE_3_17
git_last_commit: 70c67d6
git_last_commit_date: 2023-04-25 10:30:55 -0400 (Tue, 25 Apr 2023)
nebbiolo1Linux (Ubuntu 22.04.2 LTS) / x86_64  OK    OK    ERROR  
palomino3Windows Server 2022 Datacenter / x64  OK    OK    ERROR    OK  
merida1macOS 12.6.4 Monterey / x86_64  OK    OK    ERROR    NA  

CHECK results for rpx on nebbiolo1


To the developers/maintainers of the rpx package:
- Allow up to 24 hours (and sometimes 48 hours) for your latest push to git@git.bioconductor.org:packages/rpx.git to reflect on this report. See Troubleshooting Build Report for more information.
- Use the following Renviron settings to reproduce errors and warnings.
- If 'R CMD check' started to fail recently on the Linux builder(s) over a missing dependency, add the missing dependency to 'Suggests:' in your DESCRIPTION file. See Renviron.bioc for more information.

raw results


Summary

Package: rpx
Version: 2.8.0
Command: /home/biocbuild/bbs-3.17-bioc/R/bin/R CMD check --install=check:rpx.install-out.txt --library=/home/biocbuild/bbs-3.17-bioc/R/site-library --timings rpx_2.8.0.tar.gz
StartedAt: 2023-09-15 00:31:49 -0400 (Fri, 15 Sep 2023)
EndedAt: 2023-09-15 00:32:46 -0400 (Fri, 15 Sep 2023)
EllapsedTime: 57.3 seconds
RetCode: 1
Status:   ERROR  
CheckDir: rpx.Rcheck
Warnings: NA

Command output

##############################################################################
##############################################################################
###
### Running command:
###
###   /home/biocbuild/bbs-3.17-bioc/R/bin/R CMD check --install=check:rpx.install-out.txt --library=/home/biocbuild/bbs-3.17-bioc/R/site-library --timings rpx_2.8.0.tar.gz
###
##############################################################################
##############################################################################


* using log directory ‘/home/biocbuild/bbs-3.17-bioc/meat/rpx.Rcheck’
* using R version 4.3.1 (2023-06-16)
* using platform: x86_64-pc-linux-gnu (64-bit)
* R was compiled by
    gcc (Ubuntu 11.3.0-1ubuntu1~22.04.1) 11.3.0
    GNU Fortran (Ubuntu 11.3.0-1ubuntu1~22.04.1) 11.3.0
* running under: Ubuntu 22.04.3 LTS
* using session charset: UTF-8
* checking for file ‘rpx/DESCRIPTION’ ... OK
* checking extension type ... Package
* this is package ‘rpx’ version ‘2.8.0’
* package encoding: UTF-8
* checking package namespace information ... OK
* checking package dependencies ... OK
* checking if this is a source package ... OK
* checking if there is a namespace ... OK
* checking for hidden files and directories ... OK
* checking for portable file names ... OK
* checking for sufficient/correct file permissions ... OK
* checking whether package ‘rpx’ can be installed ... OK
* checking installed package size ... OK
* checking package directory ... OK
* checking ‘build’ directory ... OK
* checking DESCRIPTION meta-information ... OK
* checking top-level files ... OK
* checking for left-over files ... OK
* checking index information ... OK
* checking package subdirectories ... OK
* checking R files for non-ASCII characters ... OK
* checking R files for syntax errors ... OK
* checking whether the package can be loaded ... OK
* checking whether the package can be loaded with stated dependencies ... OK
* checking whether the package can be unloaded cleanly ... OK
* checking whether the namespace can be loaded with stated dependencies ... OK
* checking whether the namespace can be unloaded cleanly ... OK
* checking loading without being on the library search path ... OK
* checking dependencies in R code ... OK
* checking S3 generic/method consistency ... OK
* checking replacement functions ... OK
* checking foreign function calls ... OK
* checking R code for possible problems ... OK
* checking Rd files ... OK
* checking Rd metadata ... OK
* checking Rd cross-references ... OK
* checking for missing documentation entries ... OK
* checking for code/documentation mismatches ... OK
* checking Rd \usage sections ... OK
* checking Rd contents ... OK
* checking for unstated dependencies in examples ... OK
* checking files in ‘vignettes’ ... OK
* checking examples ... OK
* checking for unstated dependencies in ‘tests’ ... OK
* checking tests ...
  Running ‘testthat.R’
 ERROR
Running the tests in ‘tests/testthat.R’ failed.
Last 13 lines of output:
  ── Failure ('test_px2.R:34:5'): Object content is valid (v2) ───────────────────
  length(pxf) not identical to 11L.
  1/1 mismatches
  [1] 2 - 11 == -9
  ── Error ('test_px2.R:38:5'): Object content is valid (v2) ─────────────────────
  Error in `.local(object, ...)`: No files to download.
  Backtrace:
      ▆
   1. ├─rpx::pxget(px1, "erwinia_carotovora.fasta") at test_px2.R:38:4
   2. └─rpx::pxget(px1, "erwinia_carotovora.fasta")
   3.   └─rpx (local) .local(object, ...)
  
  [ FAIL 3 | WARN 3 | SKIP 1 | PASS 11 ]
  Error: Test failures
  Execution halted
* checking for unstated dependencies in vignettes ... OK
* checking package vignettes in ‘inst/doc’ ... OK
* checking running R code from vignettes ...
  ‘rpx.Rmd’ using ‘UTF-8’... OK
 NONE
* checking re-building of vignette outputs ... ERROR
Error(s) in re-building vignettes:
  ...
--- re-building ‘rpx.Rmd’ using rmarkdown

Quitting from lines 100-102 [pxget] (rpx.Rmd)
Error: processing vignette 'rpx.Rmd' failed with diagnostics:
No files to download.
--- failed re-building ‘rpx.Rmd’

SUMMARY: processing the following file failed:
  ‘rpx.Rmd’

Error: Vignette re-building failed.
Execution halted

* checking PDF version of manual ... OK
* DONE

Status: 2 ERRORs
See
  ‘/home/biocbuild/bbs-3.17-bioc/meat/rpx.Rcheck/00check.log’
for details.


Installation output

rpx.Rcheck/00install.out

##############################################################################
##############################################################################
###
### Running command:
###
###   /home/biocbuild/bbs-3.17-bioc/R/bin/R CMD INSTALL rpx
###
##############################################################################
##############################################################################


* installing to library ‘/home/biocbuild/bbs-3.17-bioc/R/site-library’
* installing *source* package ‘rpx’ ...
** using staged installation
** R
** inst
** byte-compile and prepare package for lazy loading
** help
*** installing help indices
** building package indices
** installing vignettes
** testing if installed package can be loaded from temporary location
** testing if installed package can be loaded from final location
** testing if installed package keeps a record of temporary installation path
* DONE (rpx)

Tests output

rpx.Rcheck/tests/testthat.Rout.fail


R version 4.3.1 (2023-06-16) -- "Beagle Scouts"
Copyright (C) 2023 The R Foundation for Statistical Computing
Platform: x86_64-pc-linux-gnu (64-bit)

R is free software and comes with ABSOLUTELY NO WARRANTY.
You are welcome to redistribute it under certain conditions.
Type 'license()' or 'licence()' for distribution details.

R is a collaborative project with many contributors.
Type 'contributors()' for more information and
'citation()' on how to cite R or R packages in publications.

Type 'demo()' for some demos, 'help()' for on-line help, or
'help.start()' for an HTML browser interface to help.
Type 'q()' to quit R.

> # setting R_TESTS to empty string because of 
> # https://github.com/hadley/testthat/issues/144
> # revert this when that issue in R is fixed.
> Sys.setenv("R_TESTS" = "")
> library(testthat)
> library(rpx)
> 
> test_check("rpx")
Project PXD000001 with 2 files
  'PRIDE_Exp_Complete_Ac_22134.pride.mgf.gz', 'PRIDE_Exp_Complete_Ac_22134.pride.mztab.gz' 
[ FAIL 3 | WARN 3 | SKIP 1 | PASS 11 ]

══ Skipped tests (1) ═══════════════════════════════════════════════════════════
• empty test (1): 'test_px2.R:42:1'

══ Failed tests ════════════════════════════════════════════════════════════════
── Failure ('test_px2.R:33:5'): Object content is valid (v2) ───────────────────
sort(pxf) not identical to `fls`.
Lengths differ: 2 is not 11
── Failure ('test_px2.R:34:5'): Object content is valid (v2) ───────────────────
length(pxf) not identical to 11L.
1/1 mismatches
[1] 2 - 11 == -9
── Error ('test_px2.R:38:5'): Object content is valid (v2) ─────────────────────
Error in `.local(object, ...)`: No files to download.
Backtrace:
    ▆
 1. ├─rpx::pxget(px1, "erwinia_carotovora.fasta") at test_px2.R:38:4
 2. └─rpx::pxget(px1, "erwinia_carotovora.fasta")
 3.   └─rpx (local) .local(object, ...)

[ FAIL 3 | WARN 3 | SKIP 1 | PASS 11 ]
Error: Test failures
Execution halted

Example timings

rpx.Rcheck/rpx-Ex.timings

nameusersystemelapsed
PXDataset23.0910.1323.546
cache0.0950.0000.094
pxFileTypes0.0390.0150.055
pxannounced0.0000.0000.001