Back to Multiple platform build/check report for BioC 3.17: simplified long |
|
This page was generated on 2023-10-16 11:35:38 -0400 (Mon, 16 Oct 2023).
Hostname | OS | Arch (*) | R version | Installed pkgs |
---|---|---|---|---|
nebbiolo1 | Linux (Ubuntu 22.04.2 LTS) | x86_64 | 4.3.1 (2023-06-16) -- "Beagle Scouts" | 4626 |
palomino3 | Windows Server 2022 Datacenter | x64 | 4.3.1 (2023-06-16 ucrt) -- "Beagle Scouts" | 4379 |
merida1 | macOS 12.6.4 Monterey | x86_64 | 4.3.1 (2023-06-16) -- "Beagle Scouts" | 4395 |
Click on any hostname to see more info about the system (e.g. compilers) (*) as reported by 'uname -p', except on Windows and Mac OS X |
Package 1580/2230 | Hostname | OS / Arch | INSTALL | BUILD | CHECK | BUILD BIN | ||||||||
psichomics 1.26.0 (landing page) Nuno Saraiva-Agostinho
| nebbiolo1 | Linux (Ubuntu 22.04.2 LTS) / x86_64 | OK | OK | WARNINGS | ![]() | ||||||||
palomino3 | Windows Server 2022 Datacenter / x64 | OK | OK | WARNINGS | OK | ![]() | ||||||||
merida1 | macOS 12.6.4 Monterey / x86_64 | OK | OK | WARNINGS | OK | ![]() | ||||||||
kjohnson2 | macOS 12.6.1 Monterey / arm64 | see weekly results here | ||||||||||||
To the developers/maintainers of the psichomics package: - Allow up to 24 hours (and sometimes 48 hours) for your latest push to git@git.bioconductor.org:packages/psichomics.git to reflect on this report. See Troubleshooting Build Report for more information. - Use the following Renviron settings to reproduce errors and warnings. - If 'R CMD check' started to fail recently on the Linux builder(s) over a missing dependency, add the missing dependency to 'Suggests:' in your DESCRIPTION file. See Renviron.bioc for more information. |
Package: psichomics |
Version: 1.26.0 |
Command: /home/biocbuild/bbs-3.17-bioc/R/bin/R CMD check --install=check:psichomics.install-out.txt --library=/home/biocbuild/bbs-3.17-bioc/R/site-library --timings psichomics_1.26.0.tar.gz |
StartedAt: 2023-10-16 00:04:29 -0400 (Mon, 16 Oct 2023) |
EndedAt: 2023-10-16 00:12:53 -0400 (Mon, 16 Oct 2023) |
EllapsedTime: 504.4 seconds |
RetCode: 0 |
Status: WARNINGS |
CheckDir: psichomics.Rcheck |
Warnings: 1 |
############################################################################## ############################################################################## ### ### Running command: ### ### /home/biocbuild/bbs-3.17-bioc/R/bin/R CMD check --install=check:psichomics.install-out.txt --library=/home/biocbuild/bbs-3.17-bioc/R/site-library --timings psichomics_1.26.0.tar.gz ### ############################################################################## ############################################################################## * using log directory ‘/home/biocbuild/bbs-3.17-bioc/meat/psichomics.Rcheck’ * using R version 4.3.1 (2023-06-16) * using platform: x86_64-pc-linux-gnu (64-bit) * R was compiled by gcc (Ubuntu 11.3.0-1ubuntu1~22.04.1) 11.3.0 GNU Fortran (Ubuntu 11.3.0-1ubuntu1~22.04.1) 11.3.0 * running under: Ubuntu 22.04.3 LTS * using session charset: UTF-8 * checking for file ‘psichomics/DESCRIPTION’ ... OK * this is package ‘psichomics’ version ‘1.26.0’ * package encoding: UTF-8 * checking package namespace information ... OK * checking package dependencies ... OK * checking if this is a source package ... OK * checking if there is a namespace ... OK * checking for hidden files and directories ... NOTE Found the following hidden files and directories: .devcontainer These were most likely included in error. See section ‘Package structure’ in the ‘Writing R Extensions’ manual. * checking for portable file names ... OK * checking for sufficient/correct file permissions ... OK * checking whether package ‘psichomics’ can be installed ... OK * used C++ compiler: ‘g++ (Ubuntu 11.4.0-1ubuntu1~22.04) 11.4.0’ * checking installed package size ... OK * checking package directory ... OK * checking ‘build’ directory ... OK * checking DESCRIPTION meta-information ... OK * checking top-level files ... OK * checking for left-over files ... OK * checking index information ... OK * checking package subdirectories ... OK * checking R files for non-ASCII characters ... OK * checking R files for syntax errors ... OK * checking whether the package can be loaded ... OK * checking whether the package can be loaded with stated dependencies ... OK * checking whether the package can be unloaded cleanly ... OK * checking whether the namespace can be loaded with stated dependencies ... OK * checking whether the namespace can be unloaded cleanly ... OK * checking loading without being on the library search path ... OK * checking startup messages can be suppressed ... OK * checking dependencies in R code ... OK * checking S3 generic/method consistency ... WARNING survfit: function(formula, ...) survfit.survTerms: function(survTerms, ...) See section ‘Generic functions and methods’ in the ‘Writing R Extensions’ manual. * checking replacement functions ... OK * checking foreign function calls ... OK * checking R code for possible problems ... OK * checking Rd files ... OK * checking Rd metadata ... OK * checking Rd cross-references ... OK * checking for missing documentation entries ... OK * checking for code/documentation mismatches ... OK * checking Rd \usage sections ... OK * checking Rd contents ... OK * checking for unstated dependencies in examples ... OK * checking line endings in C/C++/Fortran sources/headers ... OK * checking compiled code ... NOTE Note: information on .o files is not available * checking files in ‘vignettes’ ... OK * checking examples ... OK Examples with CPU (user + system) or elapsed time > 5s user system elapsed convertGeneIdentifiers 15.098 1.468 17.851 listSplicingAnnotations 11.212 1.597 13.613 * checking for unstated dependencies in ‘tests’ ... OK * checking tests ... Running ‘spelling.R’ Running ‘testthat.R’ OK * checking for unstated dependencies in vignettes ... OK * checking package vignettes in ‘inst/doc’ ... OK * checking running R code from vignettes ... ‘AS_events_preparation.Rmd’ using ‘UTF-8’... OK ‘CLI_tutorial.Rmd’ using ‘UTF-8’... OK ‘GUI_tutorial.Rmd’ using ‘UTF-8’... OK ‘custom_data.Rmd’ using ‘UTF-8’... OK NONE * checking re-building of vignette outputs ... OK * checking PDF version of manual ... OK * DONE Status: 1 WARNING, 2 NOTEs See ‘/home/biocbuild/bbs-3.17-bioc/meat/psichomics.Rcheck/00check.log’ for details.
psichomics.Rcheck/00install.out
############################################################################## ############################################################################## ### ### Running command: ### ### /home/biocbuild/bbs-3.17-bioc/R/bin/R CMD INSTALL psichomics ### ############################################################################## ############################################################################## * installing to library ‘/home/biocbuild/bbs-3.17-bioc/R/site-library’ * installing *source* package ‘psichomics’ ... ** using staged installation ** libs using C++ compiler: ‘g++ (Ubuntu 11.4.0-1ubuntu1~22.04) 11.4.0’ g++ -std=gnu++17 -I"/home/biocbuild/bbs-3.17-bioc/R/include" -DNDEBUG -I'/home/biocbuild/bbs-3.17-bioc/R/site-library/Rcpp/include' -I/usr/local/include -fpic -g -O2 -Wall -c RcppExports.cpp -o RcppExports.o g++ -std=gnu++17 -I"/home/biocbuild/bbs-3.17-bioc/R/include" -DNDEBUG -I'/home/biocbuild/bbs-3.17-bioc/R/site-library/Rcpp/include' -I/usr/local/include -fpic -g -O2 -Wall -c progressBar.cpp -o progressBar.o g++ -std=gnu++17 -I"/home/biocbuild/bbs-3.17-bioc/R/include" -DNDEBUG -I'/home/biocbuild/bbs-3.17-bioc/R/site-library/Rcpp/include' -I/usr/local/include -fpic -g -O2 -Wall -c psiFastCalc.cpp -o psiFastCalc.o g++ -std=gnu++17 -I"/home/biocbuild/bbs-3.17-bioc/R/include" -DNDEBUG -I'/home/biocbuild/bbs-3.17-bioc/R/site-library/Rcpp/include' -I/usr/local/include -fpic -g -O2 -Wall -c vastToolsParser.cpp -o vastToolsParser.o g++ -std=gnu++17 -shared -L/home/biocbuild/bbs-3.17-bioc/R/lib -L/usr/local/lib -o psichomics.so RcppExports.o progressBar.o psiFastCalc.o vastToolsParser.o -L/home/biocbuild/bbs-3.17-bioc/R/lib -lR installing to /home/biocbuild/bbs-3.17-bioc/R/site-library/00LOCK-psichomics/00new/psichomics/libs ** R ** inst ** byte-compile and prepare package for lazy loading Creating a generic function for ‘colSums’ from package ‘base’ in package ‘psichomics’ ** help *** installing help indices *** copying figures ** building package indices ** installing vignettes ** testing if installed package can be loaded from temporary location ** checking absolute paths in shared objects and dynamic libraries ** testing if installed package can be loaded from final location ** testing if installed package keeps a record of temporary installation path * DONE (psichomics)
psichomics.Rcheck/tests/spelling.Rout
R version 4.3.1 (2023-06-16) -- "Beagle Scouts" Copyright (C) 2023 The R Foundation for Statistical Computing Platform: x86_64-pc-linux-gnu (64-bit) R is free software and comes with ABSOLUTELY NO WARRANTY. You are welcome to redistribute it under certain conditions. Type 'license()' or 'licence()' for distribution details. R is a collaborative project with many contributors. Type 'contributors()' for more information and 'citation()' on how to cite R or R packages in publications. Type 'demo()' for some demos, 'help()' for on-line help, or 'help.start()' for an HTML browser interface to help. Type 'q()' to quit R. > if(requireNamespace('spelling', quietly = TRUE)) + spelling::spell_check_test(vignettes = TRUE, error = FALSE, + skip_on_cran = TRUE) NULL > > proc.time() user system elapsed 0.146 0.037 0.173
psichomics.Rcheck/tests/testthat.Rout
R version 4.3.1 (2023-06-16) -- "Beagle Scouts" Copyright (C) 2023 The R Foundation for Statistical Computing Platform: x86_64-pc-linux-gnu (64-bit) R is free software and comes with ABSOLUTELY NO WARRANTY. You are welcome to redistribute it under certain conditions. Type 'license()' or 'licence()' for distribution details. R is a collaborative project with many contributors. Type 'contributors()' for more information and 'citation()' on how to cite R or R packages in publications. Type 'demo()' for some demos, 'help()' for on-line help, or 'help.start()' for an HTML browser interface to help. Type 'q()' to quit R. > library(testthat) > library(psichomics) Loading required package: shiny Loading required package: shinyBS Setting options('download.file.method.GEOquery'='auto') Setting options('GEOquery.inmemory.gpl'=FALSE) psichomics 1.26.0: start the visual interface by running psichomics() Full documentation and tutorials at https://nuno-agostinho.github.io/psichomics > > test_check("psichomics") | | 0% |======== | 20% |================ | 40% |======================== | 60% |================================ | 80% |========================================| 100% | | 0% |======== | 20% |================ | 40% |======================== | 60% |================================ | 80% |========================================| 100% | | 0% |======== | 20% |================ | 40% |======================== | 60% |================================ | 80% |========================================| 100% | | 0% |======== | 20% |================ | 40% |======================== | 60% |================================ | 80% |========================================| 100% Retrieving rMATS annotation... Parsing rMATS annotation... Retrieving rMATS annotation... Parsing rMATS annotation... Retrieving MISO annotation... Parsing MISO annotation... | | 0% |======== | 20% |================ | 40% |======================== | 60% |================================ | 80% |========================================| 100% | | 0% |======== | 20% |================ | 40% |======================== | 60% |================================ | 80% |========================================| 100% | | 0% |======== | 20% |================ | 40% |======================== | 60% |================================ | 80% |========================================| 100% | | 0% |======== | 20% |================ | 40% |======================== | 60% |================================ | 80% |========================================| 100% | | 0% |======== | 20% |================ | 40% |======================== | 60% |================================ | 80% |========================================| 100% | | 0% |======== | 20% |================ | 40% |======================== | 60% |================================ | 80% |========================================| 100% | | 0% |======== | 20% |================ | 40% |======================== | 60% |================================ | 80% |========================================| 100% | | 0% |======== | 20% |================ | 40% |======================== | 60% |================================ | 80% |========================================| 100% Retrieving SUPPA annotation... Parsing SUPPA annotation... Retrieving VAST-TOOLS annotation... Parsing VAST-TOOLS annotation... ALT3 ALT5 COMBI EXSK IR MERGE3m MIC MULTI [ FAIL 0 | WARN 1 | SKIP 4 | PASS 1418 ] ══ Skipped tests (4) ═══════════════════════════════════════════════════════════ • Couldn't resolve host name (1): 'testGeneInfo.R:99:5' • On Bioconductor (2): 'testDiscardLowCoveragePSIs.R:61:5', 'testGeneInfo.R:50:5' • On CRAN (1): 'testSRAloading.R:4:5' [ FAIL 0 | WARN 1 | SKIP 4 | PASS 1418 ] > > proc.time() user system elapsed 23.362 1.697 27.212
psichomics.Rcheck/psichomics-Ex.timings
name | user | system | elapsed | |
addObjectAttrs | 0.000 | 0.001 | 0.001 | |
assignValuePerSubject | 0.015 | 0.005 | 0.021 | |
blendColours | 0.001 | 0.000 | 0.001 | |
calculateLoadingsContribution | 0.010 | 0.000 | 0.011 | |
convertGeneIdentifiers | 15.098 | 1.468 | 17.851 | |
correlateGEandAS | 0.019 | 0.000 | 0.020 | |
createGroupByAttribute | 0.001 | 0.000 | 0.001 | |
createJunctionsTemplate | 0.002 | 0.000 | 0.002 | |
customRowMeans | 0.001 | 0.001 | 0.001 | |
diffAnalyses | 0.064 | 0.010 | 0.075 | |
downloadFiles | 0.000 | 0.000 | 0.001 | |
ensemblToUniprot | 0.027 | 0.000 | 1.728 | |
filterGeneExpr | 0.011 | 0.000 | 0.011 | |
filterGroups | 0.002 | 0.000 | 0.003 | |
filterPSI | 0.011 | 0.012 | 0.023 | |
getAttributesTime | 0.004 | 0.000 | 0.004 | |
getDownloadsFolder | 0.000 | 0.000 | 0.001 | |
getFirebrowseDateFormat | 0.001 | 0.000 | 0.000 | |
getGeneList | 0.002 | 0.003 | 0.005 | |
getGtexDataTypes | 0.122 | 0.008 | 0.363 | |
getGtexTissues | 0.001 | 0.000 | 0.000 | |
getNumerics | 0.002 | 0.000 | 0.003 | |
getSampleFromSubject | 0.002 | 0.000 | 0.001 | |
getSplicingEventFromGenes | 0.004 | 0.000 | 0.003 | |
getSplicingEventTypes | 0.001 | 0.000 | 0.000 | |
getSubjectFromSample | 0.000 | 0.001 | 0.000 | |
getTCGAdataTypes | 0.027 | 0.011 | 0.290 | |
getValidEvents | 0.004 | 0.000 | 0.003 | |
groupPerElem | 0.001 | 0.000 | 0.001 | |
hchart.survfit | 0.208 | 0.044 | 0.269 | |
isFirebrowseUp | 0.005 | 0.000 | 0.012 | |
labelBasedOnCutoff | 0 | 0 | 0 | |
leveneTest | 0.008 | 0.000 | 0.008 | |
listAllAnnotations | 2.539 | 0.528 | 3.316 | |
listSplicingAnnotations | 11.212 | 1.597 | 13.613 | |
loadAnnotation | 3.048 | 0.423 | 3.691 | |
loadGtexData | 0.000 | 0.000 | 0.001 | |
loadLocalFiles | 0.000 | 0.000 | 0.001 | |
loadSRAproject | 0.001 | 0.000 | 0.000 | |
loadTCGAdata | 0.012 | 0.000 | 0.026 | |
missingDataModal | 0 | 0 | 0 | |
normaliseGeneExpression | 0.027 | 0.004 | 0.031 | |
optimalSurvivalCutoff | 0.097 | 0.007 | 0.105 | |
parseCategoricalGroups | 0.001 | 0.001 | 0.001 | |
parseFirebrowseMetadata | 0.043 | 0.004 | 0.097 | |
parseMatsEvent | 0.005 | 0.000 | 0.005 | |
parseMatsGeneric | 0.019 | 0.000 | 0.019 | |
parseMisoAnnotation | 0.127 | 0.004 | 0.136 | |
parseMisoEvent | 0.004 | 0.000 | 0.004 | |
parseMisoEventID | 0.002 | 0.004 | 0.006 | |
parseMisoGeneric | 0.018 | 0.011 | 0.029 | |
parseMisoId | 0.001 | 0.000 | 0.000 | |
parseSplicingEvent | 0.002 | 0.004 | 0.005 | |
parseSuppaEvent | 0.004 | 0.000 | 0.003 | |
parseSuppaGeneric | 0.016 | 0.002 | 0.018 | |
parseTcgaSampleInfo | 0.003 | 0.002 | 0.005 | |
parseUrlsFromFirebrowseResponse | 0.021 | 0.008 | 0.089 | |
parseVastToolsEvent | 0.006 | 0.000 | 0.006 | |
parseVastToolsSE | 0.02 | 0.00 | 0.02 | |
performICA | 0.001 | 0.008 | 0.009 | |
performPCA | 0.000 | 0.002 | 0.002 | |
plot.GEandAScorrelation | 0.465 | 0.021 | 0.486 | |
plotDistribution | 0.564 | 0.036 | 0.600 | |
plotGeneExprPerSample | 0.127 | 0.008 | 0.135 | |
plotGroupIndependence | 0.149 | 0.000 | 0.150 | |
plotICA | 0.102 | 0.000 | 0.104 | |
plotLibrarySize | 0.164 | 0.004 | 0.169 | |
plotPCA | 0.212 | 0.032 | 0.243 | |
plotPCAvariance | 0.048 | 0.004 | 0.052 | |
plotProtein | 0.653 | 0.028 | 2.130 | |
plotRowStats | 0.363 | 0.004 | 0.366 | |
plotSingleICA | 0.174 | 0.015 | 0.190 | |
plotSplicingEvent | 0.037 | 0.004 | 0.042 | |
plotSurvivalCurves | 0.074 | 0.008 | 0.082 | |
plotSurvivalPvaluesByCutoff | 0.416 | 0.012 | 0.428 | |
plotTranscripts | 0.020 | 0.000 | 1.277 | |
prepareAnnotationFromEvents | 0.153 | 0.008 | 0.161 | |
prepareFirebrowseArchives | 0.001 | 0.000 | 0.000 | |
prepareJunctionQuantSTAR | 0 | 0 | 0 | |
prepareSRAmetadata | 0.000 | 0.000 | 0.001 | |
processSurvTerms | 0.008 | 0.000 | 0.009 | |
psichomics | 0.000 | 0.000 | 0.001 | |
quantifySplicing | 0.013 | 0.000 | 0.013 | |
queryEnsembl | 0.030 | 0.000 | 1.044 | |
queryEnsemblByGene | 0.124 | 0.019 | 3.526 | |
queryFirebrowseData | 0.033 | 0.012 | 0.149 | |
queryPubMed | 0.163 | 0.023 | 0.710 | |
queryUniprot | 0.039 | 0.004 | 0.775 | |
readFile | 0.002 | 0.000 | 0.002 | |
renameDuplicated | 0.001 | 0.000 | 0.001 | |
renderBoxplot | 0.077 | 0.008 | 0.085 | |
survdiffTerms | 0.007 | 0.000 | 0.007 | |
survfit.survTerms | 0.024 | 0.004 | 0.028 | |
testGroupIndependence | 0.003 | 0.000 | 0.003 | |
testSurvival | 0.021 | 0.000 | 0.021 | |
textSuggestions | 0.001 | 0.000 | 0.001 | |
trimWhitespace | 0.001 | 0.000 | 0.000 | |