| Back to Multiple platform build/check report for BioC 3.17: simplified long |
|
This page was generated on 2023-10-16 11:35:34 -0400 (Mon, 16 Oct 2023).
| Hostname | OS | Arch (*) | R version | Installed pkgs |
|---|---|---|---|---|
| nebbiolo1 | Linux (Ubuntu 22.04.2 LTS) | x86_64 | 4.3.1 (2023-06-16) -- "Beagle Scouts" | 4626 |
| palomino3 | Windows Server 2022 Datacenter | x64 | 4.3.1 (2023-06-16 ucrt) -- "Beagle Scouts" | 4379 |
| merida1 | macOS 12.6.4 Monterey | x86_64 | 4.3.1 (2023-06-16) -- "Beagle Scouts" | 4395 |
| Click on any hostname to see more info about the system (e.g. compilers) (*) as reported by 'uname -p', except on Windows and Mac OS X | ||||
| Package 1375/2230 | Hostname | OS / Arch | INSTALL | BUILD | CHECK | BUILD BIN | ||||||||
| nethet 1.32.0 (landing page) Nicolas Staedler
| nebbiolo1 | Linux (Ubuntu 22.04.2 LTS) / x86_64 | OK | OK | WARNINGS | |||||||||
| palomino3 | Windows Server 2022 Datacenter / x64 | OK | OK | WARNINGS | OK | |||||||||
| merida1 | macOS 12.6.4 Monterey / x86_64 | OK | OK | WARNINGS | OK | |||||||||
| kjohnson2 | macOS 12.6.1 Monterey / arm64 | see weekly results here | ||||||||||||
|
To the developers/maintainers of the nethet package: - Allow up to 24 hours (and sometimes 48 hours) for your latest push to git@git.bioconductor.org:packages/nethet.git to reflect on this report. See Troubleshooting Build Report for more information. - Use the following Renviron settings to reproduce errors and warnings. - If 'R CMD check' started to fail recently on the Linux builder(s) over a missing dependency, add the missing dependency to 'Suggests:' in your DESCRIPTION file. See Renviron.bioc for more information. |
| Package: nethet |
| Version: 1.32.0 |
| Command: /home/biocbuild/bbs-3.17-bioc/R/bin/R CMD check --install=check:nethet.install-out.txt --library=/home/biocbuild/bbs-3.17-bioc/R/site-library --timings nethet_1.32.0.tar.gz |
| StartedAt: 2023-10-15 23:17:13 -0400 (Sun, 15 Oct 2023) |
| EndedAt: 2023-10-15 23:23:19 -0400 (Sun, 15 Oct 2023) |
| EllapsedTime: 365.6 seconds |
| RetCode: 0 |
| Status: WARNINGS |
| CheckDir: nethet.Rcheck |
| Warnings: 1 |
##############################################################################
##############################################################################
###
### Running command:
###
### /home/biocbuild/bbs-3.17-bioc/R/bin/R CMD check --install=check:nethet.install-out.txt --library=/home/biocbuild/bbs-3.17-bioc/R/site-library --timings nethet_1.32.0.tar.gz
###
##############################################################################
##############################################################################
* using log directory ‘/home/biocbuild/bbs-3.17-bioc/meat/nethet.Rcheck’
* using R version 4.3.1 (2023-06-16)
* using platform: x86_64-pc-linux-gnu (64-bit)
* R was compiled by
gcc (Ubuntu 11.3.0-1ubuntu1~22.04.1) 11.3.0
GNU Fortran (Ubuntu 11.3.0-1ubuntu1~22.04.1) 11.3.0
* running under: Ubuntu 22.04.3 LTS
* using session charset: UTF-8
* checking for file ‘nethet/DESCRIPTION’ ... OK
* checking extension type ... Package
* this is package ‘nethet’ version ‘1.32.0’
* checking package namespace information ... OK
* checking package dependencies ... OK
* checking if this is a source package ... OK
* checking if there is a namespace ... OK
* checking for hidden files and directories ... OK
* checking for portable file names ... OK
* checking for sufficient/correct file permissions ... OK
* checking whether package ‘nethet’ can be installed ... WARNING
Found the following significant warnings:
Warning: replacing previous import ‘mclust::dmvnorm’ by ‘mvtnorm::dmvnorm’ when loading ‘nethet’
Warning: replacing previous import ‘multtest::update’ by ‘stats::update’ when loading ‘nethet’
See ‘/home/biocbuild/bbs-3.17-bioc/meat/nethet.Rcheck/00install.out’ for details.
* used C compiler: ‘gcc (Ubuntu 11.4.0-1ubuntu1~22.04) 11.4.0’
* checking installed package size ... OK
* checking package directory ... OK
* checking ‘build’ directory ... OK
* checking DESCRIPTION meta-information ... OK
* checking top-level files ... OK
* checking for left-over files ... OK
* checking index information ... OK
* checking package subdirectories ... OK
* checking R files for non-ASCII characters ... OK
* checking R files for syntax errors ... OK
* checking whether the package can be loaded ... OK
* checking whether the package can be loaded with stated dependencies ... OK
* checking whether the package can be unloaded cleanly ... OK
* checking whether the namespace can be loaded with stated dependencies ... OK
* checking whether the namespace can be unloaded cleanly ... OK
* checking loading without being on the library search path ... OK
* checking dependencies in R code ... OK
* checking S3 generic/method consistency ... OK
* checking replacement functions ... OK
* checking foreign function calls ... OK
* checking R code for possible problems ... NOTE
screen_shrink: no visible global function definition for
‘performance.pcor’
Undefined global functions or variables:
performance.pcor
* checking Rd files ... OK
* checking Rd metadata ... OK
* checking Rd cross-references ... OK
* checking for missing documentation entries ... OK
* checking for code/documentation mismatches ... OK
* checking Rd \usage sections ... OK
* checking Rd contents ... OK
* checking for unstated dependencies in examples ... OK
* checking line endings in C/C++/Fortran sources/headers ... OK
* checking compiled code ... NOTE
Note: information on .o files is not available
* checking files in ‘vignettes’ ... OK
* checking examples ... OK
Examples with CPU (user + system) or elapsed time > 5s
user system elapsed
het_cv_glasso 31.734 0.147 31.883
ggmgsa_multisplit 19.214 0.092 19.307
mixglasso 12.571 0.087 12.659
diffregr_multisplit 6.422 0.068 6.491
diffnet_multisplit 5.289 0.036 5.327
* checking for unstated dependencies in ‘tests’ ... OK
* checking tests ...
Running ‘testthat.R’
OK
* checking for unstated dependencies in vignettes ... OK
* checking package vignettes in ‘inst/doc’ ... OK
* checking running R code from vignettes ...
‘nethet.Rnw’... OK
NONE
* checking re-building of vignette outputs ... OK
* checking PDF version of manual ... OK
* DONE
Status: 1 WARNING, 2 NOTEs
See
‘/home/biocbuild/bbs-3.17-bioc/meat/nethet.Rcheck/00check.log’
for details.
nethet.Rcheck/00install.out
############################################################################## ############################################################################## ### ### Running command: ### ### /home/biocbuild/bbs-3.17-bioc/R/bin/R CMD INSTALL nethet ### ############################################################################## ############################################################################## * installing to library ‘/home/biocbuild/bbs-3.17-bioc/R/site-library’ * installing *source* package ‘nethet’ ... ** using staged installation ** libs using C compiler: ‘gcc (Ubuntu 11.4.0-1ubuntu1~22.04) 11.4.0’ gcc -I"/home/biocbuild/bbs-3.17-bioc/R/include" -DNDEBUG -I/usr/local/include -fpic -g -O2 -Wall -c betamat_diffnet.c -o betamat_diffnet.o gcc -shared -L/home/biocbuild/bbs-3.17-bioc/R/lib -L/usr/local/lib -o nethet.so betamat_diffnet.o -L/home/biocbuild/bbs-3.17-bioc/R/lib -lR installing to /home/biocbuild/bbs-3.17-bioc/R/site-library/00LOCK-nethet/00new/nethet/libs ** R ** inst ** byte-compile and prepare package for lazy loading Warning: replacing previous import ‘mclust::dmvnorm’ by ‘mvtnorm::dmvnorm’ when loading ‘nethet’ Warning: replacing previous import ‘multtest::update’ by ‘stats::update’ when loading ‘nethet’ ** help *** installing help indices ** building package indices ** installing vignettes ** testing if installed package can be loaded from temporary location Warning: replacing previous import ‘mclust::dmvnorm’ by ‘mvtnorm::dmvnorm’ when loading ‘nethet’ Warning: replacing previous import ‘multtest::update’ by ‘stats::update’ when loading ‘nethet’ ** checking absolute paths in shared objects and dynamic libraries ** testing if installed package can be loaded from final location Warning: replacing previous import ‘mclust::dmvnorm’ by ‘mvtnorm::dmvnorm’ when loading ‘nethet’ Warning: replacing previous import ‘multtest::update’ by ‘stats::update’ when loading ‘nethet’ ** testing if installed package keeps a record of temporary installation path * DONE (nethet)
nethet.Rcheck/tests/testthat.Rout
R version 4.3.1 (2023-06-16) -- "Beagle Scouts"
Copyright (C) 2023 The R Foundation for Statistical Computing
Platform: x86_64-pc-linux-gnu (64-bit)
R is free software and comes with ABSOLUTELY NO WARRANTY.
You are welcome to redistribute it under certain conditions.
Type 'license()' or 'licence()' for distribution details.
R is a collaborative project with many contributors.
Type 'contributors()' for more information and
'citation()' on how to cite R or R packages in publications.
Type 'demo()' for some demos, 'help()' for on-line help, or
'help.start()' for an HTML browser interface to help.
Type 'q()' to quit R.
> library(testthat)
> library(nethet)
Warning messages:
1: replacing previous import 'mclust::dmvnorm' by 'mvtnorm::dmvnorm' when loading 'nethet'
2: replacing previous import 'multtest::update' by 'stats::update' when loading 'nethet'
>
> test_check("nethet")
-mixglasso: comp too small; min(n_k)= 4.870218
[ FAIL 0 | WARN 0 | SKIP 0 | PASS 18 ]
>
> proc.time()
user system elapsed
6.244 0.501 6.736
nethet.Rcheck/nethet-Ex.timings
| name | user | system | elapsed | |
| aggpval | 0.005 | 0.001 | 0.005 | |
| bwprun_mixglasso | 1.922 | 0.032 | 1.954 | |
| diffnet_multisplit | 5.289 | 0.036 | 5.327 | |
| diffnet_singlesplit | 2.796 | 0.036 | 2.832 | |
| diffregr_multisplit | 6.422 | 0.068 | 6.491 | |
| diffregr_singlesplit | 0.459 | 0.000 | 0.459 | |
| dot_plot | 0.710 | 0.004 | 0.713 | |
| export_network | 0.131 | 0.016 | 0.147 | |
| generate_2networks | 0.037 | 0.000 | 0.037 | |
| generate_inv_cov | 0.043 | 0.156 | 0.199 | |
| ggmgsa_multisplit | 19.214 | 0.092 | 19.307 | |
| gsea.iriz | 0.006 | 0.000 | 0.006 | |
| het_cv_glasso | 31.734 | 0.147 | 31.883 | |
| invcov2parcor | 0.001 | 0.001 | 0.002 | |
| invcov2parcor_array | 0.005 | 0.000 | 0.005 | |
| logratio | 0.001 | 0.000 | 0.001 | |
| mixglasso | 12.571 | 0.087 | 12.659 | |
| plot_2networks | 0.034 | 0.000 | 0.034 | |
| scatter_plot | 1.248 | 0.003 | 1.252 | |
| screen_aic.glasso | 1.082 | 0.000 | 1.083 | |
| screen_bic.glasso | 1.155 | 0.032 | 1.188 | |
| screen_cv.glasso | 2.091 | 0.000 | 2.091 | |
| screen_cv1se.lasso | 0.115 | 0.000 | 0.116 | |
| screen_cvfix.lasso | 0.116 | 0.000 | 0.116 | |
| screen_cvmin.lasso | 0.122 | 0.000 | 0.122 | |
| screen_cvsqrt.lasso | 0.114 | 0.000 | 0.114 | |
| screen_cvtrunc.lasso | 0.122 | 0.000 | 0.123 | |
| sim_mix | 0.003 | 0.003 | 0.007 | |
| sim_mix_networks | 0.003 | 0.004 | 0.007 | |