Back to Multiple platform build/check report for BioC 3.17: simplified long |
|
This page was generated on 2023-03-16 11:07:12 -0400 (Thu, 16 Mar 2023).
Hostname | OS | Arch (*) | R version | Installed pkgs |
---|---|---|---|---|
nebbiolo1 | Linux (Ubuntu 22.04.1 LTS) | x86_64 | R Under development (unstable) (2023-01-10 r83596) -- "Unsuffered Consequences" | 4540 |
palomino3 | Windows Server 2022 Datacenter | x64 | R Under development (unstable) (2023-01-10 r83596 ucrt) -- "Unsuffered Consequences" | 4302 |
merida1 | macOS 10.14.6 Mojave | x86_64 | R Under development (unstable) (2023-01-10 r83596) -- "Unsuffered Consequences" | 4330 |
Click on any hostname to see more info about the system (e.g. compilers) (*) as reported by 'uname -p', except on Windows and Mac OS X |
To the developers/maintainers of the mitoClone2 package: - Please allow up to 24 hours (and sometimes 48 hours) for your latest push to git@git.bioconductor.org:packages/mitoClone2.git to reflect on this report. See How and When does the builder pull? When will my changes propagate? for more information. - Make sure to use the following settings in order to reproduce any error or warning you see on this page. |
Package 1236/2189 | Hostname | OS / Arch | INSTALL | BUILD | CHECK | BUILD BIN | ||||||||
mitoClone2 1.5.0 (landing page) Benjamin Story
| nebbiolo1 | Linux (Ubuntu 22.04.1 LTS) / x86_64 | OK | OK | WARNINGS | ![]() | ||||||||
palomino3 | Windows Server 2022 Datacenter / x64 | OK | OK | WARNINGS | OK | ![]() | ||||||||
merida1 | macOS 10.14.6 Mojave / x86_64 | OK | OK | WARNINGS | OK | ![]() | ||||||||
Package: mitoClone2 |
Version: 1.5.0 |
Command: /Library/Frameworks/R.framework/Resources/bin/R CMD check --install=check:mitoClone2.install-out.txt --library=/Library/Frameworks/R.framework/Resources/library --no-vignettes --timings mitoClone2_1.5.0.tar.gz |
StartedAt: 2023-03-16 03:54:03 -0400 (Thu, 16 Mar 2023) |
EndedAt: 2023-03-16 04:08:19 -0400 (Thu, 16 Mar 2023) |
EllapsedTime: 856.3 seconds |
RetCode: 0 |
Status: WARNINGS |
CheckDir: mitoClone2.Rcheck |
Warnings: 1 |
############################################################################## ############################################################################## ### ### Running command: ### ### /Library/Frameworks/R.framework/Resources/bin/R CMD check --install=check:mitoClone2.install-out.txt --library=/Library/Frameworks/R.framework/Resources/library --no-vignettes --timings mitoClone2_1.5.0.tar.gz ### ############################################################################## ############################################################################## * using log directory ‘/Users/biocbuild/bbs-3.17-bioc/meat/mitoClone2.Rcheck’ * using R Under development (unstable) (2023-01-10 r83596) * using platform: x86_64-apple-darwin17.0 (64-bit) * R was compiled by Apple clang version 12.0.0 (clang-1200.0.32.29) GNU Fortran (GCC) 8.2.0 * running under: macOS Mojave 10.14.6 * using session charset: UTF-8 * using option ‘--no-vignettes’ * checking for file ‘mitoClone2/DESCRIPTION’ ... OK * checking extension type ... Package * this is package ‘mitoClone2’ version ‘1.5.0’ * package encoding: UTF-8 * checking package namespace information ... OK * checking package dependencies ... OK * checking if this is a source package ... OK * checking if there is a namespace ... OK * checking for hidden files and directories ... OK * checking for portable file names ... OK * checking for sufficient/correct file permissions ... OK * checking whether package ‘mitoClone2’ can be installed ... NOTE Found the following notes/warnings: ../inst/SCITEpkg/mcmcBinTreeMove.cpp:75:1: warning: control may reach end of non-void function [-Wreturn-type] See ‘/Users/biocbuild/bbs-3.17-bioc/meat/mitoClone2.Rcheck/00install.out’ for details. * used C++ compiler: ‘Apple clang version 11.0.0 (clang-1100.0.33.17)’ * used SDK: ‘’ * checking installed package size ... OK * checking package directory ... OK * checking ‘build’ directory ... OK * checking DESCRIPTION meta-information ... OK * checking top-level files ... OK * checking for left-over files ... OK * checking index information ... OK * checking package subdirectories ... OK * checking R files for non-ASCII characters ... OK * checking R files for syntax errors ... OK * checking whether the package can be loaded ... OK * checking whether the package can be loaded with stated dependencies ... OK * checking whether the package can be unloaded cleanly ... OK * checking whether the namespace can be loaded with stated dependencies ... OK * checking whether the namespace can be unloaded cleanly ... OK * checking dependencies in R code ... OK * checking S3 generic/method consistency ... OK * checking replacement functions ... OK * checking foreign function calls ... OK * checking R code for possible problems ... OK * checking Rd files ... OK * checking Rd metadata ... OK * checking Rd cross-references ... OK * checking for missing documentation entries ... OK * checking for code/documentation mismatches ... OK * checking Rd \usage sections ... OK * checking Rd contents ... OK * checking for unstated dependencies in examples ... OK * checking contents of ‘data’ directory ... OK * checking data for non-ASCII characters ... OK * checking data for ASCII and uncompressed saves ... OK * checking R/sysdata.rda ... OK * checking line endings in C/C++/Fortran sources/headers ... OK * checking line endings in Makefiles ... OK * checking compilation flags in Makevars ... OK * checking for GNU extensions in Makefiles ... NOTE GNU make is a SystemRequirements. * checking for portable use of $(BLAS_LIBS) and $(LAPACK_LIBS) ... OK * checking use of PKG_*FLAGS in Makefiles ... OK * checking compiled code ... WARNING Note: information on .o files is not available File ‘/Library/Frameworks/R.framework/Versions/4.3/Resources/library/mitoClone2/libs/mitoClone2.so’: Found ‘___assert_rtn’, possibly from ‘assert’ (C) Found ‘___sprintf_chk’, possibly from ‘sprintf’ (C) Found ‘___stderrp’, possibly from ‘stderr’ (C) Found ‘___stdoutp’, possibly from ‘stdout’ (C) Found ‘_abort’, possibly from ‘abort’ (C) Found ‘_exit’, possibly from ‘exit’ (C) Found ‘_sprintf’, possibly from ‘sprintf’ (C) Compiled code should not call entry points which might terminate R nor write to stdout/stderr instead of to the console, nor use Fortran I/O nor system RNGs nor [v]sprintf. The detected symbols are linked into the code but might come from libraries and not actually be called. See ‘Writing portable packages’ in the ‘Writing R Extensions’ manual. * checking files in ‘vignettes’ ... OK * checking examples ... OK Examples with CPU (user + system) or elapsed time > 5s user system elapsed varCluster 125.050 1.607 168.102 mutationCallsFromExclusionlist 4.363 0.137 5.958 mutationCallsFromCohort 3.899 0.090 5.208 * checking for unstated dependencies in ‘tests’ ... OK * checking tests ... Running ‘testthat.R’ OK * checking for unstated dependencies in vignettes ... OK * checking package vignettes in ‘inst/doc’ ... OK * checking running R code from vignettes ... SKIPPED * checking re-building of vignette outputs ... SKIPPED * checking PDF version of manual ... OK * DONE Status: 1 WARNING, 2 NOTEs See ‘/Users/biocbuild/bbs-3.17-bioc/meat/mitoClone2.Rcheck/00check.log’ for details.
mitoClone2.Rcheck/00install.out
############################################################################## ############################################################################## ### ### Running command: ### ### /Library/Frameworks/R.framework/Resources/bin/R CMD INSTALL mitoClone2 ### ############################################################################## ############################################################################## * installing to library ‘/Library/Frameworks/R.framework/Versions/4.3/Resources/library’ * installing *source* package ‘mitoClone2’ ... ** using staged installation ** libs using C++ compiler: ‘Apple clang version 11.0.0 (clang-1100.0.33.17)’ using SDK: ‘’ clang++ -mmacosx-version-min=10.13 -std=gnu++14 -D_FILE_OFFSET_BITS=64 ../inst/SCITEpkg/*.cpp -o scite ../inst/SCITEpkg/mcmcBinTreeMove.cpp:75:1: warning: control may reach end of non-void function [-Wreturn-type] } ^ 1 warning generated. mkdir -p "/Library/Frameworks/R.framework/Versions/4.3/Resources/library/00LOCK-mitoClone2/00new/mitoClone2/SCITE/" cp scite "/Library/Frameworks/R.framework/Versions/4.3/Resources/library/00LOCK-mitoClone2/00new/mitoClone2/SCITE/" rm scite clang++ -mmacosx-version-min=10.13 -std=gnu++14 -I"/Library/Frameworks/R.framework/Resources/include" -DNDEBUG -D_FILE_OFFSET_BITS=64 -I'/Library/Frameworks/R.framework/Versions/4.3/Resources/library/Rhtslib/include' -I/usr/local/include -fPIC -Wall -g -O2 -c bam2R_10x.cpp -o bam2R_10x.o bam2R_10x.cpp:6:2: warning: '/*' within block comment [-Wcomment] /************************************************************************************** ^ bam2R_10x.cpp:8:1: warning: '/*' within block comment [-Wcomment] /********************************************************************** ^ bam2R_10x.cpp:75:10: warning: unused variable 'bc_absent' [-Wunused-variable] int bc_absent; ^ bam2R_10x.cpp:158:16: warning: unused variable 'iter' [-Wunused-variable] hts_itr_t *iter = NULL; ^ bam2R_10x.cpp:161:9: warning: unused variable 'c' [-Wunused-variable] int c = 0; ^ 5 warnings generated. clang++ -mmacosx-version-min=10.13 -std=gnu++14 -dynamiclib -Wl,-headerpad_max_install_names -undefined dynamic_lookup -single_module -multiply_defined suppress -L/Library/Frameworks/R.framework/Resources/lib -L/usr/local/lib -o mitoClone2.so bam2R_10x.o /Library/Frameworks/R.framework/Versions/4.3/Resources/library/Rhtslib/usrlib/libhts.a -lcurl -F/Library/Frameworks/R.framework/.. -framework R -Wl,-framework -Wl,CoreFoundation installing to /Library/Frameworks/R.framework/Versions/4.3/Resources/library/00LOCK-mitoClone2/00new/mitoClone2/libs ** R ** data ** inst ** byte-compile and prepare package for lazy loading ** help *** installing help indices *** copying figures ** building package indices ** installing vignettes ** testing if installed package can be loaded from temporary location ** checking absolute paths in shared objects and dynamic libraries ** testing if installed package can be loaded from final location ** testing if installed package keeps a record of temporary installation path * DONE (mitoClone2)
mitoClone2.Rcheck/tests/testthat.Rout
R Under development (unstable) (2023-01-10 r83596) -- "Unsuffered Consequences" Copyright (C) 2023 The R Foundation for Statistical Computing Platform: x86_64-apple-darwin17.0 (64-bit) R is free software and comes with ABSOLUTELY NO WARRANTY. You are welcome to redistribute it under certain conditions. Type 'license()' or 'licence()' for distribution details. R is a collaborative project with many contributors. Type 'contributors()' for more information and 'citation()' on how to cite R or R packages in publications. Type 'demo()' for some demos, 'help()' for on-line help, or 'help.start()' for an HTML browser interface to help. Type 'q()' to quit R. > library(testthat) > library(mitoClone2) > > test_check("mitoClone2") [ FAIL 0 | WARN 0 | SKIP 0 | PASS 14 ] > > proc.time() user system elapsed 26.711 1.011 36.683
mitoClone2.Rcheck/mitoClone2-Ex.timings
name | user | system | elapsed | |
bam2R_10x | 0.663 | 0.015 | 0.913 | |
baseCountsFromBamList | 0.297 | 0.004 | 0.436 | |
clusterMetaclones | 0.101 | 0.008 | 0.139 | |
getAlleleCount | 0.013 | 0.001 | 0.020 | |
getCloneLikelihood | 0.012 | 0.001 | 0.015 | |
getVarsCandidate | 0.012 | 0.001 | 0.016 | |
mitoPlot | 1.873 | 0.129 | 2.645 | |
mut2GR | 0.399 | 0.045 | 0.579 | |
mutationCallsFromCohort | 3.899 | 0.090 | 5.208 | |
mutationCallsFromExclusionlist | 4.363 | 0.137 | 5.958 | |
mutationCallsFromMatrix | 2.533 | 0.017 | 3.330 | |
overwriteMetaclones | 0.031 | 0.000 | 0.034 | |
plotClones | 0.632 | 0.012 | 0.787 | |
pullcountsVars | 2.512 | 0.007 | 3.057 | |
quick_cluster | 0.206 | 0.006 | 0.277 | |
removeWindow | 0.869 | 0.002 | 1.173 | |
setVarsCandidate | 0.011 | 0.000 | 0.019 | |
varCluster | 125.050 | 1.607 | 168.102 | |