Back to Multiple platform build/check report for BioC 3.17: simplified long |
|
This page was generated on 2023-10-16 11:37:09 -0400 (Mon, 16 Oct 2023).
Hostname | OS | Arch (*) | R version | Installed pkgs |
---|---|---|---|---|
nebbiolo1 | Linux (Ubuntu 22.04.2 LTS) | x86_64 | 4.3.1 (2023-06-16) -- "Beagle Scouts" | 4626 |
palomino3 | Windows Server 2022 Datacenter | x64 | 4.3.1 (2023-06-16 ucrt) -- "Beagle Scouts" | 4379 |
merida1 | macOS 12.6.4 Monterey | x86_64 | 4.3.1 (2023-06-16) -- "Beagle Scouts" | 4395 |
Click on any hostname to see more info about the system (e.g. compilers) (*) as reported by 'uname -p', except on Windows and Mac OS X |
Package 981/2230 | Hostname | OS / Arch | INSTALL | BUILD | CHECK | BUILD BIN | ||||||||
igvR 1.20.0 (landing page) Paul Shannon
| nebbiolo1 | Linux (Ubuntu 22.04.2 LTS) / x86_64 | OK | OK | WARNINGS | ![]() | ||||||||
palomino3 | Windows Server 2022 Datacenter / x64 | OK | OK | WARNINGS | OK | ![]() | ||||||||
merida1 | macOS 12.6.4 Monterey / x86_64 | OK | OK | WARNINGS | OK | ![]() | ||||||||
kjohnson2 | macOS 12.6.1 Monterey / arm64 | see weekly results here | ||||||||||||
To the developers/maintainers of the igvR package: - Allow up to 24 hours (and sometimes 48 hours) for your latest push to git@git.bioconductor.org:packages/igvR.git to reflect on this report. See Troubleshooting Build Report for more information. - Use the following Renviron settings to reproduce errors and warnings. - If 'R CMD check' started to fail recently on the Linux builder(s) over a missing dependency, add the missing dependency to 'Suggests:' in your DESCRIPTION file. See Renviron.bioc for more information. |
Package: igvR |
Version: 1.20.0 |
Command: /Library/Frameworks/R.framework/Resources/bin/R CMD check --install=check:igvR.install-out.txt --library=/Library/Frameworks/R.framework/Resources/library --no-vignettes --timings igvR_1.20.0.tar.gz |
StartedAt: 2023-10-16 02:50:39 -0400 (Mon, 16 Oct 2023) |
EndedAt: 2023-10-16 03:02:08 -0400 (Mon, 16 Oct 2023) |
EllapsedTime: 688.9 seconds |
RetCode: 0 |
Status: WARNINGS |
CheckDir: igvR.Rcheck |
Warnings: 3 |
############################################################################## ############################################################################## ### ### Running command: ### ### /Library/Frameworks/R.framework/Resources/bin/R CMD check --install=check:igvR.install-out.txt --library=/Library/Frameworks/R.framework/Resources/library --no-vignettes --timings igvR_1.20.0.tar.gz ### ############################################################################## ############################################################################## * using log directory ‘/Users/biocbuild/bbs-3.17-bioc/meat/igvR.Rcheck’ * using R version 4.3.1 (2023-06-16) * using platform: x86_64-apple-darwin20 (64-bit) * R was compiled by Apple clang version 14.0.3 (clang-1403.0.22.14.1) GNU Fortran (GCC) 12.2.0 * running under: macOS Monterey 12.6.4 * using session charset: UTF-8 * using option ‘--no-vignettes’ * checking for file ‘igvR/DESCRIPTION’ ... OK * checking extension type ... Package * this is package ‘igvR’ version ‘1.20.0’ * package encoding: UTF-8 * checking package namespace information ... OK * checking package dependencies ... OK * checking if this is a source package ... OK * checking if there is a namespace ... OK * checking for hidden files and directories ... OK * checking for portable file names ... OK * checking for sufficient/correct file permissions ... OK * checking whether package ‘igvR’ can be installed ... OK * checking installed package size ... NOTE installed size is 21.8Mb sub-directories of 1Mb or more: browserCode 14.9Mb extdata 6.3Mb * checking package directory ... OK * checking ‘build’ directory ... OK * checking DESCRIPTION meta-information ... OK * checking top-level files ... OK * checking for left-over files ... OK * checking index information ... WARNING Vignettes with missing or empty \VignetteIndexEntry: v05.ucscTableBrowser.Rmd See sections ‘The INDEX file’ and ‘Package subdirectories’ in the ‘Writing R Extensions’ manual. * checking package subdirectories ... OK * checking R files for non-ASCII characters ... OK * checking R files for syntax errors ... OK * checking whether the package can be loaded ... OK * checking whether the package can be loaded with stated dependencies ... OK * checking whether the package can be unloaded cleanly ... OK * checking whether the namespace can be loaded with stated dependencies ... OK * checking whether the namespace can be unloaded cleanly ... OK * checking startup messages can be suppressed ... OK * checking dependencies in R code ... NOTE Unexported object imported by a ':::' call: ‘BrowserViz:::log’ See the note in ?`:::` about the use of this operator. * checking S3 generic/method consistency ... OK * checking replacement functions ... OK * checking foreign function calls ... OK * checking R code for possible problems ... NOTE .displayQuantitativeTrack: no visible global function definition for ‘printf’ .writeMotifLogoImagesUpdateTrackNames: no visible binding for global variable ‘MotifDb’ .writeMotifLogoImagesUpdateTrackNames: no visible global function definition for ‘seqLogo’ Undefined global functions or variables: MotifDb printf seqLogo * checking Rd files ... OK * checking Rd metadata ... OK * checking Rd cross-references ... OK * checking for missing documentation entries ... OK * checking for code/documentation mismatches ... OK * checking Rd \usage sections ... WARNING Documented arguments not in \usage in documentation object 'GWASUrlTrack': ‘color’ Undocumented arguments in documentation object 'QuantitativeTrack-class' ‘trackHeight’ Functions with \usage entries need to have the appropriate \alias entries, and all their arguments documented. The \usage entries must correspond to syntactically valid R code. See chapter ‘Writing R documentation files’ in the ‘Writing R Extensions’ manual. * checking Rd contents ... OK * checking for unstated dependencies in examples ... OK * checking include directives in Makefiles ... OK * checking files in ‘vignettes’ ... OK * checking examples ... OK * checking for unstated dependencies in vignettes ... OK * checking package vignettes in ‘inst/doc’ ... WARNING Found ‘inst/doc/makefile’: should be ‘Makefile’ and will be ignored * checking running R code from vignettes ... SKIPPED * checking re-building of vignette outputs ... SKIPPED * checking PDF version of manual ... OK * DONE Status: 3 WARNINGs, 3 NOTEs See ‘/Users/biocbuild/bbs-3.17-bioc/meat/igvR.Rcheck/00check.log’ for details.
igvR.Rcheck/00install.out
############################################################################## ############################################################################## ### ### Running command: ### ### /Library/Frameworks/R.framework/Resources/bin/R CMD INSTALL igvR ### ############################################################################## ############################################################################## * installing to library ‘/Library/Frameworks/R.framework/Versions/4.3-x86_64/Resources/library’ * installing *source* package ‘igvR’ ... ** using staged installation ** R ** inst ** byte-compile and prepare package for lazy loading ** help *** installing help indices ** building package indices ** installing vignettes ** testing if installed package can be loaded from temporary location ** testing if installed package can be loaded from final location ** testing if installed package keeps a record of temporary installation path * DONE (igvR)
igvR.Rcheck/igvR-Ex.timings
name | user | system | elapsed | |
BedpeInteractionsTrack-class | 0.023 | 0.002 | 0.040 | |
DataFrameAnnotationTrack-class | 0.025 | 0.001 | 0.032 | |
DataFrameQuantitativeTrack-class | 0.043 | 0.007 | 0.067 | |
GFF3Track-class | 0.026 | 0.005 | 0.037 | |
GRangesAnnotationTrack-class | 0.137 | 0.018 | 0.193 | |
GRangesQuantitativeTrack-class | 0.039 | 0.005 | 0.057 | |
GWASTrack-class | 0.208 | 0.016 | 0.293 | |
GWASUrlTrack-class | 0.009 | 0.002 | 0.014 | |
GenomicAlignmentTrack-class | 0.327 | 0.047 | 0.502 | |
UCSCBedAnnotationTrack-class | 0.788 | 0.062 | 1.118 | |
UCSCBedGraphQuantitativeTrack-class | 0.225 | 0.003 | 0.301 | |
VariantTrack-class | 1.109 | 0.034 | 1.539 | |
displayTrack | 0.002 | 0.000 | 0.002 | |
enableMotifLogoPopups | 0.003 | 0.001 | 0.008 | |
getGenomicRegion | 0 | 0 | 0 | |
getSupportedGenomes | 0.000 | 0.001 | 0.001 | |
getTrackNames | 0.000 | 0.000 | 0.001 | |
igvR-class | 0.002 | 0.001 | 0.003 | |
parseAndValidateGenomeSpec | 0.231 | 0.109 | 1.018 | |
ping | 0.000 | 0.001 | 0.000 | |
removeTracksByName | 0.004 | 0.002 | 0.005 | |
setCustomGenome | 0.002 | 0.001 | 0.003 | |
setGenome | 0.000 | 0.001 | 0.000 | |
showGenomicRegion | 0.001 | 0.000 | 0.002 | |
trackSize-DataFrameAnnotationTrack-method | 0.008 | 0.002 | 0.010 | |
trackSize-UCSCBedAnnotationTrack-method | 0.212 | 0.029 | 0.262 | |
url.exists | 0.000 | 0.001 | 0.001 | |