| Back to Multiple platform build/check report for BioC 3.17: simplified long |
|
This page was generated on 2023-10-16 11:35:22 -0400 (Mon, 16 Oct 2023).
| Hostname | OS | Arch (*) | R version | Installed pkgs |
|---|---|---|---|---|
| nebbiolo1 | Linux (Ubuntu 22.04.2 LTS) | x86_64 | 4.3.1 (2023-06-16) -- "Beagle Scouts" | 4626 |
| palomino3 | Windows Server 2022 Datacenter | x64 | 4.3.1 (2023-06-16 ucrt) -- "Beagle Scouts" | 4379 |
| merida1 | macOS 12.6.4 Monterey | x86_64 | 4.3.1 (2023-06-16) -- "Beagle Scouts" | 4395 |
| Click on any hostname to see more info about the system (e.g. compilers) (*) as reported by 'uname -p', except on Windows and Mac OS X | ||||
| Package 716/2230 | Hostname | OS / Arch | INSTALL | BUILD | CHECK | BUILD BIN | ||||||||
| flowDensity 1.34.0 (landing page) Mehrnoush Malek
| nebbiolo1 | Linux (Ubuntu 22.04.2 LTS) / x86_64 | OK | OK | WARNINGS | |||||||||
| palomino3 | Windows Server 2022 Datacenter / x64 | OK | OK | WARNINGS | OK | |||||||||
| merida1 | macOS 12.6.4 Monterey / x86_64 | OK | OK | WARNINGS | OK | |||||||||
| kjohnson2 | macOS 12.6.1 Monterey / arm64 | see weekly results here | ||||||||||||
|
To the developers/maintainers of the flowDensity package: - Allow up to 24 hours (and sometimes 48 hours) for your latest push to git@git.bioconductor.org:packages/flowDensity.git to reflect on this report. See Troubleshooting Build Report for more information. - Use the following Renviron settings to reproduce errors and warnings. - If 'R CMD check' started to fail recently on the Linux builder(s) over a missing dependency, add the missing dependency to 'Suggests:' in your DESCRIPTION file. See Renviron.bioc for more information. |
| Package: flowDensity |
| Version: 1.34.0 |
| Command: /home/biocbuild/bbs-3.17-bioc/R/bin/R CMD check --install=check:flowDensity.install-out.txt --library=/home/biocbuild/bbs-3.17-bioc/R/site-library --timings flowDensity_1.34.0.tar.gz |
| StartedAt: 2023-10-15 21:23:08 -0400 (Sun, 15 Oct 2023) |
| EndedAt: 2023-10-15 21:24:58 -0400 (Sun, 15 Oct 2023) |
| EllapsedTime: 110.5 seconds |
| RetCode: 0 |
| Status: WARNINGS |
| CheckDir: flowDensity.Rcheck |
| Warnings: 5 |
##############################################################################
##############################################################################
###
### Running command:
###
### /home/biocbuild/bbs-3.17-bioc/R/bin/R CMD check --install=check:flowDensity.install-out.txt --library=/home/biocbuild/bbs-3.17-bioc/R/site-library --timings flowDensity_1.34.0.tar.gz
###
##############################################################################
##############################################################################
* using log directory ‘/home/biocbuild/bbs-3.17-bioc/meat/flowDensity.Rcheck’
* using R version 4.3.1 (2023-06-16)
* using platform: x86_64-pc-linux-gnu (64-bit)
* R was compiled by
gcc (Ubuntu 11.3.0-1ubuntu1~22.04.1) 11.3.0
GNU Fortran (Ubuntu 11.3.0-1ubuntu1~22.04.1) 11.3.0
* running under: Ubuntu 22.04.3 LTS
* using session charset: UTF-8
* checking for file ‘flowDensity/DESCRIPTION’ ... OK
* checking extension type ... Package
* this is package ‘flowDensity’ version ‘1.34.0’
* checking package namespace information ... OK
* checking package dependencies ... OK
* checking if this is a source package ... OK
* checking if there is a namespace ... OK
* checking for hidden files and directories ... OK
* checking for portable file names ... OK
* checking for sufficient/correct file permissions ... OK
* checking whether package ‘flowDensity’ can be installed ... WARNING
Found the following significant warnings:
Warning: replacing previous import ‘flowCore::plot’ by ‘graphics::plot’ when loading ‘flowDensity’
See ‘/home/biocbuild/bbs-3.17-bioc/meat/flowDensity.Rcheck/00install.out’ for details.
* checking installed package size ... OK
* checking package directory ... OK
* checking ‘build’ directory ... OK
* checking DESCRIPTION meta-information ... OK
* checking top-level files ... OK
* checking for left-over files ... OK
* checking index information ... OK
* checking package subdirectories ... OK
* checking R files for non-ASCII characters ... OK
* checking R files for syntax errors ... OK
* checking whether the package can be loaded ... OK
* checking whether the package can be loaded with stated dependencies ... OK
* checking whether the package can be unloaded cleanly ... OK
* checking whether the namespace can be loaded with stated dependencies ... OK
* checking whether the namespace can be unloaded cleanly ... OK
* checking loading without being on the library search path ... OK
* checking dependencies in R code ... OK
* checking S3 generic/method consistency ... OK
* checking replacement functions ... OK
* checking foreign function calls ... OK
* checking R code for possible problems ... OK
* checking Rd files ... WARNING
checkRd: (7) deGate.Rd:121: Invalid email address: <mmalekes@bccrc.ca>
checkRd: (7) flowDensity.Rd:84: Invalid email address: <mmalekes@bccrc.ca>
checkRd: (7) flowDensity.Rd:85: Invalid email address: <jtaghiyar@bccrc.ca>
checkRd: (7) getPeaks.Rd:55: Invalid email address: <mmalekes@bccrc.ca>
checkRd: (7) getflowFrame.Rd:23: Invalid email address: <jtaghiyar@bccrc.ca>
checkRd: (7) nmRemove.Rd:37: Invalid email address: <jtaghiyar@bccrc.ca>
checkRd: (7) nmRemove.Rd:38: Invalid email address: <mmalekes@bccrc.ca>
checkRd: (7) notSubFrame.Rd:41: Invalid email address: <mmalekes@bccrc.ca>
checkRd: (7) plotDens.Rd:89: Invalid email address: <mmalekes@bccrc.ca>
checkRd: (7) plotDens.Rd:90: Invalid email address: <jtaghiyar@bccrc.ca>
* checking Rd metadata ... WARNING
Rd files with duplicated alias 'flowDensity':
‘flowDensity-methods.Rd’ ‘flowDensity.Rd’
* checking Rd cross-references ... OK
* checking for missing documentation entries ... WARNING
Undocumented S4 methods:
generic 'flowDensity' and siglist
'CellPopulation,ANY,logical,missing'
generic 'flowDensity' and siglist 'GatingHierarchy,ANY,logical,ANY'
generic 'flowDensity' and siglist 'flowFrame,ANY,logical,missing'
All user-level objects in a package (including S4 classes and methods)
should have documentation entries.
See chapter ‘Writing R documentation files’ in the ‘Writing R
Extensions’ manual.
* checking for code/documentation mismatches ... OK
* checking Rd \usage sections ... WARNING
Objects in \usage without \alias in documentation object 'flowDensity-methods':
‘\S4method{flowDensity}{CellPopulation,ANY,logical,missing}’
‘\S4method{flowDensity}{flowFrame,ANY,logical,missing}’
‘\S4method{flowDensity}{GatingHierarchy,ANY,logical,ANY}’
Undocumented arguments in documentation object 'plotDens'
‘dens.col’ ‘cex’ ‘dens.type’
Documented arguments not in \usage in documentation object 'plotDens':
‘density.type’ ‘density.col’
Functions with \usage entries need to have the appropriate \alias
entries, and all their arguments documented.
The \usage entries must correspond to syntactically valid R code.
See chapter ‘Writing R documentation files’ in the ‘Writing R
Extensions’ manual.
* checking Rd contents ... OK
* checking for unstated dependencies in examples ... OK
* checking installed files from ‘inst/doc’ ... OK
* checking files in ‘vignettes’ ... OK
* checking examples ... OK
* checking for unstated dependencies in vignettes ... OK
* checking package vignettes in ‘inst/doc’ ... OK
* checking running R code from vignettes ...
‘flowDensity.Rmd’... OK
NONE
* checking re-building of vignette outputs ... OK
* checking PDF version of manual ... OK
* DONE
Status: 5 WARNINGs
See
‘/home/biocbuild/bbs-3.17-bioc/meat/flowDensity.Rcheck/00check.log’
for details.
flowDensity.Rcheck/00install.out
############################################################################## ############################################################################## ### ### Running command: ### ### /home/biocbuild/bbs-3.17-bioc/R/bin/R CMD INSTALL flowDensity ### ############################################################################## ############################################################################## * installing to library ‘/home/biocbuild/bbs-3.17-bioc/R/site-library’ * installing *source* package ‘flowDensity’ ... ** using staged installation ** R ** inst ** byte-compile and prepare package for lazy loading Warning: replacing previous import ‘flowCore::plot’ by ‘graphics::plot’ when loading ‘flowDensity’ ** help *** installing help indices ** building package indices ** installing vignettes ** testing if installed package can be loaded from temporary location Warning: replacing previous import ‘flowCore::plot’ by ‘graphics::plot’ when loading ‘flowDensity’ ** testing if installed package can be loaded from final location Warning: replacing previous import ‘flowCore::plot’ by ‘graphics::plot’ when loading ‘flowDensity’ ** testing if installed package keeps a record of temporary installation path * DONE (flowDensity)
flowDensity.Rcheck/flowDensity-Ex.timings
| name | user | system | elapsed | |
| CellPopulation-class | 0.002 | 0.001 | 0.001 | |
| deGate | 0.137 | 0.011 | 0.150 | |
| flowDensity | 0.056 | 0.001 | 0.056 | |
| getPeaks | 0.026 | 0.003 | 0.030 | |
| getflowFrame | 0.047 | 0.004 | 0.051 | |
| nmRemove | 0.247 | 0.005 | 0.252 | |
| notSubFrame | 0.091 | 0.004 | 0.095 | |
| plotDens | 0.398 | 0.019 | 0.418 | |