Back to Multiple platform build/check report for BioC 3.17: simplified long |
|
This page was generated on 2023-10-16 11:37:02 -0400 (Mon, 16 Oct 2023).
Hostname | OS | Arch (*) | R version | Installed pkgs |
---|---|---|---|---|
nebbiolo1 | Linux (Ubuntu 22.04.2 LTS) | x86_64 | 4.3.1 (2023-06-16) -- "Beagle Scouts" | 4626 |
palomino3 | Windows Server 2022 Datacenter | x64 | 4.3.1 (2023-06-16 ucrt) -- "Beagle Scouts" | 4379 |
merida1 | macOS 12.6.4 Monterey | x86_64 | 4.3.1 (2023-06-16) -- "Beagle Scouts" | 4395 |
Click on any hostname to see more info about the system (e.g. compilers) (*) as reported by 'uname -p', except on Windows and Mac OS X |
Package 679/2230 | Hostname | OS / Arch | INSTALL | BUILD | CHECK | BUILD BIN | ||||||||
famat 1.10.0 (landing page) Mathieu Charles
| nebbiolo1 | Linux (Ubuntu 22.04.2 LTS) / x86_64 | OK | OK | OK | ![]() | ||||||||
palomino3 | Windows Server 2022 Datacenter / x64 | OK | OK | OK | OK | ![]() | ||||||||
merida1 | macOS 12.6.4 Monterey / x86_64 | OK | OK | ERROR | OK | |||||||||
kjohnson2 | macOS 12.6.1 Monterey / arm64 | see weekly results here | ||||||||||||
To the developers/maintainers of the famat package: - Allow up to 24 hours (and sometimes 48 hours) for your latest push to git@git.bioconductor.org:packages/famat.git to reflect on this report. See Troubleshooting Build Report for more information. - Use the following Renviron settings to reproduce errors and warnings. - If 'R CMD check' started to fail recently on the Linux builder(s) over a missing dependency, add the missing dependency to 'Suggests:' in your DESCRIPTION file. See Renviron.bioc for more information. |
Package: famat |
Version: 1.10.0 |
Command: /Library/Frameworks/R.framework/Resources/bin/R CMD check --install=check:famat.install-out.txt --library=/Library/Frameworks/R.framework/Resources/library --no-vignettes --timings famat_1.10.0.tar.gz |
StartedAt: 2023-10-16 01:38:19 -0400 (Mon, 16 Oct 2023) |
EndedAt: 2023-10-16 01:48:20 -0400 (Mon, 16 Oct 2023) |
EllapsedTime: 600.7 seconds |
RetCode: 1 |
Status: ERROR |
CheckDir: famat.Rcheck |
Warnings: NA |
############################################################################## ############################################################################## ### ### Running command: ### ### /Library/Frameworks/R.framework/Resources/bin/R CMD check --install=check:famat.install-out.txt --library=/Library/Frameworks/R.framework/Resources/library --no-vignettes --timings famat_1.10.0.tar.gz ### ############################################################################## ############################################################################## * using log directory ‘/Users/biocbuild/bbs-3.17-bioc/meat/famat.Rcheck’ * using R version 4.3.1 (2023-06-16) * using platform: x86_64-apple-darwin20 (64-bit) * R was compiled by Apple clang version 14.0.3 (clang-1403.0.22.14.1) GNU Fortran (GCC) 12.2.0 * running under: macOS Monterey 12.6.4 * using session charset: UTF-8 * using option ‘--no-vignettes’ * checking for file ‘famat/DESCRIPTION’ ... OK * this is package ‘famat’ version ‘1.10.0’ * package encoding: UTF-8 * checking package namespace information ... OK * checking package dependencies ... OK * checking if this is a source package ... OK * checking if there is a namespace ... OK * checking for hidden files and directories ... OK * checking for portable file names ... OK * checking for sufficient/correct file permissions ... OK * checking whether package ‘famat’ can be installed ... OK * checking installed package size ... OK * checking package directory ... OK * checking ‘build’ directory ... OK * checking DESCRIPTION meta-information ... OK * checking top-level files ... OK * checking for left-over files ... OK * checking index information ... OK * checking package subdirectories ... OK * checking R files for non-ASCII characters ... OK * checking R files for syntax errors ... OK * checking whether the package can be loaded ... OK * checking whether the package can be loaded with stated dependencies ... OK * checking whether the package can be unloaded cleanly ... OK * checking whether the namespace can be loaded with stated dependencies ... OK * checking whether the namespace can be unloaded cleanly ... OK * checking dependencies in R code ... NOTE Namespaces in Imports field not imported from: ‘BiasedUrn’ ‘mgcv’ ‘stats’ All declared Imports should be used. * checking S3 generic/method consistency ... OK * checking replacement functions ... OK * checking foreign function calls ... OK * checking R code for possible problems ... NOTE Getenvir: no visible binding for global variable ‘MPINetData’ Undefined global functions or variables: MPINetData * checking Rd files ... OK * checking Rd metadata ... OK * checking Rd cross-references ... OK * checking for missing documentation entries ... OK * checking for code/documentation mismatches ... OK * checking Rd \usage sections ... OK * checking Rd contents ... OK * checking for unstated dependencies in examples ... OK * checking contents of ‘data’ directory ... OK * checking data for non-ASCII characters ... OK * checking data for ASCII and uncompressed saves ... OK * checking R/sysdata.rda ... OK * checking files in ‘vignettes’ ... OK * checking examples ... ERROR Running examples in ‘famat-Ex.R’ failed The error most likely occurred in: > base::assign(".ptime", proc.time(), pos = "CheckExEnv") > ### Name: interactions > ### Title: Interactions between genes and metabolites > ### Aliases: interactions > > ### ** Examples > > ## load example data > data(listk) > data(listr) > data(listw) > > interactions_result=interactions(listk,listr,listw) Error in .getUrl(url, .listParser, nameColumn = 1, valueColumn = 2) : Forbidden (HTTP 403). Calls: interactions ... <Anonymous> -> lapply -> FUN -> .getUrl -> stop_for_status Execution halted * checking for unstated dependencies in ‘tests’ ... OK * checking tests ... Running ‘testthat.R’ ERROR Running the tests in ‘tests/testthat.R’ failed. Last 13 lines of output: 3. └─KEGGREST:::.getUrl(url, .listParser, nameColumn = 1, valueColumn = 2) 4. └─httr::stop_for_status(response) ── Error ('test-path_enrich.R:3:1'): (code run outside of `test_that()`) ─────── <http_403/http_400/http_error/error/condition> Error in `.getUrl(url, .listParser, nameColumn = 1, valueColumn = 2)`: Forbidden (HTTP 403). Backtrace: ▆ 1. └─famat::path_enrich("KEGG", meta, genes) at test-path_enrich.R:3:0 2. └─KEGGREST::keggList("pathway", "hsa") 3. └─KEGGREST:::.getUrl(url, .listParser, nameColumn = 1, valueColumn = 2) 4. └─httr::stop_for_status(response) [ FAIL 3 | WARN 0 | SKIP 0 | PASS 0 ] Error: Test failures Execution halted * checking for unstated dependencies in vignettes ... OK * checking package vignettes in ‘inst/doc’ ... OK * checking running R code from vignettes ... SKIPPED * checking re-building of vignette outputs ... SKIPPED * checking PDF version of manual ... OK * DONE Status: 2 ERRORs, 2 NOTEs See ‘/Users/biocbuild/bbs-3.17-bioc/meat/famat.Rcheck/00check.log’ for details.
famat.Rcheck/00install.out
############################################################################## ############################################################################## ### ### Running command: ### ### /Library/Frameworks/R.framework/Resources/bin/R CMD INSTALL famat ### ############################################################################## ############################################################################## * installing to library ‘/Library/Frameworks/R.framework/Versions/4.3-x86_64/Resources/library’ * installing *source* package ‘famat’ ... ** using staged installation ** R ** data ** byte-compile and prepare package for lazy loading ** help *** installing help indices ** building package indices ** installing vignettes ** testing if installed package can be loaded from temporary location ** testing if installed package can be loaded from final location ** testing if installed package keeps a record of temporary installation path * DONE (famat)
famat.Rcheck/tests/testthat.Rout.fail
R version 4.3.1 (2023-06-16) -- "Beagle Scouts" Copyright (C) 2023 The R Foundation for Statistical Computing Platform: x86_64-apple-darwin20 (64-bit) R is free software and comes with ABSOLUTELY NO WARRANTY. You are welcome to redistribute it under certain conditions. Type 'license()' or 'licence()' for distribution details. R is a collaborative project with many contributors. Type 'contributors()' for more information and 'citation()' on how to cite R or R packages in publications. Type 'demo()' for some demos, 'help()' for on-line help, or 'help.start()' for an HTML browser interface to help. Type 'q()' to quit R. > library(testthat) > library(famat) > > test_check("famat") [ FAIL 3 | WARN 0 | SKIP 0 | PASS 0 ] ══ Failed tests ════════════════════════════════════════════════════════════════ ── Error ('test-compl_data.R:3:1'): (code run outside of `test_that()`) ──────── <http_403/http_400/http_error/error/condition> Error in `.getUrl(url, .listParser, nameColumn = 1, valueColumn = 2)`: Forbidden (HTTP 403). Backtrace: ▆ 1. └─famat::path_enrich("KEGG", meta, genes) at test-compl_data.R:3:0 2. └─KEGGREST::keggList("pathway", "hsa") 3. └─KEGGREST:::.getUrl(url, .listParser, nameColumn = 1, valueColumn = 2) 4. └─httr::stop_for_status(response) ── Error ('test-interactions.R:3:1'): (code run outside of `test_that()`) ────── <http_403/http_400/http_error/error/condition> Error in `.getUrl(url, .listParser, nameColumn = 1, valueColumn = 2)`: Forbidden (HTTP 403). Backtrace: ▆ 1. └─famat::path_enrich("KEGG", meta, genes) at test-interactions.R:3:0 2. └─KEGGREST::keggList("pathway", "hsa") 3. └─KEGGREST:::.getUrl(url, .listParser, nameColumn = 1, valueColumn = 2) 4. └─httr::stop_for_status(response) ── Error ('test-path_enrich.R:3:1'): (code run outside of `test_that()`) ─────── <http_403/http_400/http_error/error/condition> Error in `.getUrl(url, .listParser, nameColumn = 1, valueColumn = 2)`: Forbidden (HTTP 403). Backtrace: ▆ 1. └─famat::path_enrich("KEGG", meta, genes) at test-path_enrich.R:3:0 2. └─KEGGREST::keggList("pathway", "hsa") 3. └─KEGGREST:::.getUrl(url, .listParser, nameColumn = 1, valueColumn = 2) 4. └─httr::stop_for_status(response) [ FAIL 3 | WARN 0 | SKIP 0 | PASS 0 ] Error: Test failures Execution halted
famat.Rcheck/famat-Ex.timings
name | user | system | elapsed | |
compl_data | 179.758 | 9.415 | 262.029 | |