Back to Multiple platform build/check report for BioC 3.17: simplified long |
|
This page was generated on 2023-10-16 11:35:12 -0400 (Mon, 16 Oct 2023).
Hostname | OS | Arch (*) | R version | Installed pkgs |
---|---|---|---|---|
nebbiolo1 | Linux (Ubuntu 22.04.2 LTS) | x86_64 | 4.3.1 (2023-06-16) -- "Beagle Scouts" | 4626 |
palomino3 | Windows Server 2022 Datacenter | x64 | 4.3.1 (2023-06-16 ucrt) -- "Beagle Scouts" | 4379 |
merida1 | macOS 12.6.4 Monterey | x86_64 | 4.3.1 (2023-06-16) -- "Beagle Scouts" | 4395 |
Click on any hostname to see more info about the system (e.g. compilers) (*) as reported by 'uname -p', except on Windows and Mac OS X |
Package 164/2230 | Hostname | OS / Arch | INSTALL | BUILD | CHECK | BUILD BIN | ||||||||
bigPint 1.16.0 (landing page) Lindsay Rutter
| nebbiolo1 | Linux (Ubuntu 22.04.2 LTS) / x86_64 | OK | OK | ERROR | |||||||||
palomino3 | Windows Server 2022 Datacenter / x64 | OK | OK | ERROR | OK | |||||||||
merida1 | macOS 12.6.4 Monterey / x86_64 | OK | OK | ERROR | OK | |||||||||
kjohnson2 | macOS 12.6.1 Monterey / arm64 | see weekly results here | ||||||||||||
To the developers/maintainers of the bigPint package: - Allow up to 24 hours (and sometimes 48 hours) for your latest push to git@git.bioconductor.org:packages/bigPint.git to reflect on this report. See Troubleshooting Build Report for more information. - Use the following Renviron settings to reproduce errors and warnings. - If 'R CMD check' started to fail recently on the Linux builder(s) over a missing dependency, add the missing dependency to 'Suggests:' in your DESCRIPTION file. See Renviron.bioc for more information. |
Package: bigPint |
Version: 1.16.0 |
Command: /home/biocbuild/bbs-3.17-bioc/R/bin/R CMD check --install=check:bigPint.install-out.txt --library=/home/biocbuild/bbs-3.17-bioc/R/site-library --timings bigPint_1.16.0.tar.gz |
StartedAt: 2023-10-15 19:29:20 -0400 (Sun, 15 Oct 2023) |
EndedAt: 2023-10-15 19:32:07 -0400 (Sun, 15 Oct 2023) |
EllapsedTime: 167.0 seconds |
RetCode: 1 |
Status: ERROR |
CheckDir: bigPint.Rcheck |
Warnings: NA |
############################################################################## ############################################################################## ### ### Running command: ### ### /home/biocbuild/bbs-3.17-bioc/R/bin/R CMD check --install=check:bigPint.install-out.txt --library=/home/biocbuild/bbs-3.17-bioc/R/site-library --timings bigPint_1.16.0.tar.gz ### ############################################################################## ############################################################################## * using log directory ‘/home/biocbuild/bbs-3.17-bioc/meat/bigPint.Rcheck’ * using R version 4.3.1 (2023-06-16) * using platform: x86_64-pc-linux-gnu (64-bit) * R was compiled by gcc (Ubuntu 11.3.0-1ubuntu1~22.04.1) 11.3.0 GNU Fortran (Ubuntu 11.3.0-1ubuntu1~22.04.1) 11.3.0 * running under: Ubuntu 22.04.3 LTS * using session charset: UTF-8 * checking for file ‘bigPint/DESCRIPTION’ ... OK * this is package ‘bigPint’ version ‘1.16.0’ * package encoding: UTF-8 * checking package namespace information ... OK * checking package dependencies ... OK * checking if this is a source package ... OK * checking if there is a namespace ... OK * checking for hidden files and directories ... OK * checking for portable file names ... OK * checking for sufficient/correct file permissions ... OK * checking whether package ‘bigPint’ can be installed ... OK * checking installed package size ... NOTE installed size is 22.5Mb sub-directories of 1Mb or more: data 10.9Mb help 3.2Mb shiny-dashboards 5.1Mb shiny-examples 3.0Mb * checking package directory ... OK * checking ‘build’ directory ... OK * checking DESCRIPTION meta-information ... OK * checking top-level files ... OK * checking for left-over files ... OK * checking index information ... OK * checking package subdirectories ... OK * checking R files for non-ASCII characters ... OK * checking R files for syntax errors ... OK * checking whether the package can be loaded ... OK * checking whether the package can be loaded with stated dependencies ... OK * checking whether the package can be unloaded cleanly ... OK * checking whether the namespace can be loaded with stated dependencies ... OK * checking whether the namespace can be unloaded cleanly ... OK * checking loading without being on the library search path ... OK * checking dependencies in R code ... OK * checking S3 generic/method consistency ... OK * checking replacement functions ... OK * checking foreign function calls ... OK * checking R code for possible problems ... OK * checking Rd files ... OK * checking Rd metadata ... OK * checking Rd cross-references ... OK * checking for missing documentation entries ... OK * checking for code/documentation mismatches ... OK * checking Rd \usage sections ... OK * checking Rd contents ... OK * checking for unstated dependencies in examples ... OK * checking contents of ‘data’ directory ... OK * checking data for non-ASCII characters ... OK * checking LazyData ... WARNING LazyData DB of 11.0 MB without LazyDataCompression set See §1.1.6 of 'Writing R Extensions' * checking data for ASCII and uncompressed saves ... OK * checking files in ‘vignettes’ ... OK * checking examples ... ERROR Running examples in ‘bigPint-Ex.R’ failed The error most likely occurred in: > base::assign(".ptime", proc.time(), pos = "CheckExEnv") > ### Name: plotClusters > ### Title: Plot static parallel coordinate clusters > ### Aliases: plotClusters > > ### ** Examples > > # The first set of five examples use data and dataMetrics > # objects as input. The last set of five examples create the same plots now > # using the SummarizedExperiment (i.e. dataSE) object input. > > # Example 1: Perform hierarchical clustering of size four using the > # default agglomeration method "ward.D". Cluster only on the genes that have > # FDR < 1e-7 (n = 113) and overlay these genes. > > library(grid) > library(matrixStats) > library(ggplot2) > data(soybean_ir_sub) > soybean_ir_sub[,-1] <- log(soybean_ir_sub[-1]+1) > data(soybean_ir_sub_metrics) > colList = c("#00A600FF", rainbow(5)[c(1,4,5)]) > ret <- plotClusters(data=soybean_ir_sub, + dataMetrics = soybean_ir_sub_metrics, nC=4, colList = colList, + clusterAllData = FALSE, threshVal = 1e-7, saveFile = FALSE) Error in xtfrm.data.frame(x) : cannot xtfrm data frames Calls: plotClusters ... lapply -> FUN -> as.vector -> xtfrm -> xtfrm.data.frame Execution halted * checking for unstated dependencies in ‘tests’ ... OK * checking tests ... Running ‘runTests.R’ ERROR Running the tests in ‘tests/runTests.R’ failed. Last 13 lines of output: /tmp/RtmplU6Crk/RLIBS_34ce661f6e3dc7/bigPint/unitTests/test_dataMetrics.R test_dataMetricsLitreApp.R /tmp/RtmplU6Crk/RLIBS_34ce661f6e3dc7/bigPint/unitTests/test_dataMetricsLitreApp.R test_dataMetricsVolcano.R /tmp/RtmplU6Crk/RLIBS_34ce661f6e3dc7/bigPint/unitTests/test_dataMetricsVolcano.R test_dataMetricsVolcanoApp.R /tmp/RtmplU6Crk/RLIBS_34ce661f6e3dc7/bigPint/unitTests/test_dataMetricsVolcanoApp.R Error in BiocGenerics:::testPackage("bigPint") : unit tests failed for package bigPint Execution halted * checking for unstated dependencies in vignettes ... OK * checking package vignettes in ‘inst/doc’ ... OK * checking running R code from vignettes ... ‘bioconductor.Rmd’ using ‘UTF-8’... OK ‘manuscripts.Rmd’ using ‘UTF-8’... OK ‘summarizedExperiment.Rmd’ using ‘UTF-8’... OK NONE * checking re-building of vignette outputs ... ERROR Error(s) in re-building vignettes: ... --- re-building ‘bioconductor.Rmd’ using rmarkdown Error: processing vignette 'bioconductor.Rmd' failed with diagnostics: there is no package called ‘BiocStyle’ --- failed re-building ‘bioconductor.Rmd’ --- re-building ‘manuscripts.Rmd’ using rmarkdown Error: processing vignette 'manuscripts.Rmd' failed with diagnostics: there is no package called ‘BiocStyle’ --- failed re-building ‘manuscripts.Rmd’ --- re-building ‘summarizedExperiment.Rmd’ using rmarkdown Error: processing vignette 'summarizedExperiment.Rmd' failed with diagnostics: there is no package called ‘BiocStyle’ --- failed re-building ‘summarizedExperiment.Rmd’ SUMMARY: processing the following files failed: ‘bioconductor.Rmd’ ‘manuscripts.Rmd’ ‘summarizedExperiment.Rmd’ Error: Vignette re-building failed. Execution halted * checking PDF version of manual ... OK * DONE Status: 3 ERRORs, 1 WARNING, 1 NOTE See ‘/home/biocbuild/bbs-3.17-bioc/meat/bigPint.Rcheck/00check.log’ for details.
bigPint.Rcheck/00install.out
############################################################################## ############################################################################## ### ### Running command: ### ### /home/biocbuild/bbs-3.17-bioc/R/bin/R CMD INSTALL bigPint ### ############################################################################## ############################################################################## * installing to library ‘/home/biocbuild/bbs-3.17-bioc/R/site-library’ * installing *source* package ‘bigPint’ ... ** using staged installation ** R ** data *** moving datasets to lazyload DB ** inst ** byte-compile and prepare package for lazy loading ** help *** installing help indices *** copying figures ** building package indices ** installing vignettes ** testing if installed package can be loaded from temporary location ** testing if installed package can be loaded from final location ** testing if installed package keeps a record of temporary installation path * DONE (bigPint)
bigPint.Rcheck/tests/runTests.Rout.fail
R version 4.3.1 (2023-06-16) -- "Beagle Scouts" Copyright (C) 2023 The R Foundation for Statistical Computing Platform: x86_64-pc-linux-gnu (64-bit) R is free software and comes with ABSOLUTELY NO WARRANTY. You are welcome to redistribute it under certain conditions. Type 'license()' or 'licence()' for distribution details. R is a collaborative project with many contributors. Type 'contributors()' for more information and 'citation()' on how to cite R or R packages in publications. Type 'demo()' for some demos, 'help()' for on-line help, or 'help.start()' for an HTML browser interface to help. Type 'q()' to quit R. > BiocGenerics:::testPackage("bigPint") Error in xtfrm.data.frame(x) : cannot xtfrm data frames Error in xtfrm.data.frame(x) : cannot xtfrm data frames Error in xtfrm.data.frame(x) : cannot xtfrm data frames Error in xtfrm.data.frame(x) : cannot xtfrm data frames RUNIT TEST PROTOCOL -- Sun Oct 15 19:32:01 2023 *********************************************** Number of test functions: 5 Number of errors: 4 Number of failures: 0 1 Test Suite : bigPint RUnit Tests - 5 test functions, 4 errors, 0 failures ERROR in /tmp/RtmplU6Crk/RLIBS_34ce661f6e3dc7/bigPint/unitTests/test_dataMetrics.R: Error while sourcing /tmp/RtmplU6Crk/RLIBS_34ce661f6e3dc7/bigPint/unitTests/test_dataMetrics.R : Error in xtfrm.data.frame(x) : cannot xtfrm data frames ERROR in /tmp/RtmplU6Crk/RLIBS_34ce661f6e3dc7/bigPint/unitTests/test_dataMetricsLitreApp.R: Error while sourcing /tmp/RtmplU6Crk/RLIBS_34ce661f6e3dc7/bigPint/unitTests/test_dataMetricsLitreApp.R : Error in xtfrm.data.frame(x) : cannot xtfrm data frames ERROR in /tmp/RtmplU6Crk/RLIBS_34ce661f6e3dc7/bigPint/unitTests/test_dataMetricsVolcano.R: Error while sourcing /tmp/RtmplU6Crk/RLIBS_34ce661f6e3dc7/bigPint/unitTests/test_dataMetricsVolcano.R : Error in xtfrm.data.frame(x) : cannot xtfrm data frames ERROR in /tmp/RtmplU6Crk/RLIBS_34ce661f6e3dc7/bigPint/unitTests/test_dataMetricsVolcanoApp.R: Error while sourcing /tmp/RtmplU6Crk/RLIBS_34ce661f6e3dc7/bigPint/unitTests/test_dataMetricsVolcanoApp.R : Error in xtfrm.data.frame(x) : cannot xtfrm data frames Test files with failing tests test_dataMetrics.R /tmp/RtmplU6Crk/RLIBS_34ce661f6e3dc7/bigPint/unitTests/test_dataMetrics.R test_dataMetricsLitreApp.R /tmp/RtmplU6Crk/RLIBS_34ce661f6e3dc7/bigPint/unitTests/test_dataMetricsLitreApp.R test_dataMetricsVolcano.R /tmp/RtmplU6Crk/RLIBS_34ce661f6e3dc7/bigPint/unitTests/test_dataMetricsVolcano.R test_dataMetricsVolcanoApp.R /tmp/RtmplU6Crk/RLIBS_34ce661f6e3dc7/bigPint/unitTests/test_dataMetricsVolcanoApp.R Error in BiocGenerics:::testPackage("bigPint") : unit tests failed for package bigPint Execution halted
bigPint.Rcheck/bigPint-Ex.timings
name | user | system | elapsed | |
convertSEPair | 0.178 | 0.003 | 0.182 | |
convertSESubsetGenes | 0.727 | 0.000 | 0.728 | |