| Back to Multiple platform build/check report for BioC 3.17: simplified long |
|
This page was generated on 2023-10-16 11:36:47 -0400 (Mon, 16 Oct 2023).
| Hostname | OS | Arch (*) | R version | Installed pkgs |
|---|---|---|---|---|
| nebbiolo1 | Linux (Ubuntu 22.04.2 LTS) | x86_64 | 4.3.1 (2023-06-16) -- "Beagle Scouts" | 4626 |
| palomino3 | Windows Server 2022 Datacenter | x64 | 4.3.1 (2023-06-16 ucrt) -- "Beagle Scouts" | 4379 |
| merida1 | macOS 12.6.4 Monterey | x86_64 | 4.3.1 (2023-06-16) -- "Beagle Scouts" | 4395 |
| Click on any hostname to see more info about the system (e.g. compilers) (*) as reported by 'uname -p', except on Windows and Mac OS X | ||||
| Package 2198/2230 | Hostname | OS / Arch | INSTALL | BUILD | CHECK | BUILD BIN | ||||||||
| VplotR 1.10.0 (landing page) Jacques Serizay
| nebbiolo1 | Linux (Ubuntu 22.04.2 LTS) / x86_64 | OK | OK | WARNINGS | |||||||||
| palomino3 | Windows Server 2022 Datacenter / x64 | OK | OK | WARNINGS | OK | |||||||||
| merida1 | macOS 12.6.4 Monterey / x86_64 | OK | OK | WARNINGS | OK | |||||||||
| kjohnson2 | macOS 12.6.1 Monterey / arm64 | see weekly results here | ||||||||||||
|
To the developers/maintainers of the VplotR package: - Allow up to 24 hours (and sometimes 48 hours) for your latest push to git@git.bioconductor.org:packages/VplotR.git to reflect on this report. See Troubleshooting Build Report for more information. - Use the following Renviron settings to reproduce errors and warnings. - If 'R CMD check' started to fail recently on the Linux builder(s) over a missing dependency, add the missing dependency to 'Suggests:' in your DESCRIPTION file. See Renviron.bioc for more information. |
| Package: VplotR |
| Version: 1.10.0 |
| Command: F:\biocbuild\bbs-3.17-bioc\R\bin\R.exe CMD check --no-multiarch --install=check:VplotR.install-out.txt --library=F:\biocbuild\bbs-3.17-bioc\R\library --no-vignettes --timings VplotR_1.10.0.tar.gz |
| StartedAt: 2023-10-16 08:02:12 -0400 (Mon, 16 Oct 2023) |
| EndedAt: 2023-10-16 08:07:18 -0400 (Mon, 16 Oct 2023) |
| EllapsedTime: 305.3 seconds |
| RetCode: 0 |
| Status: WARNINGS |
| CheckDir: VplotR.Rcheck |
| Warnings: 1 |
##############################################################################
##############################################################################
###
### Running command:
###
### F:\biocbuild\bbs-3.17-bioc\R\bin\R.exe CMD check --no-multiarch --install=check:VplotR.install-out.txt --library=F:\biocbuild\bbs-3.17-bioc\R\library --no-vignettes --timings VplotR_1.10.0.tar.gz
###
##############################################################################
##############################################################################
* using log directory 'F:/biocbuild/bbs-3.17-bioc/meat/VplotR.Rcheck'
* using R version 4.3.1 (2023-06-16 ucrt)
* using platform: x86_64-w64-mingw32 (64-bit)
* R was compiled by
gcc.exe (GCC) 12.2.0
GNU Fortran (GCC) 12.2.0
* running under: Windows Server 2022 x64 (build 20348)
* using session charset: UTF-8
* using option '--no-vignettes'
* checking for file 'VplotR/DESCRIPTION' ... OK
* checking extension type ... Package
* this is package 'VplotR' version '1.10.0'
* package encoding: UTF-8
* checking package namespace information ... OK
* checking package dependencies ... OK
* checking if this is a source package ... OK
* checking if there is a namespace ... OK
* checking for hidden files and directories ... OK
* checking for portable file names ... OK
* checking whether package 'VplotR' can be installed ... WARNING
Found the following significant warnings:
Warning: replacing previous import 'GenomicRanges::subtract' by 'magrittr::subtract' when loading 'VplotR'
See 'F:/biocbuild/bbs-3.17-bioc/meat/VplotR.Rcheck/00install.out' for details.
* checking installed package size ... NOTE
installed size is 5.1Mb
sub-directories of 1Mb or more:
data 2.8Mb
figures 2.1Mb
* checking package directory ... OK
* checking 'build' directory ... OK
* checking DESCRIPTION meta-information ... OK
* checking top-level files ... NOTE
File
LICENSE
is not mentioned in the DESCRIPTION file.
* checking for left-over files ... OK
* checking index information ... OK
* checking package subdirectories ... OK
* checking R files for non-ASCII characters ... OK
* checking R files for syntax errors ... OK
* checking whether the package can be loaded ... OK
* checking whether the package can be loaded with stated dependencies ... OK
* checking whether the package can be unloaded cleanly ... OK
* checking whether the namespace can be loaded with stated dependencies ... OK
* checking whether the namespace can be unloaded cleanly ... OK
* checking dependencies in R code ... OK
* checking S3 generic/method consistency ... OK
* checking replacement functions ... OK
* checking foreign function calls ... OK
* checking R code for possible problems ... OK
* checking Rd files ... OK
* checking Rd metadata ... OK
* checking Rd cross-references ... OK
* checking for missing documentation entries ... OK
* checking for code/documentation mismatches ... OK
* checking Rd \usage sections ... OK
* checking Rd contents ... OK
* checking for unstated dependencies in examples ... OK
* checking contents of 'data' directory ... OK
* checking data for non-ASCII characters ... OK
* checking data for ASCII and uncompressed saves ... OK
* checking files in 'vignettes' ... OK
* checking examples ... OK
Examples with CPU (user + system) or elapsed time > 5s
user system elapsed
nucleosomeEnrichment.GRanges 9.00 0.63 9.64
nucleosomeEnrichment.Vmat 6.94 0.63 7.56
nucleosomeEnrichment 5.20 0.56 5.76
* checking for unstated dependencies in 'tests' ... OK
* checking tests ...
Running 'testthat.R'
OK
* checking for unstated dependencies in vignettes ... OK
* checking package vignettes in 'inst/doc' ... OK
* checking running R code from vignettes ... SKIPPED
* checking re-building of vignette outputs ... SKIPPED
* checking PDF version of manual ... OK
* DONE
Status: 1 WARNING, 2 NOTEs
See
'F:/biocbuild/bbs-3.17-bioc/meat/VplotR.Rcheck/00check.log'
for details.
VplotR.Rcheck/00install.out
############################################################################## ############################################################################## ### ### Running command: ### ### F:\biocbuild\bbs-3.17-bioc\R\bin\R.exe CMD INSTALL VplotR ### ############################################################################## ############################################################################## * installing to library 'F:/biocbuild/bbs-3.17-bioc/R/library' * installing *source* package 'VplotR' ... ** using staged installation ** R ** data ** inst ** byte-compile and prepare package for lazy loading Warning: replacing previous import 'GenomicRanges::subtract' by 'magrittr::subtract' when loading 'VplotR' ** help *** installing help indices ** building package indices ** installing vignettes ** testing if installed package can be loaded from temporary location Warning: replacing previous import 'GenomicRanges::subtract' by 'magrittr::subtract' when loading 'VplotR' ** testing if installed package can be loaded from final location Warning: replacing previous import 'GenomicRanges::subtract' by 'magrittr::subtract' when loading 'VplotR' ** testing if installed package keeps a record of temporary installation path * DONE (VplotR)
VplotR.Rcheck/tests/testthat.Rout
R version 4.3.1 (2023-06-16 ucrt) -- "Beagle Scouts"
Copyright (C) 2023 The R Foundation for Statistical Computing
Platform: x86_64-w64-mingw32/x64 (64-bit)
R is free software and comes with ABSOLUTELY NO WARRANTY.
You are welcome to redistribute it under certain conditions.
Type 'license()' or 'licence()' for distribution details.
R is a collaborative project with many contributors.
Type 'contributors()' for more information and
'citation()' on how to cite R or R packages in publications.
Type 'demo()' for some demos, 'help()' for on-line help, or
'help.start()' for an HTML browser interface to help.
Type 'q()' to quit R.
> library(testthat)
> library(VplotR)
Loading required package: GenomicRanges
Loading required package: stats4
Loading required package: BiocGenerics
Attaching package: 'BiocGenerics'
The following objects are masked from 'package:stats':
IQR, mad, sd, var, xtabs
The following objects are masked from 'package:base':
Filter, Find, Map, Position, Reduce, anyDuplicated, aperm, append,
as.data.frame, basename, cbind, colnames, dirname, do.call,
duplicated, eval, evalq, get, grep, grepl, intersect, is.unsorted,
lapply, mapply, match, mget, order, paste, pmax, pmax.int, pmin,
pmin.int, rank, rbind, rownames, sapply, setdiff, sort, table,
tapply, union, unique, unsplit, which.max, which.min
Loading required package: S4Vectors
Attaching package: 'S4Vectors'
The following object is masked from 'package:utils':
findMatches
The following objects are masked from 'package:base':
I, expand.grid, unname
Loading required package: IRanges
Attaching package: 'IRanges'
The following object is masked from 'package:grDevices':
windows
Loading required package: GenomeInfoDb
Loading required package: ggplot2
Warning message:
replacing previous import 'GenomicRanges::subtract' by 'magrittr::subtract' when loading 'VplotR'
>
> test_check("VplotR")
[ FAIL 0 | WARN 18 | SKIP 0 | PASS 4 ]
[ FAIL 0 | WARN 18 | SKIP 0 | PASS 4 ]
>
> proc.time()
user system elapsed
66.35 5.25 71.79
VplotR.Rcheck/VplotR-Ex.timings
| name | user | system | elapsed | |
| ABF1_sacCer3 | 0.08 | 0.00 | 0.07 | |
| ATAC_ce11_Serizay2020 | 0.24 | 0.01 | 0.25 | |
| CTCF_hg38 | 0.03 | 0.00 | 0.03 | |
| MNase_sacCer3_Henikoff2011 | 0.05 | 0.03 | 0.08 | |
| MNase_sacCer3_Henikoff2011_subset | 0.02 | 0.03 | 0.05 | |
| REB1_sacCer3 | 0.03 | 0.00 | 0.03 | |
| alignToTSS | 0.15 | 0.00 | 0.15 | |
| bam_test | 0.03 | 0.02 | 0.05 | |
| ce11_all_REs | 0.02 | 0.00 | 0.02 | |
| ce11_proms | 0.02 | 0.02 | 0.03 | |
| computeVmat | 2.15 | 0.00 | 2.15 | |
| deconvolveBidirectionalPromoters | 0.16 | 0.01 | 0.18 | |
| getFragmentsDistribution | 0.12 | 0.03 | 0.15 | |
| importPEBamFiles | 0.21 | 0.00 | 0.22 | |
| normalizeVmat | 1.70 | 0.06 | 1.77 | |
| nucleosomeEnrichment.GRanges | 9.00 | 0.63 | 9.64 | |
| nucleosomeEnrichment | 5.20 | 0.56 | 5.76 | |
| nucleosomeEnrichment.Vmat | 6.94 | 0.63 | 7.56 | |
| plotFootprint | 0.45 | 0.01 | 0.47 | |
| plotProfile | 0.85 | 0.07 | 0.91 | |
| plotVmat.GRanges | 1.39 | 0.09 | 1.48 | |
| plotVmat | 1.41 | 0.11 | 1.52 | |
| plotVmat.Vmat | 2.11 | 0.09 | 2.20 | |
| plotVmat.VmatList | 2.53 | 0.11 | 2.64 | |
| plotVmat.default | 1.94 | 0.10 | 2.03 | |
| plotVmat.list | 2.98 | 0.06 | 3.05 | |
| sampleGRanges.GRanges | 2.16 | 0.09 | 2.25 | |
| sampleGRanges | 1.90 | 0.16 | 2.06 | |
| shiftATACGranges | 0.10 | 0.00 | 0.09 | |
| shuffleVmat | 1.14 | 0.06 | 1.21 | |
| theme_ggplot2 | 0.17 | 0.00 | 0.17 | |