| Back to Multiple platform build/check report for BioC 3.17: simplified long |
|
This page was generated on 2023-10-16 11:36:46 -0400 (Mon, 16 Oct 2023).
| Hostname | OS | Arch (*) | R version | Installed pkgs |
|---|---|---|---|---|
| nebbiolo1 | Linux (Ubuntu 22.04.2 LTS) | x86_64 | 4.3.1 (2023-06-16) -- "Beagle Scouts" | 4626 |
| palomino3 | Windows Server 2022 Datacenter | x64 | 4.3.1 (2023-06-16 ucrt) -- "Beagle Scouts" | 4379 |
| merida1 | macOS 12.6.4 Monterey | x86_64 | 4.3.1 (2023-06-16) -- "Beagle Scouts" | 4395 |
| Click on any hostname to see more info about the system (e.g. compilers) (*) as reported by 'uname -p', except on Windows and Mac OS X | ||||
| Package 2164/2230 | Hostname | OS / Arch | INSTALL | BUILD | CHECK | BUILD BIN | ||||||||
| TypeInfo 1.66.0 (landing page) Duncan Temple Lang
| nebbiolo1 | Linux (Ubuntu 22.04.2 LTS) / x86_64 | OK | OK | OK | |||||||||
| palomino3 | Windows Server 2022 Datacenter / x64 | OK | ERROR | skipped | skipped | |||||||||
| merida1 | macOS 12.6.4 Monterey / x86_64 | OK | ERROR | skipped | skipped | |||||||||
| kjohnson2 | macOS 12.6.1 Monterey / arm64 | see weekly results here | ||||||||||||
|
To the developers/maintainers of the TypeInfo package: - Allow up to 24 hours (and sometimes 48 hours) for your latest push to git@git.bioconductor.org:packages/TypeInfo.git to reflect on this report. See Troubleshooting Build Report for more information. - Use the following Renviron settings to reproduce errors and warnings. - If 'R CMD check' started to fail recently on the Linux builder(s) over a missing dependency, add the missing dependency to 'Suggests:' in your DESCRIPTION file. See Renviron.bioc for more information. |
| Package: TypeInfo |
| Version: 1.66.0 |
| Command: chmod a+r TypeInfo -R && F:\biocbuild\bbs-3.17-bioc\R\bin\R.exe CMD build --keep-empty-dirs --no-resave-data TypeInfo |
| StartedAt: 2023-10-15 22:58:45 -0400 (Sun, 15 Oct 2023) |
| EndedAt: 2023-10-15 22:58:57 -0400 (Sun, 15 Oct 2023) |
| EllapsedTime: 12.2 seconds |
| RetCode: 1 |
| Status: ERROR |
| PackageFile: None |
| PackageFileSize: NA |
##############################################################################
##############################################################################
###
### Running command:
###
### chmod a+r TypeInfo -R && F:\biocbuild\bbs-3.17-bioc\R\bin\R.exe CMD build --keep-empty-dirs --no-resave-data TypeInfo
###
##############################################################################
##############################################################################
* checking for file 'TypeInfo/DESCRIPTION' ... OK
* preparing 'TypeInfo':
* checking DESCRIPTION meta-information ... OK
* installing the package to build vignettes
* creating vignettes ... ERROR
--- re-building 'TypeInfoNews.Rnw' using Sweave
texify: major issue: User/administrator updates are out-of-sync.
Warning in system(paste(shQuote(texi2dvi), if (quiet) "--quiet" else "", :
running command '"C:\PROGRA~1\MiKTeX\miktex\bin\x64\texify.exe" --quiet --pdf "TypeInfoNews.tex" --max-iterations=20 -I "F:/biocbuild/bbs-3.17-bioc/R/share/texmf/tex/latex" -I "F:/biocbuild/bbs-3.17-bioc/R/share/texmf/bibtex/bst"' had status 1
Error: processing vignette 'TypeInfoNews.Rnw' failed with diagnostics:
running 'texi2dvi' on 'TypeInfoNews.tex' failed
LaTeX errors:
es/TypeInfoNews.tex:221: Argument of \__intarray_bounds_error:NNnw has an extra
}.
<inserted text>
\par
l.221
es/TypeInfoNews.tex:221: Paragraph ended before \__intarray_bounds_error:NNnw w
as complete.
<to be read again>
\par
l.221
es/TypeInfoNews.tex:221: Argument of \__intarray_bounds_error:NNnw has an extra
}.
<inserted text>
\par
l.221
es/TypeInfoNews.tex:221: Paragraph ended before \__intarray_bounds_error:NNnw w
as complete.
<to be read again>
\par
l.221
--- failed re-building 'TypeInfoNews.Rnw'
SUMMARY: processing the following file failed:
'TypeInfoNews.Rnw'
Error: Vignette re-building failed.
Execution halted