| Back to Multiple platform build/check report for BioC 3.17: simplified long |
|
This page was generated on 2023-10-16 11:35:46 -0400 (Mon, 16 Oct 2023).
| Hostname | OS | Arch (*) | R version | Installed pkgs |
|---|---|---|---|---|
| nebbiolo1 | Linux (Ubuntu 22.04.2 LTS) | x86_64 | 4.3.1 (2023-06-16) -- "Beagle Scouts" | 4626 |
| palomino3 | Windows Server 2022 Datacenter | x64 | 4.3.1 (2023-06-16 ucrt) -- "Beagle Scouts" | 4379 |
| merida1 | macOS 12.6.4 Monterey | x86_64 | 4.3.1 (2023-06-16) -- "Beagle Scouts" | 4395 |
| Click on any hostname to see more info about the system (e.g. compilers) (*) as reported by 'uname -p', except on Windows and Mac OS X | ||||
| Package 1920/2230 | Hostname | OS / Arch | INSTALL | BUILD | CHECK | BUILD BIN | ||||||||
| SIM 1.70.0 (landing page) Renee X. de Menezes
| nebbiolo1 | Linux (Ubuntu 22.04.2 LTS) / x86_64 | OK | OK | WARNINGS | |||||||||
| palomino3 | Windows Server 2022 Datacenter / x64 | OK | OK | WARNINGS | OK | |||||||||
| merida1 | macOS 12.6.4 Monterey / x86_64 | OK | OK | WARNINGS | OK | |||||||||
| kjohnson2 | macOS 12.6.1 Monterey / arm64 | see weekly results here | ||||||||||||
|
To the developers/maintainers of the SIM package: - Allow up to 24 hours (and sometimes 48 hours) for your latest push to git@git.bioconductor.org:packages/SIM.git to reflect on this report. See Troubleshooting Build Report for more information. - Use the following Renviron settings to reproduce errors and warnings. - If 'R CMD check' started to fail recently on the Linux builder(s) over a missing dependency, add the missing dependency to 'Suggests:' in your DESCRIPTION file. See Renviron.bioc for more information. |
| Package: SIM |
| Version: 1.70.0 |
| Command: /home/biocbuild/bbs-3.17-bioc/R/bin/R CMD check --install=check:SIM.install-out.txt --library=/home/biocbuild/bbs-3.17-bioc/R/site-library --timings SIM_1.70.0.tar.gz |
| StartedAt: 2023-10-16 01:08:01 -0400 (Mon, 16 Oct 2023) |
| EndedAt: 2023-10-16 01:11:05 -0400 (Mon, 16 Oct 2023) |
| EllapsedTime: 184.2 seconds |
| RetCode: 0 |
| Status: WARNINGS |
| CheckDir: SIM.Rcheck |
| Warnings: 1 |
##############################################################################
##############################################################################
###
### Running command:
###
### /home/biocbuild/bbs-3.17-bioc/R/bin/R CMD check --install=check:SIM.install-out.txt --library=/home/biocbuild/bbs-3.17-bioc/R/site-library --timings SIM_1.70.0.tar.gz
###
##############################################################################
##############################################################################
* using log directory ‘/home/biocbuild/bbs-3.17-bioc/meat/SIM.Rcheck’
* using R version 4.3.1 (2023-06-16)
* using platform: x86_64-pc-linux-gnu (64-bit)
* R was compiled by
gcc (Ubuntu 11.3.0-1ubuntu1~22.04.1) 11.3.0
GNU Fortran (Ubuntu 11.3.0-1ubuntu1~22.04.1) 11.3.0
* running under: Ubuntu 22.04.3 LTS
* using session charset: UTF-8
* checking for file ‘SIM/DESCRIPTION’ ... OK
* checking extension type ... Package
* this is package ‘SIM’ version ‘1.70.0’
* checking package namespace information ... OK
* checking package dependencies ... OK
* checking if this is a source package ... OK
* checking if there is a namespace ... OK
* checking for hidden files and directories ... OK
* checking for portable file names ... OK
* checking for sufficient/correct file permissions ... OK
* checking whether package ‘SIM’ can be installed ... OK
* used C compiler: ‘gcc (Ubuntu 11.4.0-1ubuntu1~22.04) 11.4.0’
* checking installed package size ... OK
* checking package directory ... OK
* checking ‘build’ directory ... OK
* checking DESCRIPTION meta-information ... OK
* checking top-level files ... OK
* checking for left-over files ... OK
* checking index information ... OK
* checking package subdirectories ... OK
* checking R files for non-ASCII characters ... OK
* checking R files for syntax errors ... OK
* checking whether the package can be loaded ... OK
* checking whether the package can be loaded with stated dependencies ... OK
* checking whether the package can be unloaded cleanly ... OK
* checking whether the namespace can be loaded with stated dependencies ... OK
* checking whether the namespace can be unloaded cleanly ... OK
* checking loading without being on the library search path ... OK
* checking startup messages can be suppressed ... OK
* checking dependencies in R code ... NOTE
'library' or 'require' call to ‘biomaRt’ in package code.
Please use :: or requireNamespace() instead.
See section 'Suggested packages' in the 'Writing R Extensions' manual.
Package in Depends field not imported from: ‘quantreg’
These packages need to be imported from (in the NAMESPACE file)
for when this namespace is loaded but not attached.
* checking S3 generic/method consistency ... OK
* checking replacement functions ... OK
* checking foreign function calls ... OK
* checking R code for possible problems ... NOTE
File ‘SIM/R/zzz.R’:
.onAttach calls:
library.dynam("SIM", pkg, lib)
See section ‘Good practice’ in '?.onAttach'.
dependent.heatmap: warning in get(as.character(adjust[[2]]), env =
attr(adjust, ".Environment")): partial argument match of 'env' to
'envir'
sim.plot.zoom.in: warning in eval(call, env = attr(call, "env")):
partial argument match of 'env' to 'envir'
sim.update.chrom.table: warning in factor(table$name, level = c(1:22,
"X", "Y")): partial argument match of 'level' to 'levels'
assemble.data: no visible binding for global variable ‘chrom.table’
convertGenomicRegion: no visible binding for global variable
‘chrom.table’
dependent.heatmap: no visible global function definition for ‘strwidth’
getoverlappingregions: no visible global function definition for
‘useMart’
getoverlappingregions: no visible global function definition for
‘getBM’
independent.heatmap: no visible global function definition for
‘strwidth’
link.metadata: no visible binding for global variable ‘expr.data’
link.metadata: no visible binding for global variable ‘hgu133plus2CHR’
link.metadata: no visible binding for global variable
‘hgu133plus2CHRLOC’
link.metadata: no visible binding for global variable
‘hgu133plus2SYMBOL’
plotCytobands: no visible binding for global variable ‘chrom.table’
sim.plot.overlapping.indep.dep.features: no visible global function
definition for ‘box’
sim.plot.pvals.on.genome: no visible binding for global variable
‘chrom.table’
sim.update.chrom.table: no visible global function definition for
‘dbConnect’
sim.update.chrom.table: no visible global function definition for
‘MySQL’
sim.update.chrom.table: no visible global function definition for
‘dbGetQuery’
Undefined global functions or variables:
MySQL box chrom.table dbConnect dbGetQuery expr.data getBM
hgu133plus2CHR hgu133plus2CHRLOC hgu133plus2SYMBOL strwidth useMart
Consider adding
importFrom("graphics", "box", "strwidth")
to your NAMESPACE file.
* checking Rd files ... WARNING
checkRd: (5) integrated.analysis.Rd:116: \item in \value must have non-empty label
* checking Rd metadata ... OK
* checking Rd cross-references ... OK
* checking for missing documentation entries ... OK
* checking for code/documentation mismatches ... OK
* checking Rd \usage sections ... OK
* checking Rd contents ... OK
* checking for unstated dependencies in examples ... OK
* checking contents of ‘data’ directory ... OK
* checking data for non-ASCII characters ... OK
* checking data for ASCII and uncompressed saves ... OK
* checking line endings in C/C++/Fortran sources/headers ... OK
* checking compiled code ... NOTE
Note: information on .o files is not available
* checking files in ‘vignettes’ ... OK
* checking examples ... OK
Examples with CPU (user + system) or elapsed time > 5s
user system elapsed
SIM-package 5.783 0.184 5.966
integrated.analysis 5.002 0.119 5.123
* checking for unstated dependencies in vignettes ... OK
* checking package vignettes in ‘inst/doc’ ... OK
* checking running R code from vignettes ...
‘SIM.Rnw’ using ‘latin1’... OK
OK
* checking re-building of vignette outputs ... OK
* checking PDF version of manual ... OK
* DONE
Status: 1 WARNING, 3 NOTEs
See
‘/home/biocbuild/bbs-3.17-bioc/meat/SIM.Rcheck/00check.log’
for details.
SIM.Rcheck/00install.out
############################################################################## ############################################################################## ### ### Running command: ### ### /home/biocbuild/bbs-3.17-bioc/R/bin/R CMD INSTALL SIM ### ############################################################################## ############################################################################## * installing to library ‘/home/biocbuild/bbs-3.17-bioc/R/site-library’ * installing *source* package ‘SIM’ ... ** using staged installation ** libs using C compiler: ‘gcc (Ubuntu 11.4.0-1ubuntu1~22.04) 11.4.0’ gcc -I"/home/biocbuild/bbs-3.17-bioc/R/include" -DNDEBUG -I/usr/local/include -fpic -g -O2 -Wall -c withinWindow.c -o withinWindow.o gcc -shared -L/home/biocbuild/bbs-3.17-bioc/R/lib -L/usr/local/lib -o SIM.so withinWindow.o -L/home/biocbuild/bbs-3.17-bioc/R/lib -lR installing to /home/biocbuild/bbs-3.17-bioc/R/site-library/00LOCK-SIM/00new/SIM/libs ** R ** data ** inst ** byte-compile and prepare package for lazy loading ** help *** installing help indices ** building package indices ** installing vignettes ** testing if installed package can be loaded from temporary location ** checking absolute paths in shared objects and dynamic libraries ** testing if installed package can be loaded from final location ** testing if installed package keeps a record of temporary installation path * DONE (SIM)
SIM.Rcheck/SIM-Ex.timings
| name | user | system | elapsed | |
| RESOURCERER.annotation.to.ID | 0.001 | 0.000 | 0.000 | |
| SIM-package | 5.783 | 0.184 | 5.966 | |
| acgh.data | 0.002 | 0.001 | 0.001 | |
| assemble.data | 0.025 | 0.000 | 0.025 | |
| chrom.table | 0.001 | 0.000 | 0.002 | |
| expr.data | 0.001 | 0.000 | 0.002 | |
| getoverlappingregions | 0 | 0 | 0 | |
| impute.nas.by.surrounding | 0 | 0 | 0 | |
| integrated.analysis | 5.002 | 0.119 | 5.123 | |
| link.metadata | 0 | 0 | 0 | |
| samples | 0.001 | 0.000 | 0.001 | |
| sim.plot.overlapping.indep.dep.features | 0.042 | 0.004 | 0.045 | |
| sim.plot.pvals.on.genome | 0.124 | 0.024 | 0.147 | |
| sim.plot.pvals.on.region | 0.014 | 0.000 | 0.015 | |
| sim.plot.zoom.in | 0.415 | 0.035 | 0.451 | |
| sim.plot.zscore.heatmap | 0.543 | 0.001 | 0.542 | |
| sim.update.chrom.table | 0 | 0 | 0 | |
| tabulate.pvals | 0.003 | 0.000 | 0.003 | |
| tabulate.top.dep.features | 0.011 | 0.000 | 0.011 | |
| tabulate.top.indep.features | 0.009 | 0.000 | 0.009 | |