| Back to Multiple platform build/check report for BioC 3.17: simplified long | 
  | 
This page was generated on 2023-10-16 11:35:42 -0400 (Mon, 16 Oct 2023).
| Hostname | OS | Arch (*) | R version | Installed pkgs | 
|---|---|---|---|---|
| nebbiolo1 | Linux (Ubuntu 22.04.2 LTS) | x86_64 | 4.3.1 (2023-06-16) -- "Beagle Scouts" | 4626 | 
| palomino3 | Windows Server 2022 Datacenter | x64 | 4.3.1 (2023-06-16 ucrt) -- "Beagle Scouts" | 4379 | 
| merida1 | macOS 12.6.4 Monterey | x86_64 | 4.3.1 (2023-06-16) -- "Beagle Scouts" | 4395 | 
| Click on any hostname to see more info about the system (e.g. compilers) (*) as reported by 'uname -p', except on Windows and Mac OS X | ||||
| Package 1724/2230 | Hostname | OS / Arch | INSTALL | BUILD | CHECK | BUILD BIN | ||||||||
| RIPAT 1.10.0  (landing page) Min-Jeong Baek 
  | nebbiolo1 | Linux (Ubuntu 22.04.2 LTS) / x86_64 | OK | OK | ERROR | |||||||||
| palomino3 | Windows Server 2022 Datacenter / x64 | OK | OK | OK | OK | |||||||||
| merida1 | macOS 12.6.4 Monterey / x86_64 | OK | OK | OK | OK | |||||||||
| kjohnson2 | macOS 12.6.1 Monterey / arm64 | see weekly results here | ||||||||||||
| 
To the developers/maintainers of the RIPAT package: - Allow up to 24 hours (and sometimes 48 hours) for your latest push to git@git.bioconductor.org:packages/RIPAT.git to reflect on this report. See Troubleshooting Build Report for more information. - Use the following Renviron settings to reproduce errors and warnings. - If 'R CMD check' started to fail recently on the Linux builder(s) over a missing dependency, add the missing dependency to 'Suggests:' in your DESCRIPTION file. See Renviron.bioc for more information.  | 
| Package: RIPAT | 
| Version: 1.10.0 | 
| Command: /home/biocbuild/bbs-3.17-bioc/R/bin/R CMD check --install=check:RIPAT.install-out.txt --library=/home/biocbuild/bbs-3.17-bioc/R/site-library --timings RIPAT_1.10.0.tar.gz | 
| StartedAt: 2023-10-16 00:27:37 -0400 (Mon, 16 Oct 2023) | 
| EndedAt: 2023-10-16 00:28:51 -0400 (Mon, 16 Oct 2023) | 
| EllapsedTime: 74.4 seconds | 
| RetCode: 1 | 
| Status: ERROR | 
| CheckDir: RIPAT.Rcheck | 
| Warnings: NA | 
##############################################################################
##############################################################################
###
### Running command:
###
###   /home/biocbuild/bbs-3.17-bioc/R/bin/R CMD check --install=check:RIPAT.install-out.txt --library=/home/biocbuild/bbs-3.17-bioc/R/site-library --timings RIPAT_1.10.0.tar.gz
###
##############################################################################
##############################################################################
* using log directory ‘/home/biocbuild/bbs-3.17-bioc/meat/RIPAT.Rcheck’
* using R version 4.3.1 (2023-06-16)
* using platform: x86_64-pc-linux-gnu (64-bit)
* R was compiled by
    gcc (Ubuntu 11.3.0-1ubuntu1~22.04.1) 11.3.0
    GNU Fortran (Ubuntu 11.3.0-1ubuntu1~22.04.1) 11.3.0
* running under: Ubuntu 22.04.3 LTS
* using session charset: UTF-8
* checking for file ‘RIPAT/DESCRIPTION’ ... OK
* this is package ‘RIPAT’ version ‘1.10.0’
* package encoding: UTF-8
* checking package namespace information ... OK
* checking package dependencies ... OK
* checking if this is a source package ... OK
* checking if there is a namespace ... OK
* checking for hidden files and directories ... OK
* checking for portable file names ... OK
* checking for sufficient/correct file permissions ... OK
* checking whether package ‘RIPAT’ can be installed ... OK
* checking installed package size ... OK
* checking package directory ... OK
* checking ‘build’ directory ... OK
* checking DESCRIPTION meta-information ... OK
* checking top-level files ... OK
* checking for left-over files ... OK
* checking index information ... OK
* checking package subdirectories ... OK
* checking R files for non-ASCII characters ... OK
* checking R files for syntax errors ... OK
* checking whether the package can be loaded ... OK
* checking whether the package can be loaded with stated dependencies ... OK
* checking whether the package can be unloaded cleanly ... OK
* checking whether the namespace can be loaded with stated dependencies ... OK
* checking whether the namespace can be unloaded cleanly ... OK
* checking loading without being on the library search path ... OK
* checking dependencies in R code ... OK
* checking S3 generic/method consistency ... OK
* checking replacement functions ... OK
* checking foreign function calls ... OK
* checking R code for possible problems ... NOTE
annoByCpG: no visible global function definition for ‘hist’
annoByCpG: no visible binding for global variable ‘Range’
annoByCpG: no visible binding for global variable ‘Freq’
annoByCpG: no visible binding for global variable ‘Group’
annoByGene: no visible global function definition for ‘hist’
annoByGene: no visible binding for global variable ‘Range’
annoByGene: no visible binding for global variable ‘Freq’
annoByGene: no visible binding for global variable ‘Group’
annoByRepeat: no visible global function definition for ‘hist’
annoByRepeat: no visible binding for global variable ‘all_dist_dup_m’
annoByRepeat: no visible binding for global variable ‘Range’
annoByRepeat: no visible binding for global variable ‘Freq’
annoByRepeat: no visible binding for global variable ‘Group’
annoByVar: no visible global function definition for ‘hist’
annoByVar: no visible binding for global variable ‘Range’
annoByVar: no visible binding for global variable ‘Freq’
annoByVar: no visible binding for global variable ‘Group’
makeDocument : <anonymous>: no visible global function definition for
  ‘hist’
makeDocument: no visible binding for global variable ‘group’
makeDocument: no visible binding for global variable ‘type’
makeDocument: no visible binding for global variable ‘convert_p’
makeDocument: no visible global function definition for ‘par’
Undefined global functions or variables:
  Freq Group Range all_dist_dup_m convert_p group hist par type
Consider adding
  importFrom("graphics", "hist", "par")
to your NAMESPACE file.
* checking Rd files ... OK
* checking Rd metadata ... OK
* checking Rd cross-references ... OK
* checking for missing documentation entries ... OK
* checking for code/documentation mismatches ... OK
* checking Rd \usage sections ... OK
* checking Rd contents ... OK
* checking for unstated dependencies in examples ... OK
* checking contents of ‘data’ directory ... OK
* checking data for non-ASCII characters ... OK
* checking data for ASCII and uncompressed saves ... OK
* checking files in ‘vignettes’ ... OK
* checking examples ... OK
Examples with CPU (user + system) or elapsed time > 5s
               user system elapsed
drawingKaryo 12.224  0.667  12.877
makeData      6.038  0.599   7.987
* checking for unstated dependencies in vignettes ... OK
* checking package vignettes in ‘inst/doc’ ... OK
* checking running R code from vignettes ...
  ‘RIPAT_manual_v0.99.8.Rmd’ using ‘UTF-8’... OK
 NONE
* checking re-building of vignette outputs ... ERROR
Error(s) in re-building vignettes:
  ...
--- re-building ‘RIPAT_manual_v0.99.8.Rmd’ using rmarkdown
Error: processing vignette 'RIPAT_manual_v0.99.8.Rmd' failed with diagnostics:
there is no package called ‘BiocStyle’
--- failed re-building ‘RIPAT_manual_v0.99.8.Rmd’
SUMMARY: processing the following file failed:
  ‘RIPAT_manual_v0.99.8.Rmd’
Error: Vignette re-building failed.
Execution halted
* checking PDF version of manual ... OK
* DONE
Status: 1 ERROR, 1 NOTE
See
  ‘/home/biocbuild/bbs-3.17-bioc/meat/RIPAT.Rcheck/00check.log’
for details.
RIPAT.Rcheck/00install.out
############################################################################## ############################################################################## ### ### Running command: ### ### /home/biocbuild/bbs-3.17-bioc/R/bin/R CMD INSTALL RIPAT ### ############################################################################## ############################################################################## * installing to library ‘/home/biocbuild/bbs-3.17-bioc/R/site-library’ * installing *source* package ‘RIPAT’ ... ** using staged installation ** R ** data ** inst ** byte-compile and prepare package for lazy loading ** help *** installing help indices ** building package indices ** installing vignettes ** testing if installed package can be loaded from temporary location ** testing if installed package can be loaded from final location ** testing if installed package keeps a record of temporary installation path * DONE (RIPAT)
RIPAT.Rcheck/RIPAT-Ex.timings
| name | user | system | elapsed | |
| annoByCpG | 4.148 | 0.228 | 4.347 | |
| annoByGene | 1.530 | 0.056 | 1.585 | |
| annoByRepeat | 1.355 | 0.028 | 1.383 | |
| annoByVar | 0.857 | 0.016 | 0.873 | |
| blast_gene | 0.066 | 0.000 | 0.066 | |
| blast_obj | 0.001 | 0.000 | 0.002 | |
| cpg_exam_db | 0.005 | 0.004 | 0.009 | |
| drawingKaryo | 12.224 | 0.667 | 12.877 | |
| gene_exam_db | 0.034 | 0.005 | 0.038 | |
| makeData | 6.038 | 0.599 | 7.987 | |
| makeDocument | 3.439 | 0.248 | 3.666 | |
| makeInputObj | 0.799 | 0.044 | 0.845 | |
| makeInputObj2 | 0.666 | 0.056 | 0.722 | |
| micro_exam_db | 0.005 | 0.000 | 0.005 | |
| repeat_exam_db | 0.000 | 0.008 | 0.007 | |
| tss_exam_db | 0.019 | 0.004 | 0.023 | |
| var_exam_db | 0.068 | 0.004 | 0.072 | |