| Back to Multiple platform build/check report for BioC 3.17: simplified long |
|
This page was generated on 2023-10-16 11:37:13 -0400 (Mon, 16 Oct 2023).
| Hostname | OS | Arch (*) | R version | Installed pkgs |
|---|---|---|---|---|
| nebbiolo1 | Linux (Ubuntu 22.04.2 LTS) | x86_64 | 4.3.1 (2023-06-16) -- "Beagle Scouts" | 4626 |
| palomino3 | Windows Server 2022 Datacenter | x64 | 4.3.1 (2023-06-16 ucrt) -- "Beagle Scouts" | 4379 |
| merida1 | macOS 12.6.4 Monterey | x86_64 | 4.3.1 (2023-06-16) -- "Beagle Scouts" | 4395 |
| Click on any hostname to see more info about the system (e.g. compilers) (*) as reported by 'uname -p', except on Windows and Mac OS X | ||||
| Package 1162/2230 | Hostname | OS / Arch | INSTALL | BUILD | CHECK | BUILD BIN | ||||||||
| MesKit 1.10.0 (landing page) Mengni Liu
| nebbiolo1 | Linux (Ubuntu 22.04.2 LTS) / x86_64 | OK | OK | WARNINGS | |||||||||
| palomino3 | Windows Server 2022 Datacenter / x64 | OK | OK | WARNINGS | OK | |||||||||
| merida1 | macOS 12.6.4 Monterey / x86_64 | OK | OK | WARNINGS | OK | |||||||||
| kjohnson2 | macOS 12.6.1 Monterey / arm64 | see weekly results here | ||||||||||||
|
To the developers/maintainers of the MesKit package: - Allow up to 24 hours (and sometimes 48 hours) for your latest push to git@git.bioconductor.org:packages/MesKit.git to reflect on this report. See Troubleshooting Build Report for more information. - Use the following Renviron settings to reproduce errors and warnings. - If 'R CMD check' started to fail recently on the Linux builder(s) over a missing dependency, add the missing dependency to 'Suggests:' in your DESCRIPTION file. See Renviron.bioc for more information. |
| Package: MesKit |
| Version: 1.10.0 |
| Command: /Library/Frameworks/R.framework/Resources/bin/R CMD check --install=check:MesKit.install-out.txt --library=/Library/Frameworks/R.framework/Resources/library --no-vignettes --timings MesKit_1.10.0.tar.gz |
| StartedAt: 2023-10-16 03:35:45 -0400 (Mon, 16 Oct 2023) |
| EndedAt: 2023-10-16 04:05:17 -0400 (Mon, 16 Oct 2023) |
| EllapsedTime: 1772.4 seconds |
| RetCode: 0 |
| Status: WARNINGS |
| CheckDir: MesKit.Rcheck |
| Warnings: 1 |
##############################################################################
##############################################################################
###
### Running command:
###
### /Library/Frameworks/R.framework/Resources/bin/R CMD check --install=check:MesKit.install-out.txt --library=/Library/Frameworks/R.framework/Resources/library --no-vignettes --timings MesKit_1.10.0.tar.gz
###
##############################################################################
##############################################################################
* using log directory ‘/Users/biocbuild/bbs-3.17-bioc/meat/MesKit.Rcheck’
* using R version 4.3.1 (2023-06-16)
* using platform: x86_64-apple-darwin20 (64-bit)
* R was compiled by
Apple clang version 14.0.3 (clang-1403.0.22.14.1)
GNU Fortran (GCC) 12.2.0
* running under: macOS Monterey 12.6.4
* using session charset: UTF-8
* using option ‘--no-vignettes’
* checking for file ‘MesKit/DESCRIPTION’ ... OK
* checking extension type ... Package
* this is package ‘MesKit’ version ‘1.10.0’
* package encoding: UTF-8
* checking package namespace information ... OK
* checking package dependencies ... OK
* checking if this is a source package ... OK
* checking if there is a namespace ... OK
* checking for hidden files and directories ... OK
* checking for portable file names ... OK
* checking for sufficient/correct file permissions ... OK
* checking whether package ‘MesKit’ can be installed ... WARNING
Found the following significant warnings:
Warning: replacing previous import ‘ape::degree’ by ‘circlize::degree’ when loading ‘MesKit’
Warning: replacing previous import ‘ape::where’ by ‘dplyr::where’ when loading ‘MesKit’
See ‘/Users/biocbuild/bbs-3.17-bioc/meat/MesKit.Rcheck/00install.out’ for details.
* checking installed package size ... NOTE
installed size is 5.9Mb
sub-directories of 1Mb or more:
extdata 4.9Mb
* checking package directory ... OK
* checking ‘build’ directory ... OK
* checking DESCRIPTION meta-information ... OK
* checking top-level files ... NOTE
File
LICENSE
is not mentioned in the DESCRIPTION file.
* checking for left-over files ... OK
* checking index information ... OK
* checking package subdirectories ... OK
* checking R files for non-ASCII characters ... OK
* checking R files for syntax errors ... OK
* checking whether the package can be loaded ... OK
* checking whether the package can be loaded with stated dependencies ... OK
* checking whether the package can be unloaded cleanly ... OK
* checking whether the namespace can be loaded with stated dependencies ... OK
* checking whether the namespace can be unloaded cleanly ... OK
* checking dependencies in R code ... OK
* checking S3 generic/method consistency ... OK
* checking replacement functions ... OK
* checking foreign function calls ... OK
* checking R code for possible problems ... NOTE
calJSI : processJSI: no visible binding for global variable ‘CCF’
cna2gene: no visible global function definition for ‘genes’
cna2gene: no visible binding for global variable ‘org.Hs.eg.db’
cna2gene: no visible binding for global variable ‘seqnames’
cna2gene: no visible binding for global variable ‘Chromosome’
cna2gene: no visible binding for global variable ‘Hugo_Symbol’
cna2gene: no visible binding for global variable ‘Start_Position’
cna2gene: no visible binding for global variable ‘End_Position’
cna2gene: no visible binding for global variable ‘i.End_Position’
cna2gene: no visible binding for global variable ‘i.Start_Position’
cna2gene: no visible binding for global variable ‘Patient_ID’
cna2gene: no visible binding for global variable ‘Tumor_Sample_Barcode’
cna2gene: no visible binding for global variable ‘seg_id’
cna2gene: no visible binding for global variable ‘overlap_width’
copyNumberFilter: no visible binding for global variable ‘Patient_ID’
drawVAFCombine: no visible binding for global variable ‘V’
drawVAFCombineVline: no visible binding for global variable ‘V’
fitSignatures : processFitSig: no visible binding for global variable
‘Branch’
fitSignatures : processFitSig: no visible binding for global variable
‘Original’
fitSignatures : processFitSig: no visible binding for global variable
‘Reconstructed’
mutCluster : processVafcluster_sample: no visible binding for global
variable ‘cluster’
plotCNA: no visible binding for global variable ‘Cytoband’
plotCNA: no visible binding for global variable ‘Cytoband_pos’
plotCNA: no visible binding for global variable ‘gene_id’
plotCNA: no visible binding for global variable ‘gene_pos’
plotCNA: no visible binding for global variable ‘Hugo_Symbol’
plotTree: no visible binding for global variable ‘is.match’
plotTree: no visible binding for global variable ‘x’
plotTree: no visible binding for global variable ‘y’
plotTree: no visible binding for global variable ‘xend’
plotTree: no visible binding for global variable ‘yend’
Undefined global functions or variables:
Branch CCF Chromosome Cytoband Cytoband_pos End_Position Hugo_Symbol
Original Patient_ID Reconstructed Start_Position Tumor_Sample_Barcode
V cluster gene_id gene_pos genes i.End_Position i.Start_Position
is.match org.Hs.eg.db overlap_width seg_id seqnames x xend y yend
* checking Rd files ... OK
* checking Rd metadata ... OK
* checking Rd cross-references ... OK
* checking for missing documentation entries ... OK
* checking for code/documentation mismatches ... OK
* checking Rd \usage sections ... OK
* checking Rd contents ... OK
* checking for unstated dependencies in examples ... OK
* checking files in ‘vignettes’ ... OK
* checking examples ... OK
Examples with CPU (user + system) or elapsed time > 5s
user system elapsed
calFst 41.695 0.434 53.684
getCCFMatrix 40.273 0.474 50.647
getBinaryMatrix 39.652 0.880 55.250
getTreeMethod 39.240 0.422 50.843
getBranchType 39.267 0.388 50.199
getBootstrapValue 38.951 0.282 50.296
getTree 38.919 0.306 50.620
getMutBranches 38.394 0.819 49.799
getPhyloTreeRef 38.696 0.450 49.531
getPhyloTreePatient 38.256 0.303 49.509
getPhyloTreeTsbLabel 38.173 0.282 48.481
getPhyloTree 38.096 0.334 48.963
plotMutSigProfile 33.658 0.331 45.886
mutHeatmap 33.035 0.232 44.863
compareCCF 29.899 2.847 43.549
cna2gene 30.819 1.727 44.258
calNeiDist 30.977 0.165 39.576
calJSI 30.637 0.201 39.573
compareTree 28.439 0.271 36.567
mutCluster 26.608 1.190 39.265
fitSignatures 25.678 0.361 34.578
ccfAUC 25.606 0.170 32.862
mutTrunkBranch 24.992 0.296 36.829
triMatrix 24.136 0.361 32.468
plotMutProfile 23.980 0.246 32.766
classifyMut 22.544 1.200 29.961
plotPhyloTree 23.248 0.142 32.247
testNeutral 22.853 0.136 31.303
mathScore 20.094 0.100 30.065
getSampleInfo 19.523 0.113 25.755
getNonSyn_vc 19.443 0.106 26.063
readMaf 19.132 0.127 26.277
subMaf 19.041 0.093 26.776
getMafRef 18.601 0.086 23.683
getMafPatient 18.566 0.088 23.903
getMafData 18.487 0.083 23.446
plotCNA 5.887 0.067 8.328
* checking for unstated dependencies in vignettes ... OK
* checking package vignettes in ‘inst/doc’ ... OK
* checking running R code from vignettes ... SKIPPED
* checking re-building of vignette outputs ... SKIPPED
* checking PDF version of manual ... OK
* DONE
Status: 1 WARNING, 3 NOTEs
See
‘/Users/biocbuild/bbs-3.17-bioc/meat/MesKit.Rcheck/00check.log’
for details.
MesKit.Rcheck/00install.out
############################################################################## ############################################################################## ### ### Running command: ### ### /Library/Frameworks/R.framework/Resources/bin/R CMD INSTALL MesKit ### ############################################################################## ############################################################################## * installing to library ‘/Library/Frameworks/R.framework/Versions/4.3-x86_64/Resources/library’ * installing *source* package ‘MesKit’ ... ** using staged installation ** R ** inst ** byte-compile and prepare package for lazy loading Warning: replacing previous import ‘ape::degree’ by ‘circlize::degree’ when loading ‘MesKit’ Warning: replacing previous import ‘ape::where’ by ‘dplyr::where’ when loading ‘MesKit’ ** help *** installing help indices ** building package indices ** installing vignettes ** testing if installed package can be loaded from temporary location Warning: replacing previous import ‘ape::degree’ by ‘circlize::degree’ when loading ‘MesKit’ Warning: replacing previous import ‘ape::where’ by ‘dplyr::where’ when loading ‘MesKit’ ** testing if installed package can be loaded from final location Warning: replacing previous import ‘ape::degree’ by ‘circlize::degree’ when loading ‘MesKit’ Warning: replacing previous import ‘ape::where’ by ‘dplyr::where’ when loading ‘MesKit’ ** testing if installed package keeps a record of temporary installation path * DONE (MesKit)
MesKit.Rcheck/MesKit-Ex.timings
| name | user | system | elapsed | |
| calFst | 41.695 | 0.434 | 53.684 | |
| calJSI | 30.637 | 0.201 | 39.573 | |
| calNeiDist | 30.977 | 0.165 | 39.576 | |
| ccfAUC | 25.606 | 0.170 | 32.862 | |
| classifyMut | 22.544 | 1.200 | 29.961 | |
| cna2gene | 30.819 | 1.727 | 44.258 | |
| compareCCF | 29.899 | 2.847 | 43.549 | |
| compareTree | 28.439 | 0.271 | 36.567 | |
| fitSignatures | 25.678 | 0.361 | 34.578 | |
| getBinaryMatrix | 39.652 | 0.880 | 55.250 | |
| getBootstrapValue | 38.951 | 0.282 | 50.296 | |
| getBranchType | 39.267 | 0.388 | 50.199 | |
| getCCFMatrix | 40.273 | 0.474 | 50.647 | |
| getMafData | 18.487 | 0.083 | 23.446 | |
| getMafPatient | 18.566 | 0.088 | 23.903 | |
| getMafRef | 18.601 | 0.086 | 23.683 | |
| getMutBranches | 38.394 | 0.819 | 49.799 | |
| getNonSyn_vc | 19.443 | 0.106 | 26.063 | |
| getPhyloTree | 38.096 | 0.334 | 48.963 | |
| getPhyloTreePatient | 38.256 | 0.303 | 49.509 | |
| getPhyloTreeRef | 38.696 | 0.450 | 49.531 | |
| getPhyloTreeTsbLabel | 38.173 | 0.282 | 48.481 | |
| getSampleInfo | 19.523 | 0.113 | 25.755 | |
| getTree | 38.919 | 0.306 | 50.620 | |
| getTreeMethod | 39.240 | 0.422 | 50.843 | |
| mathScore | 20.094 | 0.100 | 30.065 | |
| mutCluster | 26.608 | 1.190 | 39.265 | |
| mutHeatmap | 33.035 | 0.232 | 44.863 | |
| mutTrunkBranch | 24.992 | 0.296 | 36.829 | |
| plotCNA | 5.887 | 0.067 | 8.328 | |
| plotMutProfile | 23.980 | 0.246 | 32.766 | |
| plotMutSigProfile | 33.658 | 0.331 | 45.886 | |
| plotPhyloTree | 23.248 | 0.142 | 32.247 | |
| readMaf | 19.132 | 0.127 | 26.277 | |
| readSegment | 1.028 | 0.010 | 1.449 | |
| runMesKit | 0.000 | 0.001 | 0.007 | |
| subMaf | 19.041 | 0.093 | 26.776 | |
| testNeutral | 22.853 | 0.136 | 31.303 | |
| triMatrix | 24.136 | 0.361 | 32.468 | |