| Back to Multiple platform build/check report for BioC 3.17: simplified long |
|
This page was generated on 2023-10-16 11:35:15 -0400 (Mon, 16 Oct 2023).
| Hostname | OS | Arch (*) | R version | Installed pkgs |
|---|---|---|---|---|
| nebbiolo1 | Linux (Ubuntu 22.04.2 LTS) | x86_64 | 4.3.1 (2023-06-16) -- "Beagle Scouts" | 4626 |
| palomino3 | Windows Server 2022 Datacenter | x64 | 4.3.1 (2023-06-16 ucrt) -- "Beagle Scouts" | 4379 |
| merida1 | macOS 12.6.4 Monterey | x86_64 | 4.3.1 (2023-06-16) -- "Beagle Scouts" | 4395 |
| Click on any hostname to see more info about the system (e.g. compilers) (*) as reported by 'uname -p', except on Windows and Mac OS X | ||||
| Package 339/2230 | Hostname | OS / Arch | INSTALL | BUILD | CHECK | BUILD BIN | ||||||||
| ChromSCape 1.10.0 (landing page) Pacome Prompsy
| nebbiolo1 | Linux (Ubuntu 22.04.2 LTS) / x86_64 | OK | OK | WARNINGS | |||||||||
| palomino3 | Windows Server 2022 Datacenter / x64 | OK | OK | WARNINGS | OK | |||||||||
| merida1 | macOS 12.6.4 Monterey / x86_64 | OK | OK | WARNINGS | OK | |||||||||
| kjohnson2 | macOS 12.6.1 Monterey / arm64 | see weekly results here | ||||||||||||
|
To the developers/maintainers of the ChromSCape package: - Allow up to 24 hours (and sometimes 48 hours) for your latest push to git@git.bioconductor.org:packages/ChromSCape.git to reflect on this report. See Troubleshooting Build Report for more information. - Use the following Renviron settings to reproduce errors and warnings. - If 'R CMD check' started to fail recently on the Linux builder(s) over a missing dependency, add the missing dependency to 'Suggests:' in your DESCRIPTION file. See Renviron.bioc for more information. |
| Package: ChromSCape |
| Version: 1.10.0 |
| Command: /home/biocbuild/bbs-3.17-bioc/R/bin/R CMD check --install=check:ChromSCape.install-out.txt --library=/home/biocbuild/bbs-3.17-bioc/R/site-library --timings ChromSCape_1.10.0.tar.gz |
| StartedAt: 2023-10-15 20:04:00 -0400 (Sun, 15 Oct 2023) |
| EndedAt: 2023-10-15 20:16:10 -0400 (Sun, 15 Oct 2023) |
| EllapsedTime: 729.9 seconds |
| RetCode: 0 |
| Status: WARNINGS |
| CheckDir: ChromSCape.Rcheck |
| Warnings: 4 |
##############################################################################
##############################################################################
###
### Running command:
###
### /home/biocbuild/bbs-3.17-bioc/R/bin/R CMD check --install=check:ChromSCape.install-out.txt --library=/home/biocbuild/bbs-3.17-bioc/R/site-library --timings ChromSCape_1.10.0.tar.gz
###
##############################################################################
##############################################################################
* using log directory ‘/home/biocbuild/bbs-3.17-bioc/meat/ChromSCape.Rcheck’
* using R version 4.3.1 (2023-06-16)
* using platform: x86_64-pc-linux-gnu (64-bit)
* R was compiled by
gcc (Ubuntu 11.3.0-1ubuntu1~22.04.1) 11.3.0
GNU Fortran (Ubuntu 11.3.0-1ubuntu1~22.04.1) 11.3.0
* running under: Ubuntu 22.04.3 LTS
* using session charset: UTF-8
* checking for file ‘ChromSCape/DESCRIPTION’ ... OK
* this is package ‘ChromSCape’ version ‘1.10.0’
* package encoding: UTF-8
* checking package namespace information ... OK
* checking package dependencies ... OK
* checking if this is a source package ... OK
* checking if there is a namespace ... OK
* checking for hidden files and directories ... NOTE
Found the following hidden files and directories:
.BBSoptions
These were most likely included in error. See section ‘Package
structure’ in the ‘Writing R Extensions’ manual.
* checking for portable file names ... OK
* checking for sufficient/correct file permissions ... OK
* checking whether package ‘ChromSCape’ can be installed ... OK
* used C++ compiler: ‘g++ (Ubuntu 11.4.0-1ubuntu1~22.04) 11.4.0’
* checking installed package size ... OK
* checking package directory ... OK
* checking ‘build’ directory ... OK
* checking DESCRIPTION meta-information ... OK
* checking top-level files ... OK
* checking for left-over files ... OK
* checking index information ... OK
* checking package subdirectories ... OK
* checking R files for non-ASCII characters ... OK
* checking R files for syntax errors ... OK
* checking whether the package can be loaded ... OK
* checking whether the package can be loaded with stated dependencies ... OK
* checking whether the package can be unloaded cleanly ... OK
* checking whether the namespace can be loaded with stated dependencies ... OK
* checking whether the namespace can be unloaded cleanly ... OK
* checking loading without being on the library search path ... OK
* checking startup messages can be suppressed ... OK
* checking dependencies in R code ... WARNING
'library' or 'require' call not declared from: ‘dplyr’
'library' or 'require' call to ‘dplyr’ in package code.
Please use :: or requireNamespace() instead.
See section 'Suggested packages' in the 'Writing R Extensions' manual.
* checking S3 generic/method consistency ... OK
* checking replacement functions ... OK
* checking foreign function calls ... OK
* checking R code for possible problems ... NOTE
bams_to_matrix_indexes: no visible binding for global variable
‘files_dir_list’
enrich_TF_ChEA3_genes: no visible binding for global variable
‘CheA3_TF_nTargets’
filter_correlated_cell_scExp: no visible binding for global variable
‘run_tsne’
generate_analysis: no visible global function definition for ‘head’
generate_analysis: no visible binding for global variable ‘k’
generate_analysis: no visible binding for global variable
‘clusterConsensus’
get_most_variable_cyto: no visible binding for global variable
‘cytoBand’
get_most_variable_cyto: no visible binding for global variable
‘Fri_cyto’
num_cell_after_QC_filt_scExp: no visible binding for global variable
‘sample_id’
num_cell_after_QC_filt_scExp: no visible binding for global variable
‘total_counts’
num_cell_scExp: no visible binding for global variable ‘sample_id’
num_cell_scExp: no visible binding for global variable ‘total_counts’
plot_correlation_PCA_scExp: no visible binding for global variable
‘Component’
plot_coverage_BigWig: no visible binding for global variable ‘molecule’
plot_coverage_BigWig: no visible binding for global variable
‘orientation’
plot_coverage_BigWig: no visible binding for global variable ‘Gene’
plot_gain_or_loss_barplots: no visible binding for global variable
‘Gain_or_Loss’
plot_gain_or_loss_barplots: no visible binding for global variable
‘ncells’
plot_gain_or_loss_barplots: no visible binding for global variable
‘cytoBand’
plot_most_contributing_features: no visible binding for global variable
‘genes’
plot_percent_active_feature_scExp: no visible binding for global
variable ‘group’
plot_percent_active_feature_scExp: no visible binding for global
variable ‘percent_active’
plot_pie_most_contributing_chr: no visible binding for global variable
‘absolute_value’
plot_reduced_dim_scExp: no visible binding for global variable ‘V1’
plot_reduced_dim_scExp: no visible binding for global variable ‘V2’
plot_reduced_dim_scExp: no visible binding for global variable
‘cluster’
plot_top_TF_scExp: no visible binding for global variable ‘TF’
rebin_helper: no visible binding for global variable ‘new_row’
rebin_helper: no visible binding for global variable ‘origin_value’
rebin_matrix: no visible binding for global variable ‘group’
subset_bam_call_peaks: no visible binding for global variable
‘merged_bam’
Undefined global functions or variables:
CheA3_TF_nTargets Component Fri_cyto Gain_or_Loss Gene TF V1 V2
absolute_value cluster clusterConsensus cytoBand files_dir_list genes
group head k merged_bam molecule ncells new_row orientation
origin_value percent_active run_tsne sample_id total_counts
Consider adding
importFrom("utils", "head")
to your NAMESPACE file.
* checking Rd files ... NOTE
prepare_Rd: raw_counts_to_sparse_matrix.Rd:6-8: Dropping empty section \source
* checking Rd metadata ... OK
* checking Rd cross-references ... OK
* checking for missing documentation entries ... OK
* checking for code/documentation mismatches ... WARNING
Codoc mismatches from documentation object 'generate_analysis':
generate_analysis
Code: function(input_data_folder, analysis_name = "Analysis_1",
output_directory = "./", input_data_type = c("scBED",
"DenseMatrix", "SparseMatrix", "scBAM")[1],
feature_count_on = c("bins", "genebody", "peaks")[1],
feature_count_parameter = 50000, rebin_sparse_matrix =
FALSE, ref_genome = c("hg38", "mm10")[1], run =
c("filter", "CNA", "cluster", "consensus", "coverage",
"DA", "GSA", "report")[c(1, 3, 5, 6, 7, 8)],
min_reads_per_cell = 1000, max_quantile_read_per_cell
= 99, n_top_features = 40000, norm_type = "CPM",
subsample_n = NULL, exclude_regions = NULL, n_clust =
NULL, corr_threshold = 99, percent_correlation = 1,
maxK = 10, qval.th = 0.1, logFC.th = 1,
enrichment_qval = 0.1, doBatchCorr = FALSE, batch_sels
= NULL, control_samples_CNA = NULL, genes_to_plot =
c("Krt8", "Krt5", "Tgfb1", "Foxq1", "Cdkn2b",
"Cdkn2a", "chr7:15000000-20000000"))
Docs: function(input_data_folder, analysis_name = "Analysis_1",
output_directory = "./", input_data_type = c("scBED",
"DenseMatrix", "SparseMatrix", "scBAM")[1],
rebin_sparse_matrix = FALSE, feature_count_on =
c("bins", "genebody", "peaks")[1],
feature_count_parameter = 50000, ref_genome =
c("hg38", "mm10")[1], run = c("filter", "CNA",
"cluster", "consensus", "peak_call", "coverage", "DA",
"GSA", "report")[c(1, 3, 6, 7, 8, 9)],
min_reads_per_cell = 1000, max_quantile_read_per_cell
= 99, n_top_features = 40000, norm_type = "CPM",
subsample_n = NULL, exclude_regions = NULL, n_clust =
NULL, corr_threshold = 99, percent_correlation = 1,
maxK = 10, qval.th = 0.1, logFC.th = 1,
enrichment_qval = 0.1, doBatchCorr = FALSE, batch_sels
= NULL, control_samples_CNA = NULL, genes_to_plot =
c("Krt8", "Krt5", "Tgfb1", "Foxq1", "Cdkn2b",
"Cdkn2a", "chr7:15000000-20000000"))
Mismatches in argument names:
Position: 5 Code: feature_count_on Docs: rebin_sparse_matrix
Position: 6 Code: feature_count_parameter Docs: feature_count_on
Position: 7 Code: rebin_sparse_matrix Docs: feature_count_parameter
Mismatches in argument default values:
Name: 'run'
Code: c("filter", "CNA", "cluster", "consensus", "coverage", "DA",
"GSA", "report")[c(1, 3, 5, 6, 7, 8)]
Docs: c("filter", "CNA", "cluster", "consensus", "peak_call", "coverage",
"DA", "GSA", "report")[c(1, 3, 6, 7, 8, 9)]
* checking Rd \usage sections ... WARNING
Undocumented arguments in documentation object 'rebin_matrix'
‘rebin_function’
Functions with \usage entries need to have the appropriate \alias
entries, and all their arguments documented.
The \usage entries must correspond to syntactically valid R code.
See chapter ‘Writing R documentation files’ in the ‘Writing R
Extensions’ manual.
* checking Rd contents ... OK
* checking for unstated dependencies in examples ... OK
* checking contents of ‘data’ directory ... OK
* checking data for non-ASCII characters ... OK
* checking data for ASCII and uncompressed saves ... OK
* checking line endings in C/C++/Fortran sources/headers ... OK
* checking compiled code ... NOTE
Note: information on .o files is not available
* checking files in ‘vignettes’ ... OK
* checking examples ... WARNING
Found the following significant warnings:
Warning: 'as(<matrix>, "dspMatrix")' is deprecated.
Deprecated functions may be defunct as soon as of the next release of
R.
See ?Deprecated.
Examples with CPU (user + system) or elapsed time > 5s
user system elapsed
plot_gain_or_loss_barplots 46.282 0.256 46.537
get_pathway_mat_scExp 29.346 1.748 31.094
calculate_CNA 22.466 1.840 24.306
plot_reduced_dim_scExp_CNA 24.061 0.192 24.403
calculate_gain_or_loss 22.323 0.628 22.951
calculate_cyto_mat 21.629 0.676 22.304
calculate_logRatio_CNA 21.672 0.576 22.247
get_most_variable_cyto 21.346 0.347 21.693
get_cyto_features 18.753 0.612 19.365
filter_correlated_cell_scExp 10.263 2.166 12.365
num_cell_after_cor_filt_scExp 10.001 0.304 10.221
preprocessing_filtering_and_reduction 8.630 0.112 8.736
create_scDataset_raw 7.053 0.259 7.313
CompareWilcox 5.975 0.351 6.118
rebin_matrix 6.280 0.012 21.259
import_scExp 6.147 0.028 6.175
differential_activation 5.195 0.007 5.204
enrich_TF_ChEA3_scExp 1.148 0.064 5.306
* checking for unstated dependencies in ‘tests’ ... OK
* checking tests ...
Running ‘testthat.R’
OK
* checking for unstated dependencies in vignettes ... OK
* checking package vignettes in ‘inst/doc’ ... OK
* checking running R code from vignettes ...
‘vignette.Rmd’ using ‘UTF-8’... OK
NONE
* checking re-building of vignette outputs ... OK
* checking PDF version of manual ... OK
* DONE
Status: 4 WARNINGs, 4 NOTEs
See
‘/home/biocbuild/bbs-3.17-bioc/meat/ChromSCape.Rcheck/00check.log’
for details.
ChromSCape.Rcheck/00install.out
############################################################################## ############################################################################## ### ### Running command: ### ### /home/biocbuild/bbs-3.17-bioc/R/bin/R CMD INSTALL ChromSCape ### ############################################################################## ############################################################################## * installing to library ‘/home/biocbuild/bbs-3.17-bioc/R/site-library’ * installing *source* package ‘ChromSCape’ ... ** using staged installation ** libs using C++ compiler: ‘g++ (Ubuntu 11.4.0-1ubuntu1~22.04) 11.4.0’ g++ -std=gnu++17 -I"/home/biocbuild/bbs-3.17-bioc/R/include" -DNDEBUG -I'/home/biocbuild/bbs-3.17-bioc/R/site-library/Rcpp/include' -I/usr/local/include -fpic -g -O2 -Wall -c RcppExports.cpp -o RcppExports.o g++ -std=gnu++17 -I"/home/biocbuild/bbs-3.17-bioc/R/include" -DNDEBUG -I'/home/biocbuild/bbs-3.17-bioc/R/site-library/Rcpp/include' -I/usr/local/include -fpic -g -O2 -Wall -c as_dist.cpp -o as_dist.o g++ -std=gnu++17 -shared -L/home/biocbuild/bbs-3.17-bioc/R/lib -L/usr/local/lib -o ChromSCape.so RcppExports.o as_dist.o -L/home/biocbuild/bbs-3.17-bioc/R/lib -lR installing to /home/biocbuild/bbs-3.17-bioc/R/site-library/00LOCK-ChromSCape/00new/ChromSCape/libs ** R ** data ** inst ** byte-compile and prepare package for lazy loading ** help *** installing help indices ** building package indices ** installing vignettes ** testing if installed package can be loaded from temporary location ** checking absolute paths in shared objects and dynamic libraries ** testing if installed package can be loaded from final location ** testing if installed package keeps a record of temporary installation path * DONE (ChromSCape)
ChromSCape.Rcheck/tests/testthat.Rout
R version 4.3.1 (2023-06-16) -- "Beagle Scouts"
Copyright (C) 2023 The R Foundation for Statistical Computing
Platform: x86_64-pc-linux-gnu (64-bit)
R is free software and comes with ABSOLUTELY NO WARRANTY.
You are welcome to redistribute it under certain conditions.
Type 'license()' or 'licence()' for distribution details.
R is a collaborative project with many contributors.
Type 'contributors()' for more information and
'citation()' on how to cite R or R packages in publications.
Type 'demo()' for some demos, 'help()' for on-line help, or
'help.start()' for an HTML browser interface to help.
Type 'q()' to quit R.
> library(testthat)
> library(ChromSCape)
>
> test_check("ChromSCape")
[ FAIL 0 | WARN 2 | SKIP 0 | PASS 11 ]
[ FAIL 0 | WARN 2 | SKIP 0 | PASS 11 ]
>
> proc.time()
user system elapsed
35.916 2.486 38.214
ChromSCape.Rcheck/ChromSCape-Ex.timings
| name | user | system | elapsed | |
| CheA3_TF_nTargets | 0.008 | 0.000 | 0.008 | |
| CompareWilcox | 5.975 | 0.351 | 6.118 | |
| CompareedgeRGLM | 4.429 | 0.196 | 4.619 | |
| annotToCol2 | 0.883 | 0.052 | 0.934 | |
| calculate_CNA | 22.466 | 1.840 | 24.306 | |
| calculate_cyto_mat | 21.629 | 0.676 | 22.304 | |
| calculate_gain_or_loss | 22.323 | 0.628 | 22.951 | |
| calculate_logRatio_CNA | 21.672 | 0.576 | 22.247 | |
| choose_cluster_scExp | 3.286 | 0.084 | 3.365 | |
| colors_scExp | 0.294 | 0.008 | 0.301 | |
| consensus_clustering_scExp | 3.036 | 0.080 | 3.190 | |
| correlation_and_hierarchical_clust_scExp | 0.315 | 0.004 | 0.313 | |
| create_project_folder | 0.002 | 0.000 | 0.002 | |
| create_scDataset_raw | 7.053 | 0.259 | 7.313 | |
| create_scExp | 0.617 | 0.005 | 0.621 | |
| define_feature | 0.144 | 0.000 | 0.144 | |
| detect_samples | 0.987 | 0.032 | 0.961 | |
| differential_activation | 5.195 | 0.007 | 5.204 | |
| differential_analysis_scExp | 2.866 | 0.040 | 2.906 | |
| enrich_TF_ChEA3_genes | 0.466 | 0.108 | 1.910 | |
| enrich_TF_ChEA3_scExp | 1.148 | 0.064 | 5.306 | |
| exclude_features_scExp | 0.599 | 0.032 | 0.631 | |
| feature_annotation_scExp | 1.684 | 0.036 | 1.720 | |
| filter_correlated_cell_scExp | 10.263 | 2.166 | 12.365 | |
| filter_scExp | 0.809 | 0.024 | 0.834 | |
| find_clusters_louvain_scExp | 0.416 | 0.363 | 0.527 | |
| find_top_features | 0.343 | 0.028 | 0.371 | |
| gene_set_enrichment_analysis_scExp | 0.217 | 0.012 | 0.228 | |
| generate_analysis | 0.001 | 0.000 | 0.000 | |
| generate_coverage_tracks | 0 | 0 | 0 | |
| generate_report | 0.000 | 0.000 | 0.001 | |
| getExperimentNames | 0.254 | 0.016 | 0.270 | |
| getMainExperiment | 0.294 | 0.016 | 0.310 | |
| get_cyto_features | 18.753 | 0.612 | 19.365 | |
| get_genomic_coordinates | 0.533 | 0.020 | 0.553 | |
| get_most_variable_cyto | 21.346 | 0.347 | 21.693 | |
| get_pathway_mat_scExp | 29.346 | 1.748 | 31.094 | |
| has_genomic_coordinates | 0.937 | 0.031 | 0.968 | |
| import_scExp | 6.147 | 0.028 | 6.175 | |
| inter_correlation_scExp | 0.354 | 0.008 | 0.362 | |
| intra_correlation_scExp | 0.349 | 0.008 | 0.357 | |
| launchApp | 0 | 0 | 0 | |
| normalize_scExp | 0.628 | 0.028 | 0.656 | |
| num_cell_after_QC_filt_scExp | 0.626 | 0.004 | 0.629 | |
| num_cell_after_cor_filt_scExp | 10.001 | 0.304 | 10.221 | |
| num_cell_before_cor_filt_scExp | 0.205 | 0.000 | 0.205 | |
| num_cell_in_cluster_scExp | 0.439 | 0.000 | 0.431 | |
| num_cell_scExp | 0.469 | 0.008 | 0.477 | |
| plot_cluster_consensus_scExp | 0.886 | 0.020 | 0.906 | |
| plot_correlation_PCA_scExp | 0.865 | 0.000 | 0.866 | |
| plot_coverage_BigWig | 0.211 | 0.000 | 0.211 | |
| plot_differential_summary_scExp | 0.221 | 0.000 | 0.221 | |
| plot_differential_volcano_scExp | 0.319 | 0.008 | 0.328 | |
| plot_distribution_scExp | 0.395 | 0.012 | 0.406 | |
| plot_gain_or_loss_barplots | 46.282 | 0.256 | 46.537 | |
| plot_heatmap_scExp | 0.305 | 0.004 | 0.309 | |
| plot_inter_correlation_scExp | 0.54 | 0.00 | 0.54 | |
| plot_intra_correlation_scExp | 0.515 | 0.000 | 0.515 | |
| plot_most_contributing_features | 0.426 | 0.000 | 0.426 | |
| plot_percent_active_feature_scExp | 1.849 | 0.008 | 1.857 | |
| plot_pie_most_contributing_chr | 0.280 | 0.000 | 0.281 | |
| plot_reduced_dim_scExp | 2.778 | 0.000 | 2.778 | |
| plot_reduced_dim_scExp_CNA | 24.061 | 0.192 | 24.403 | |
| plot_top_TF_scExp | 0.459 | 0.000 | 0.458 | |
| plot_violin_feature_scExp | 1.886 | 0.012 | 1.898 | |
| preprocess_CPM | 0.535 | 0.020 | 0.554 | |
| preprocess_RPKM | 0.569 | 0.088 | 0.657 | |
| preprocess_TFIDF | 0.536 | 0.028 | 0.564 | |
| preprocess_TPM | 0.558 | 0.020 | 0.579 | |
| preprocess_feature_size_only | 0.540 | 0.032 | 0.571 | |
| preprocessing_filtering_and_reduction | 8.630 | 0.112 | 8.736 | |
| read_sparse_matrix | 0 | 0 | 0 | |
| rebin_matrix | 6.280 | 0.012 | 21.259 | |
| reduce_dims_scExp | 1.680 | 0.012 | 1.691 | |
| scExp | 1.043 | 0.004 | 1.046 | |
| subsample_scExp | 0.738 | 0.004 | 0.741 | |
| subset_bam_call_peaks | 0.001 | 0.000 | 0.000 | |
| summary_DA | 0.229 | 0.000 | 0.228 | |
| swapAltExp_sameColData | 0.29 | 0.00 | 0.29 | |
| table_enriched_genes_scExp | 0.211 | 0.000 | 0.212 | |
| wrapper_Signac_FeatureMatrix | 0 | 0 | 0 | |