| Back to Multiple platform build/check report for BioC 3.17: simplified long | 
 | 
This page was generated on 2023-10-16 11:35:17 -0400 (Mon, 16 Oct 2023).
| Hostname | OS | Arch (*) | R version | Installed pkgs | 
|---|---|---|---|---|
| nebbiolo1 | Linux (Ubuntu 22.04.2 LTS) | x86_64 | 4.3.1 (2023-06-16) -- "Beagle Scouts" | 4626 | 
| palomino3 | Windows Server 2022 Datacenter | x64 | 4.3.1 (2023-06-16 ucrt) -- "Beagle Scouts" | 4379 | 
| merida1 | macOS 12.6.4 Monterey | x86_64 | 4.3.1 (2023-06-16) -- "Beagle Scouts" | 4395 | 
| Click on any hostname to see more info about the system (e.g. compilers) (*) as reported by 'uname -p', except on Windows and Mac OS X | ||||
| Package 440/2230 | Hostname | OS / Arch | INSTALL | BUILD | CHECK | BUILD BIN | ||||||||
| COSNet 1.34.0  (landing page) Marco Frasca 
 | nebbiolo1 | Linux (Ubuntu 22.04.2 LTS) / x86_64 | OK | OK | WARNINGS |  | ||||||||
| palomino3 | Windows Server 2022 Datacenter / x64 | OK | OK | WARNINGS | OK |  | ||||||||
| merida1 | macOS 12.6.4 Monterey / x86_64 | OK | OK | WARNINGS | OK |  | ||||||||
| kjohnson2 | macOS 12.6.1 Monterey / arm64 | see weekly results here | ||||||||||||
| To the developers/maintainers of the COSNet package: - Allow up to 24 hours (and sometimes 48 hours) for your latest push to git@git.bioconductor.org:packages/COSNet.git to reflect on this report. See Troubleshooting Build Report for more information. - Use the following Renviron settings to reproduce errors and warnings. - If 'R CMD check' started to fail recently on the Linux builder(s) over a missing dependency, add the missing dependency to 'Suggests:' in your DESCRIPTION file. See Renviron.bioc for more information. | 
| Package: COSNet | 
| Version: 1.34.0 | 
| Command: /home/biocbuild/bbs-3.17-bioc/R/bin/R CMD check --install=check:COSNet.install-out.txt --library=/home/biocbuild/bbs-3.17-bioc/R/site-library --timings COSNet_1.34.0.tar.gz | 
| StartedAt: 2023-10-15 20:23:46 -0400 (Sun, 15 Oct 2023) | 
| EndedAt: 2023-10-15 20:33:37 -0400 (Sun, 15 Oct 2023) | 
| EllapsedTime: 591.6 seconds | 
| RetCode: 0 | 
| Status: WARNINGS | 
| CheckDir: COSNet.Rcheck | 
| Warnings: 1 | 
##############################################################################
##############################################################################
###
### Running command:
###
###   /home/biocbuild/bbs-3.17-bioc/R/bin/R CMD check --install=check:COSNet.install-out.txt --library=/home/biocbuild/bbs-3.17-bioc/R/site-library --timings COSNet_1.34.0.tar.gz
###
##############################################################################
##############################################################################
* using log directory ‘/home/biocbuild/bbs-3.17-bioc/meat/COSNet.Rcheck’
* using R version 4.3.1 (2023-06-16)
* using platform: x86_64-pc-linux-gnu (64-bit)
* R was compiled by
    gcc (Ubuntu 11.3.0-1ubuntu1~22.04.1) 11.3.0
    GNU Fortran (Ubuntu 11.3.0-1ubuntu1~22.04.1) 11.3.0
* running under: Ubuntu 22.04.3 LTS
* using session charset: UTF-8
* checking for file ‘COSNet/DESCRIPTION’ ... OK
* checking extension type ... Package
* this is package ‘COSNet’ version ‘1.34.0’
* checking package namespace information ... OK
* checking package dependencies ... OK
* checking if this is a source package ... OK
* checking if there is a namespace ... OK
* checking for hidden files and directories ... OK
* checking for portable file names ... OK
* checking for sufficient/correct file permissions ... OK
* checking whether package ‘COSNet’ can be installed ... OK
* used C compiler: ‘gcc (Ubuntu 11.4.0-1ubuntu1~22.04) 11.4.0’
* checking installed package size ... OK
* checking package directory ... OK
* checking ‘build’ directory ... OK
* checking DESCRIPTION meta-information ... OK
* checking top-level files ... OK
* checking for left-over files ... OK
* checking index information ... OK
* checking package subdirectories ... OK
* checking R files for non-ASCII characters ... OK
* checking R files for syntax errors ... OK
* checking whether the package can be loaded ... OK
* checking whether the package can be loaded with stated dependencies ... OK
* checking whether the package can be unloaded cleanly ... OK
* checking whether the namespace can be loaded with stated dependencies ... OK
* checking whether the namespace can be unloaded cleanly ... OK
* checking loading without being on the library search path ... OK
* checking startup messages can be suppressed ... NOTE
COSNet: Cost-Sensitive algorithm for binary classification in graphs.
It looks like this package (or a package it requires) has a startup
message which cannot be suppressed: see ?packageStartupMessage.
* checking dependencies in R code ... OK
* checking S3 generic/method consistency ... OK
* checking replacement functions ... OK
* checking foreign function calls ... OK
* checking R code for possible problems ... NOTE
File ‘COSNet/R/COSNet.R’:
  .onAttach calls:
    cat("COSNet: Cost-Sensitive algorithm for binary classification in graphs.\n")
Package startup functions should use ‘packageStartupMessage’ to
  generate messages.
See section ‘Good practice’ in '?.onAttach'.
generate_labels: no visible global function definition for ‘runif’
Undefined global functions or variables:
  runif
Consider adding
  importFrom("stats", "runif")
to your NAMESPACE file.
* checking Rd files ... WARNING
checkRd: (7) COSNet-package.Rd:30: Invalid email address: {frasca,valentini}@di.unimi.it
* checking Rd metadata ... OK
* checking Rd cross-references ... OK
* checking for missing documentation entries ... OK
* checking for code/documentation mismatches ... OK
* checking Rd \usage sections ... OK
* checking Rd contents ... OK
* checking for unstated dependencies in examples ... OK
* checking line endings in C/C++/Fortran sources/headers ... OK
* checking compiled code ... NOTE
Note: information on .o files is not available
File ‘/home/biocbuild/bbs-3.17-bioc/R/site-library/COSNet/libs/COSNet.so’:
  Found ‘rand’, possibly from ‘rand’ (C)
  Found ‘srand’, possibly from ‘srand’ (C)
Compiled code should not call entry points which might terminate R nor
write to stdout/stderr instead of to the console, nor use Fortran I/O
nor system RNGs nor [v]sprintf. The detected symbols are linked into
the code but might come from libraries and not actually be called.
See ‘Writing portable packages’ in the ‘Writing R Extensions’ manual.
* checking files in ‘vignettes’ ... OK
* checking examples ... OK
Examples with CPU (user + system) or elapsed time > 5s
                          user system elapsed
cosnet.cross.validation 12.398   0.54  12.939
* checking for unstated dependencies in ‘tests’ ... OK
* checking tests ...
  Running ‘runTests.R’
 OK
* checking for unstated dependencies in vignettes ... OK
* checking package vignettes in ‘inst/doc’ ... OK
* checking running R code from vignettes ...
  ‘COSNet_v.Rnw’... OK
 OK
* checking re-building of vignette outputs ... OK
* checking PDF version of manual ... OK
* DONE
Status: 1 WARNING, 3 NOTEs
See
  ‘/home/biocbuild/bbs-3.17-bioc/meat/COSNet.Rcheck/00check.log’
for details.
COSNet.Rcheck/00install.out
############################################################################## ############################################################################## ### ### Running command: ### ### /home/biocbuild/bbs-3.17-bioc/R/bin/R CMD INSTALL COSNet ### ############################################################################## ############################################################################## * installing to library ‘/home/biocbuild/bbs-3.17-bioc/R/site-library’ * installing *source* package ‘COSNet’ ... ** using staged installation ** libs using C compiler: ‘gcc (Ubuntu 11.4.0-1ubuntu1~22.04) 11.4.0’ gcc -I"/home/biocbuild/bbs-3.17-bioc/R/include" -DNDEBUG -I/usr/local/include -fpic -g -O2 -Wall -c COSNet.c -o COSNet.o gcc -shared -L/home/biocbuild/bbs-3.17-bioc/R/lib -L/usr/local/lib -o COSNet.so COSNet.o -L/home/biocbuild/bbs-3.17-bioc/R/lib -lR installing to /home/biocbuild/bbs-3.17-bioc/R/site-library/00LOCK-COSNet/00new/COSNet/libs ** R ** inst ** byte-compile and prepare package for lazy loading ** help *** installing help indices ** building package indices ** installing vignettes ** testing if installed package can be loaded from temporary location COSNet: Cost-Sensitive algorithm for binary classification in graphs. ** checking absolute paths in shared objects and dynamic libraries ** testing if installed package can be loaded from final location COSNet: Cost-Sensitive algorithm for binary classification in graphs. ** testing if installed package keeps a record of temporary installation path * DONE (COSNet)
COSNet.Rcheck/tests/runTests.Rout
R version 4.3.1 (2023-06-16) -- "Beagle Scouts"
Copyright (C) 2023 The R Foundation for Statistical Computing
Platform: x86_64-pc-linux-gnu (64-bit)
R is free software and comes with ABSOLUTELY NO WARRANTY.
You are welcome to redistribute it under certain conditions.
Type 'license()' or 'licence()' for distribution details.
R is a collaborative project with many contributors.
Type 'contributors()' for more information and
'citation()' on how to cite R or R packages in publications.
Type 'demo()' for some demos, 'help()' for on-line help, or
'help.start()' for an HTML browser interface to help.
Type 'q()' to quit R.
> BiocGenerics:::testPackage("COSNet")
COSNet: Cost-Sensitive algorithm for binary classification in graphs.
0.504 
RUNIT TEST PROTOCOL -- Sun Oct 15 20:24:13 2023 
*********************************************** 
Number of test functions: 9 
Number of errors: 0 
Number of failures: 0 
 
1 Test Suite : 
COSNet RUnit Tests - 9 test functions, 0 errors, 0 failures
Number of test functions: 9 
Number of errors: 0 
Number of failures: 0 
> 
> proc.time()
   user  system elapsed 
  0.376   0.068   0.431 
COSNet.Rcheck/COSNet-Ex.timings
| name | user | system | elapsed | |
| COSNet | 0.434 | 0.035 | 0.470 | |
| cosnet.cross.validation | 12.398 | 0.540 | 12.939 | |
| find.division.not.strat | 0.001 | 0.000 | 0.001 | |
| find.division.strat | 0.000 | 0.000 | 0.001 | |
| generate_labels | 0.000 | 0.000 | 0.001 | |
| generate_points | 0.001 | 0.000 | 0.002 | |
| optimize_pos_above | 0.337 | 0.028 | 0.365 | |
| optimizep | 0.335 | 0.012 | 0.348 | |
| reg_data | 0.422 | 0.079 | 0.501 | |
| runSubnet | 0.327 | 0.027 | 0.355 | |