Back to Build/check report for BioC 3.16 annotations |
|
This page was generated on 2023-04-12 06:00:10 -0400 (Wed, 12 Apr 2023).
Hostname | OS | Arch (*) | R version | Installed pkgs |
---|---|---|---|---|
nebbiolo2 | Linux (Ubuntu 20.04.5 LTS) | x86_64 | 4.2.3 (2023-03-15) -- "Shortstop Beagle" | 4502 |
Click on any hostname to see more info about the system (e.g. compilers) (*) as reported by 'uname -p', except on Windows and Mac OS X |
To the developers/maintainers of the alternativeSplicingEvents.hg19 package: Make sure to use the following settings in order to reproduce any error or warning you see on this page. |
Package 8/36 | Hostname | OS / Arch | INSTALL | BUILD | CHECK | ||||||||
alternativeSplicingEvents.hg19 1.1.0 (landing page) Nuno Agostinho
| nebbiolo2 | Linux (Ubuntu 20.04.5 LTS) / x86_64 | OK | OK | OK | ![]() | |||||||
Package: alternativeSplicingEvents.hg19 |
Version: 1.1.0 |
Command: /home/biocbuild/bbs-3.16-bioc/R/bin/R CMD check --install=check:alternativeSplicingEvents.hg19.install-out.txt --library=/home/biocbuild/bbs-3.16-bioc/R/site-library --timings alternativeSplicingEvents.hg19_1.1.0.tar.gz |
StartedAt: 2023-04-12 03:04:31 -0400 (Wed, 12 Apr 2023) |
EndedAt: 2023-04-12 03:04:32 -0400 (Wed, 12 Apr 2023) |
EllapsedTime: 1.0 seconds |
RetCode: 0 |
Status: OK |
CheckDir: alternativeSplicingEvents.hg19.Rcheck |
Warnings: 0 |
############################################################################## ############################################################################## ### ### Running command: ### ### /home/biocbuild/bbs-3.16-bioc/R/bin/R CMD check --install=check:alternativeSplicingEvents.hg19.install-out.txt --library=/home/biocbuild/bbs-3.16-bioc/R/site-library --timings alternativeSplicingEvents.hg19_1.1.0.tar.gz ### ############################################################################## ############################################################################## * using log directory ‘/home/biocbuild/bbs-3.16-data-annotation/meat/alternativeSplicingEvents.hg19.Rcheck’ * using R version 4.2.3 (2023-03-15) * using platform: x86_64-pc-linux-gnu (64-bit) * using session charset: UTF-8 * checking for file ‘alternativeSplicingEvents.hg19/DESCRIPTION’ ... OK * checking extension type ... ERROR Extensions with Type ‘Annotation package’ cannot be checked. * DONE Status: 1 ERROR See ‘/home/biocbuild/bbs-3.16-data-annotation/meat/alternativeSplicingEvents.hg19.Rcheck/00check.log’ for details.