| Back to Mac ARM64 build report for BioC 3.16 |
|
This page was generated on 2023-04-19 11:01:54 -0400 (Wed, 19 Apr 2023).
| Hostname | OS | Arch (*) | R version | Installed pkgs |
|---|---|---|---|---|
| kjohnson | macOS 13.0 Ventura | arm64 | 4.2.2 (2022-10-31) -- "Innocent and Trusting" | 4256 |
| Click on any hostname to see more info about the system (e.g. compilers) (*) as reported by 'uname -p', except on Windows and Mac OS X | ||||
|
To the developers/maintainers of the flowUtils package: Make sure to use the following settings in order to reproduce any error or warning you see on this page. |
| Package 709/2183 | Hostname | OS / Arch | INSTALL | BUILD | BUILD BIN | ||||||||
Josef Spidlen
| kjohnson | macOS 13.0 Ventura / arm64 | OK | ERROR | skipped | ||||||||
| Package: flowUtils |
| Version: 1.62.0 |
| Command: /Library/Frameworks/R.framework/Resources/bin/R CMD build --keep-empty-dirs --no-resave-data flowUtils |
| StartedAt: 2023-04-17 06:49:34 -0400 (Mon, 17 Apr 2023) |
| EndedAt: 2023-04-17 06:49:48 -0400 (Mon, 17 Apr 2023) |
| EllapsedTime: 14.6 seconds |
| RetCode: 1 |
| Status: ERROR |
| PackageFile: None |
| PackageFileSize: NA |
############################################################################## ############################################################################## ### ### Running command: ### ### /Library/Frameworks/R.framework/Resources/bin/R CMD build --keep-empty-dirs --no-resave-data flowUtils ### ############################################################################## ############################################################################## * checking for file ‘flowUtils/DESCRIPTION’ ... OK * preparing ‘flowUtils’: * checking DESCRIPTION meta-information ... OK * installing the package to build vignettes * creating vignettes ... ERROR --- re-building ‘HowTo-flowUtils.Rnw’ using Sweave No methods found in package ‘flowCore’ for requests: ‘action’, ‘assign’, ‘Data’, ‘gate’, ‘tree’ when loading ‘flowUtils’ Warning: Package 'flowUtils' is deprecated and will be removed from Bioconductor version 3.17 Error: processing vignette 'HowTo-flowUtils.Rnw' failed with diagnostics: chunk 9 (label = ApplyGatingML1) Error in if (class(mySpill) != "matrix") mySpill <- parseMatrixFromString(mySpill, : the condition has length > 1 --- failed re-building ‘HowTo-flowUtils.Rnw’ SUMMARY: processing the following file failed: ‘HowTo-flowUtils.Rnw’ Error: Vignette re-building failed. Execution halted