| Back to Mac ARM64 build report for BioC 3.16 |
|
This page was generated on 2023-04-19 11:01:56 -0400 (Wed, 19 Apr 2023).
| Hostname | OS | Arch (*) | R version | Installed pkgs |
|---|---|---|---|---|
| kjohnson | macOS 13.0 Ventura | arm64 | 4.2.2 (2022-10-31) -- "Innocent and Trusting" | 4256 |
| Click on any hostname to see more info about the system (e.g. compilers) (*) as reported by 'uname -p', except on Windows and Mac OS X | ||||
|
To the developers/maintainers of the MIMOSA package: Make sure to use the following settings in order to reproduce any error or warning you see on this page. |
| Package 1204/2183 | Hostname | OS / Arch | INSTALL | BUILD | BUILD BIN | ||||||||
| MIMOSA 1.36.0 (landing page) Greg Finak
| kjohnson | macOS 13.0 Ventura / arm64 | OK | ERROR | skipped | ||||||||
| Package: MIMOSA |
| Version: 1.36.0 |
| Command: /Library/Frameworks/R.framework/Resources/bin/R CMD build --keep-empty-dirs --no-resave-data MIMOSA |
| StartedAt: 2023-04-17 15:17:51 -0400 (Mon, 17 Apr 2023) |
| EndedAt: 2023-04-17 15:22:20 -0400 (Mon, 17 Apr 2023) |
| EllapsedTime: 268.4 seconds |
| RetCode: 1 |
| Status: ERROR |
| PackageFile: None |
| PackageFileSize: NA |
##############################################################################
##############################################################################
###
### Running command:
###
### /Library/Frameworks/R.framework/Resources/bin/R CMD build --keep-empty-dirs --no-resave-data MIMOSA
###
##############################################################################
##############################################################################
* checking for file ‘MIMOSA/DESCRIPTION’ ... OK
* preparing ‘MIMOSA’:
* checking DESCRIPTION meta-information ... OK
* cleaning src
* installing the package to build vignettes
* creating vignettes ... ERROR
--- re-building ‘MIMOSA.Rnw’ using knitr
Error: processing vignette 'MIMOSA.Rnw' failed with diagnostics:
Running 'texi2dvi' on 'MIMOSA.tex' failed.
LaTeX errors:
! TeX capacity exceeded, sorry [main memory size=5000000].
l.54112 ## REJECTED alphau_
1 9.655984, deltall: -12.691260 newll -15471.7678...
If you really absolutely need more capacity,
you can ask a wizard to enlarge me.
! ==> Fatal error occurred, no output PDF file produced!
--- failed re-building ‘MIMOSA.Rnw’
SUMMARY: processing the following file failed:
‘MIMOSA.Rnw’
Error: Vignette re-building failed.
Execution halted