| Back to Long Tests report for BioC 3.16 |
This page was generated on 2023-04-15 21:30:03 -0400 (Sat, 15 Apr 2023).
| Hostname | OS | Arch (*) | R version | Installed pkgs |
|---|---|---|---|---|
| nebbiolo2 | Linux (Ubuntu 20.04.5 LTS) | x86_64 | 4.2.3 (2023-03-15) -- "Shortstop Beagle" | 4502 |
| palomino4 | Windows Server 2022 Datacenter | x64 | 4.2.3 (2023-03-15 ucrt) -- "Shortstop Beagle" | 4282 |
| lconway | macOS 12.5.1 Monterey | x86_64 | 4.2.3 (2023-03-15) -- "Shortstop Beagle" | 4310 |
| Click on any hostname to see more info about the system (e.g. compilers) (*) as reported by 'uname -p', except on Windows and Mac OS X | ||||
|
To the developers/maintainers of the EpiMix package: Make sure to use the following settings in order to reproduce any error or warning you see on this page. |
| Package 20/28 | Hostname | OS / Arch | CHECK | |||||||
| EpiMix 1.0.2 (landing page) Yuanning Zheng
| nebbiolo2 | Linux (Ubuntu 20.04.5 LTS) / x86_64 | WARNINGS | |||||||
| palomino4 | Windows Server 2022 Datacenter / x64 | WARNINGS | ||||||||
| lconway | macOS 12.5.1 Monterey / x86_64 | WARNINGS | ||||||||
| Package: EpiMix |
| Version: 1.0.2 |
| Command: /Library/Frameworks/R.framework/Resources/bin/R CMD check --test-dir=longtests --no-stop-on-test-error --no-codoc --no-examples --no-manual --ignore-vignettes --check-subdirs=no EpiMix_1.0.2.tar.gz |
| StartedAt: 2023-04-15 08:06:07 -0400 (Sat, 15 Apr 2023) |
| EndedAt: 2023-04-15 08:09:06 -0400 (Sat, 15 Apr 2023) |
| EllapsedTime: 178.3 seconds |
| RetCode: 0 |
| Status: WARNINGS |
| CheckDir: EpiMix.Rcheck |
| Warnings: 2 |
EpiMix.Rcheck/tests/test_GEO_download.Rout
R version 4.2.3 (2023-03-15) -- "Shortstop Beagle"
Copyright (C) 2023 The R Foundation for Statistical Computing
Platform: x86_64-apple-darwin17.0 (64-bit)
R is free software and comes with ABSOLUTELY NO WARRANTY.
You are welcome to redistribute it under certain conditions.
Type 'license()' or 'licence()' for distribution details.
R is a collaborative project with many contributors.
Type 'contributors()' for more information and
'citation()' on how to cite R or R packages in publications.
Type 'demo()' for some demos, 'help()' for on-line help, or
'help.start()' for an HTML browser interface to help.
Type 'q()' to quit R.
> test_GEO_download <- function(){
+ METdirectories <- GEO_Download_DNAMethylation(AccessionID = 'GSE114134', targetDirectory = tempdir())
+ RUnit::checkTrue(length(METdirectories)>0)
+ }
>
>
>
>
>
>
>
>
>
> proc.time()
user system elapsed
0.141 0.047 0.181
EpiMix.Rcheck/tests/test_TCGA_getData.Rout
R version 4.2.3 (2023-03-15) -- "Shortstop Beagle"
Copyright (C) 2023 The R Foundation for Statistical Computing
Platform: x86_64-apple-darwin17.0 (64-bit)
R is free software and comes with ABSOLUTELY NO WARRANTY.
You are welcome to redistribute it under certain conditions.
Type 'license()' or 'licence()' for distribution details.
R is a collaborative project with many contributors.
Type 'contributors()' for more information and
'citation()' on how to cite R or R packages in publications.
Type 'demo()' for some demos, 'help()' for on-line help, or
'help.start()' for an HTML browser interface to help.
Type 'q()' to quit R.
> test_TCGA_getData <- function(){
+ EpiMixResults <- TCGA_GetData(CancerSite = "OV",
+ mode = "Regular",
+ roadmap.epigenome.ids = "E097", # only required for running the enhancer mode
+ outputDirectory = tempdir(),
+ cores = 10)
+
+ RUnit::checkEquals(nrow(EpiMixResults$FunctionalPairs), 789)
+ }
>
>
>
>
>
>
>
>
>
> proc.time()
user system elapsed
0.136 0.044 0.175
############################################################################## ############################################################################## ### ### Running command: ### ### /Library/Frameworks/R.framework/Resources/bin/R CMD check --test-dir=longtests --no-stop-on-test-error --no-codoc --no-examples --no-manual --ignore-vignettes --check-subdirs=no EpiMix_1.0.2.tar.gz ### ############################################################################## ############################################################################## * using log directory ‘/Users/biocbuild/bbs-3.16-bioc-longtests/meat/EpiMix.Rcheck’ * using R version 4.2.3 (2023-03-15) * using platform: x86_64-apple-darwin17.0 (64-bit) * using session charset: UTF-8 * using options ‘--no-codoc --no-examples --no-manual --ignore-vignettes --no-stop-on-test-error’ * checking for file ‘EpiMix/DESCRIPTION’ ... OK * this is package ‘EpiMix’ version ‘1.0.2’ * package encoding: UTF-8 * checking package namespace information ... OK * checking package dependencies ... OK * checking if this is a source package ... OK * checking if there is a namespace ... OK * checking for hidden files and directories ... NOTE Found the following hidden files and directories: .BBSoptions These were most likely included in error. See section ‘Package structure’ in the ‘Writing R Extensions’ manual. * checking for portable file names ... OK * checking for sufficient/correct file permissions ... OK * checking whether package ‘EpiMix’ can be installed ... OK * checking installed package size ... OK * checking package directory ... OK * checking DESCRIPTION meta-information ... OK * checking top-level files ... OK * checking for left-over files ... OK * checking index information ... OK * checking package subdirectories ... OK * checking R files for non-ASCII characters ... OK * checking R files for syntax errors ... OK * checking whether the package can be loaded ... OK * checking whether the package can be loaded with stated dependencies ... OK * checking whether the package can be unloaded cleanly ... OK * checking whether the namespace can be loaded with stated dependencies ... OK * checking whether the namespace can be unloaded cleanly ... OK * checking dependencies in R code ... WARNING '::' or ':::' imports not declared from: 'miRBaseConverter' 'multiMiR' 'loadNamespace' or 'requireNamespace' calls not declared from: 'miRBaseConverter' 'multiMiR' * checking S3 generic/method consistency ... OK * checking replacement functions ... OK * checking foreign function calls ... OK * checking R code for possible problems ... OK * checking Rd files ... OK * checking Rd metadata ... OK * checking Rd cross-references ... OK * checking for missing documentation entries ... OK * checking for code/documentation mismatches ... SKIPPED * checking Rd \usage sections ... OK * checking Rd contents ... OK * checking for unstated dependencies in examples ... WARNING 'library' or 'require' calls not declared from: ‘miRBaseConverter’ ‘multiMiR’ * checking files in ‘vignettes’ ... SKIPPED * checking examples ... SKIPPED * checking for unstated dependencies in ‘longtests’ ... OK * checking tests in ‘longtests’ ... Running ‘test_GEO_download.R’ Running ‘test_TCGA_getData.R’ OK * DONE Status: 2 WARNINGs, 1 NOTE See ‘/Users/biocbuild/bbs-3.16-bioc-longtests/meat/EpiMix.Rcheck/00check.log’ for details.
EpiMix.Rcheck/00install.out
* installing *source* package ‘EpiMix’ ... ** using staged installation ** R ** inst ** byte-compile and prepare package for lazy loading ** help *** installing help indices ** building package indices ** installing vignettes ** testing if installed package can be loaded from temporary location ** testing if installed package can be loaded from final location ** testing if installed package keeps a record of temporary installation path * DONE (EpiMix)