Back to Multiple platform build/check report for BioC 3.15 |
|
This page was generated on 2022-03-18 11:08:36 -0400 (Fri, 18 Mar 2022).
Hostname | OS | Arch (*) | R version | Installed pkgs |
---|---|---|---|---|
nebbiolo1 | Linux (Ubuntu 20.04.4 LTS) | x86_64 | R Under development (unstable) (2022-02-17 r81757) -- "Unsuffered Consequences" | 4334 |
riesling1 | Windows Server 2019 Standard | x64 | R Under development (unstable) (2021-11-21 r81221) -- "Unsuffered Consequences" | 4097 |
palomino3 | Windows Server 2022 Datacenter | x64 | R Under development (unstable) (2022-02-17 r81757 ucrt) -- "Unsuffered Consequences" | 4083 |
merida1 | macOS 10.14.6 Mojave | x86_64 | R Under development (unstable) (2022-03-02 r81842) -- "Unsuffered Consequences" | 4134 |
Click on any hostname to see more info about the system (e.g. compilers) (*) as reported by 'uname -p', except on Windows and Mac OS X |
To the developers/maintainers of the scanMiRApp package: - Please allow up to 24 hours (and sometimes 48 hours) for your latest push to git@git.bioconductor.org:packages/scanMiRApp.git to reflect on this report. See How and When does the builder pull? When will my changes propagate? here for more information. - Make sure to use the following settings in order to reproduce any error or warning you see on this page. |
Package 1713/2090 | Hostname | OS / Arch | INSTALL | BUILD | CHECK | BUILD BIN | ||||||||
scanMiRApp 1.1.5 (landing page) Pierre-Luc Germain
| nebbiolo1 | Linux (Ubuntu 20.04.4 LTS) / x86_64 | OK | OK | WARNINGS | |||||||||
riesling1 | Windows Server 2019 Standard / x64 | OK | OK | WARNINGS | OK | |||||||||
palomino3 | Windows Server 2022 Datacenter / x64 | OK | OK | WARNINGS | OK | |||||||||
merida1 | macOS 10.14.6 Mojave / x86_64 | OK | OK | WARNINGS | OK | |||||||||
Package: scanMiRApp |
Version: 1.1.5 |
Command: D:\biocbuild\bbs-3.15-bioc\R\bin\R.exe CMD check --no-multiarch --install=check:scanMiRApp.install-out.txt --library=D:\biocbuild\bbs-3.15-bioc\R\library --no-vignettes --timings scanMiRApp_1.1.5.tar.gz |
StartedAt: 2022-03-17 20:11:19 -0400 (Thu, 17 Mar 2022) |
EndedAt: 2022-03-17 20:15:21 -0400 (Thu, 17 Mar 2022) |
EllapsedTime: 241.9 seconds |
RetCode: 0 |
Status: WARNINGS |
CheckDir: scanMiRApp.Rcheck |
Warnings: 1 |
############################################################################## ############################################################################## ### ### Running command: ### ### D:\biocbuild\bbs-3.15-bioc\R\bin\R.exe CMD check --no-multiarch --install=check:scanMiRApp.install-out.txt --library=D:\biocbuild\bbs-3.15-bioc\R\library --no-vignettes --timings scanMiRApp_1.1.5.tar.gz ### ############################################################################## ############################################################################## * using log directory 'D:/biocbuild/bbs-3.15-bioc/meat/scanMiRApp.Rcheck' * using R Under development (unstable) (2021-11-21 r81221) * using platform: x86_64-w64-mingw32 (64-bit) * using session charset: ISO8859-1 * using option '--no-vignettes' * checking for file 'scanMiRApp/DESCRIPTION' ... OK * checking extension type ... Package * this is package 'scanMiRApp' version '1.1.5' * checking package namespace information ... OK * checking package dependencies ... OK * checking if this is a source package ... OK * checking if there is a namespace ... OK * checking for hidden files and directories ... OK * checking for portable file names ... OK * checking whether package 'scanMiRApp' can be installed ... OK * checking installed package size ... OK * checking package directory ... OK * checking 'build' directory ... OK * checking DESCRIPTION meta-information ... OK * checking top-level files ... OK * checking for left-over files ... OK * checking index information ... OK * checking package subdirectories ... OK * checking R files for non-ASCII characters ... OK * checking R files for syntax errors ... OK * checking whether the package can be loaded ... OK * checking whether the package can be loaded with stated dependencies ... OK * checking whether the package can be unloaded cleanly ... OK * checking whether the namespace can be loaded with stated dependencies ... OK * checking whether the namespace can be unloaded cleanly ... OK * checking dependencies in R code ... WARNING '::' or ':::' import not declared from: 'BSgenome.Mmusculus.UCSC.mm39' ':::' calls which should be '::': 'BSgenome.Hsapiens.UCSC.hg38:::BSgenome.Hsapiens.UCSC.hg38' 'BSgenome.Mmusculus.UCSC.mm10:::BSgenome.Mmusculus.UCSC.mm10' 'BSgenome.Rnorvegicus.UCSC.rn6:::BSgenome.Rnorvegicus.UCSC.rn6' See the note in ?`:::` about the use of this operator. Unavailable namespace imported from by a ':::' call: 'BSgenome.Mmusculus.UCSC.mm39' See the note in ?`:::` about the use of this operator. * checking S3 generic/method consistency ... OK * checking replacement functions ... OK * checking foreign function calls ... OK * checking R code for possible problems ... NOTE .fakeAnno: no visible binding for global variable 'SampleTranscript' .fakeAnno: no visible binding for global variable 'SampleKdModel' plotSitesOnUTR: no visible binding for global variable 'logKd' plotSitesOnUTR: no visible binding for global variable 'note' Undefined global functions or variables: SampleKdModel SampleTranscript logKd note * checking Rd files ... OK * checking Rd metadata ... OK * checking Rd cross-references ... OK * checking for missing documentation entries ... OK * checking for code/documentation mismatches ... OK * checking Rd \usage sections ... OK * checking Rd contents ... OK * checking for unstated dependencies in examples ... OK * checking files in 'vignettes' ... OK * checking examples ... OK * checking for unstated dependencies in 'tests' ... OK * checking tests ... Running 'testthat.R' OK * checking for unstated dependencies in vignettes ... OK * checking package vignettes in 'inst/doc' ... OK * checking running R code from vignettes ... SKIPPED * checking re-building of vignette outputs ... SKIPPED * checking PDF version of manual ... OK * DONE Status: 1 WARNING, 1 NOTE See 'D:/biocbuild/bbs-3.15-bioc/meat/scanMiRApp.Rcheck/00check.log' for details.
scanMiRApp.Rcheck/00install.out
############################################################################## ############################################################################## ### ### Running command: ### ### D:\biocbuild\bbs-3.15-bioc\R\bin\R.exe CMD INSTALL scanMiRApp ### ############################################################################## ############################################################################## * installing to library 'D:/biocbuild/bbs-3.15-bioc/R/library' * installing *source* package 'scanMiRApp' ... ** using staged installation ** R ** inst ** byte-compile and prepare package for lazy loading ** help *** installing help indices converting help for package 'scanMiRApp' finding HTML links ... done IndexedFst-class html ScanMiRAnno-methods html ScanMiRAnno html enrichedMirTxPairs html finding level-2 HTML links ... done getTranscriptSequence html plotSitesOnUTR html runFullScan html save-load-IndexedFst html scanMiRApp html scanMiRserver html scanMiRui html ** building package indices ** installing vignettes ** testing if installed package can be loaded from temporary location ** testing if installed package can be loaded from final location ** testing if installed package keeps a record of temporary installation path * DONE (scanMiRApp) Making 'packages.html' ... done
scanMiRApp.Rcheck/tests/testthat.Rout
R Under development (unstable) (2021-11-21 r81221) -- "Unsuffered Consequences" Copyright (C) 2021 The R Foundation for Statistical Computing Platform: x86_64-w64-mingw32/x64 (64-bit) R is free software and comes with ABSOLUTELY NO WARRANTY. You are welcome to redistribute it under certain conditions. Type 'license()' or 'licence()' for distribution details. R is a collaborative project with many contributors. Type 'contributors()' for more information and 'citation()' on how to cite R or R packages in publications. Type 'demo()' for some demos, 'help()' for on-line help, or 'help.start()' for an HTML browser interface to help. Type 'q()' to quit R. > library(testthat) > library(scanMiRApp) > > test_check("scanMiRApp") Loading annotation Extracting transcripts Scanning with 1 thread(s) Loading annotation Extracting transcripts Scanning with 1 thread(s) Prepare miRNA model Get Transcript Sequence Scan Prepare miRNA model Get Transcript Sequence Scan [ FAIL 0 | WARN 3 | SKIP 2 | PASS 13 ] == Skipped tests =============================================================== * On CRAN (1) * empty test (1) [ FAIL 0 | WARN 3 | SKIP 2 | PASS 13 ] > > proc.time() user system elapsed 13.43 1.14 14.70
scanMiRApp.Rcheck/scanMiRApp-Ex.timings
name | user | system | elapsed | |
IndexedFst-class | 0.06 | 0.00 | 0.06 | |
ScanMiRAnno | 1.03 | 0.06 | 1.10 | |
enrichedMirTxPairs | 0.88 | 0.05 | 0.92 | |
getTranscriptSequence | 2.53 | 0.06 | 2.59 | |
plotSitesOnUTR | 1.82 | 0.13 | 1.94 | |
runFullScan | 1.07 | 0.01 | 1.09 | |
save-load-IndexedFst | 0.02 | 0.00 | 0.01 | |
scanMiRApp | 0 | 0 | 0 | |
scanMiRserver | 0.56 | 0.00 | 0.57 | |
scanMiRui | 0.24 | 0.00 | 0.23 | |