Back to Multiple platform build/check report for BioC 3.15 |
|
This page was generated on 2022-03-18 11:08:28 -0400 (Fri, 18 Mar 2022).
Hostname | OS | Arch (*) | R version | Installed pkgs |
---|---|---|---|---|
nebbiolo1 | Linux (Ubuntu 20.04.4 LTS) | x86_64 | R Under development (unstable) (2022-02-17 r81757) -- "Unsuffered Consequences" | 4334 |
riesling1 | Windows Server 2019 Standard | x64 | R Under development (unstable) (2021-11-21 r81221) -- "Unsuffered Consequences" | 4097 |
palomino3 | Windows Server 2022 Datacenter | x64 | R Under development (unstable) (2022-02-17 r81757 ucrt) -- "Unsuffered Consequences" | 4083 |
merida1 | macOS 10.14.6 Mojave | x86_64 | R Under development (unstable) (2022-03-02 r81842) -- "Unsuffered Consequences" | 4134 |
Click on any hostname to see more info about the system (e.g. compilers) (*) as reported by 'uname -p', except on Windows and Mac OS X |
To the developers/maintainers of the restfulSE package: - Please allow up to 24 hours (and sometimes 48 hours) for your latest push to git@git.bioconductor.org:packages/restfulSE.git to reflect on this report. See How and When does the builder pull? When will my changes propagate? here for more information. - Make sure to use the following settings in order to reproduce any error or warning you see on this page. |
Package 1591/2090 | Hostname | OS / Arch | INSTALL | BUILD | CHECK | BUILD BIN | ||||||||
restfulSE 1.17.0 (landing page) Shweta Gopaulakrishnan
| nebbiolo1 | Linux (Ubuntu 20.04.4 LTS) / x86_64 | OK | OK | ERROR | |||||||||
riesling1 | Windows Server 2019 Standard / x64 | OK | OK | ERROR | OK | |||||||||
palomino3 | Windows Server 2022 Datacenter / x64 | OK | OK | ERROR | OK | |||||||||
merida1 | macOS 10.14.6 Mojave / x86_64 | OK | OK | ERROR | OK | |||||||||
Package: restfulSE |
Version: 1.17.0 |
Command: D:\biocbuild\bbs-3.15-bioc\R\bin\R.exe CMD check --no-multiarch --install=check:restfulSE.install-out.txt --library=D:\biocbuild\bbs-3.15-bioc\R\library --no-vignettes --timings restfulSE_1.17.0.tar.gz |
StartedAt: 2022-03-17 20:03:12 -0400 (Thu, 17 Mar 2022) |
EndedAt: 2022-03-17 20:06:09 -0400 (Thu, 17 Mar 2022) |
EllapsedTime: 177.5 seconds |
RetCode: 1 |
Status: ERROR |
CheckDir: restfulSE.Rcheck |
Warnings: NA |
############################################################################## ############################################################################## ### ### Running command: ### ### D:\biocbuild\bbs-3.15-bioc\R\bin\R.exe CMD check --no-multiarch --install=check:restfulSE.install-out.txt --library=D:\biocbuild\bbs-3.15-bioc\R\library --no-vignettes --timings restfulSE_1.17.0.tar.gz ### ############################################################################## ############################################################################## * using log directory 'D:/biocbuild/bbs-3.15-bioc/meat/restfulSE.Rcheck' * using R Under development (unstable) (2021-11-21 r81221) * using platform: x86_64-w64-mingw32 (64-bit) * using session charset: ISO8859-1 * using option '--no-vignettes' * checking for file 'restfulSE/DESCRIPTION' ... OK * this is package 'restfulSE' version '1.17.0' * package encoding: UTF-8 * checking package namespace information ... OK * checking package dependencies ... OK * checking if this is a source package ... OK * checking if there is a namespace ... OK * checking for hidden files and directories ... OK * checking for portable file names ... OK * checking whether package 'restfulSE' can be installed ... OK * checking installed package size ... OK * checking package directory ... OK * checking 'build' directory ... OK * checking DESCRIPTION meta-information ... OK * checking top-level files ... OK * checking for left-over files ... OK * checking index information ... OK * checking package subdirectories ... OK * checking R files for non-ASCII characters ... OK * checking R files for syntax errors ... OK * checking whether the package can be loaded ... OK * checking whether the package can be loaded with stated dependencies ... OK * checking whether the package can be unloaded cleanly ... OK * checking whether the namespace can be loaded with stated dependencies ... OK * checking whether the namespace can be unloaded cleanly ... OK * checking dependencies in R code ... OK * checking S3 generic/method consistency ... OK * checking replacement functions ... OK * checking foreign function calls ... OK * checking R code for possible problems ... NOTE BQ3_Source: no visible binding for global variable 'SampleTypeLetterCode' BQ3m2: no visible binding for global variable 'SampleTypeLetterCode' Undefined global functions or variables: SampleTypeLetterCode * checking Rd files ... OK * checking Rd metadata ... OK * checking Rd cross-references ... OK * checking for missing documentation entries ... OK * checking for code/documentation mismatches ... OK * checking Rd \usage sections ... OK * checking Rd contents ... OK * checking for unstated dependencies in examples ... OK * checking files in 'vignettes' ... OK * checking examples ... ERROR Running examples in 'restfulSE-Ex.R' failed The error most likely occurred in: > base::assign(".ptime", proc.time(), pos = "CheckExEnv") > ### Name: RESTfulSummarizedExperiment > ### Title: Construct RESTfulSummarizedExperiment > ### Aliases: RESTfulSummarizedExperiment > ### RESTfulSummarizedExperiment,RangedSummarizedExperiment,H5S_dataset-method > ### .RESTfulSummarizedExperiment assay > ### assay,RESTfulSummarizedExperiment,missing-method > > ### ** Examples > > require("rhdf5client") Loading required package: rhdf5client > hsds = H5S_source(serverURL=URL_hsds()) Error in validObject(.Object) : invalid class "H5S_source" object: 1: invalid object for slot "dsmeta" in class "H5S_source": got class "S4", should be or extend class "DataFrame" invalid class "H5S_source" object: 2: invalid object for slot "dmains" in class "H5S_source": got class "S4", should be or extend class "DataFrame" Calls: H5S_source -> new -> initialize -> initialize -> validObject Execution halted * checking for unstated dependencies in 'tests' ... OK * checking tests ... Running 'testthat.R' ERROR Running the tests in 'tests/testthat.R' failed. Last 13 lines of output: == Failed tests ================================================================ -- Error (test_reSE.R:9:2): H5S_source completes ------------------------------- Error in `validObject(.Object)`: invalid class "H5S_source" object: 1: invalid object for slot "dsmeta" in class "H5S_source": got class "S4", should be or extend class "DataFrame" invalid class "H5S_source" object: 2: invalid object for slot "dmains" in class "H5S_source": got class "S4", should be or extend class "DataFrame" Backtrace: x 1. \-rhdf5client::H5S_source(URL_hsds()) at test_reSE.R:9:1 2. \-methods::new("H5S_source", serverURL = serverURL, getReq = DataFrame()) 3. +-methods::initialize(value, ...) 4. \-methods::initialize(value, ...) 5. \-methods::validObject(.Object) [ FAIL 1 | WARN 0 | SKIP 1 | PASS 3 ] Error: Test failures Execution halted * checking for unstated dependencies in vignettes ... OK * checking package vignettes in 'inst/doc' ... OK * checking running R code from vignettes ... SKIPPED * checking re-building of vignette outputs ... SKIPPED * checking PDF version of manual ... OK * DONE Status: 2 ERRORs, 1 NOTE See 'D:/biocbuild/bbs-3.15-bioc/meat/restfulSE.Rcheck/00check.log' for details.
restfulSE.Rcheck/00install.out
############################################################################## ############################################################################## ### ### Running command: ### ### D:\biocbuild\bbs-3.15-bioc\R\bin\R.exe CMD INSTALL restfulSE ### ############################################################################## ############################################################################## * installing to library 'D:/biocbuild/bbs-3.15-bioc/R/library' * installing *source* package 'restfulSE' ... ** using staged installation ** R ** byte-compile and prepare package for lazy loading ** help *** installing help indices converting help for package 'restfulSE' finding HTML links ... done BQ3_Array-class html BQ3_Array html BQ3_ArraySeed-class html BQ3_Matrix-class html BQ3_Source-class html BQ3_Source html BQM_Array-class html BQM_Array html BQM_ArraySeed-class html BQM_Matrix-class html BQM_Source-class html BQM_Source html BQSummarizedExperiment html DelayedArray-BQ3_ArraySeed-method html RESTfulSummarizedExperiment-class html RESTfulSummarizedExperiment html assay-BQSummarizedExperiment-missing-method html assayNames-BQSummarizedExperiment-method html basic_clinvars html bqConn html cgcConn html dim-BQ3_ArraySeed-method html dim-BQM_ArraySeed-method html dim-RESTfulSummarizedExperiment-method html dimnames-BQ3_ArraySeed-method html dimnames-BQM_ArraySeed-method html goPatt html gtexTiss html isbCgcDatasets html isbCgcTables html newDA html pancan_SE html se1.3M html seByTumor html seByTumor_2016 html tasicCortex html ** building package indices ** installing vignettes ** testing if installed package can be loaded from temporary location ** testing if installed package can be loaded from final location ** testing if installed package keeps a record of temporary installation path * DONE (restfulSE) Making 'packages.html' ... done
restfulSE.Rcheck/tests/testthat.Rout.fail
R Under development (unstable) (2021-11-21 r81221) -- "Unsuffered Consequences" Copyright (C) 2021 The R Foundation for Statistical Computing Platform: x86_64-w64-mingw32/x64 (64-bit) R is free software and comes with ABSOLUTELY NO WARRANTY. You are welcome to redistribute it under certain conditions. Type 'license()' or 'licence()' for distribution details. R is a collaborative project with many contributors. Type 'contributors()' for more information and 'citation()' on how to cite R or R packages in publications. Type 'demo()' for some demos, 'help()' for on-line help, or 'help.start()' for an HTML browser interface to help. Type 'q()' to quit R. > library(testthat) > library(restfulSE) Loading required package: SummarizedExperiment Loading required package: MatrixGenerics Loading required package: matrixStats Attaching package: 'MatrixGenerics' The following objects are masked from 'package:matrixStats': colAlls, colAnyNAs, colAnys, colAvgsPerRowSet, colCollapse, colCounts, colCummaxs, colCummins, colCumprods, colCumsums, colDiffs, colIQRDiffs, colIQRs, colLogSumExps, colMadDiffs, colMads, colMaxs, colMeans2, colMedians, colMins, colOrderStats, colProds, colQuantiles, colRanges, colRanks, colSdDiffs, colSds, colSums2, colTabulates, colVarDiffs, colVars, colWeightedMads, colWeightedMeans, colWeightedMedians, colWeightedSds, colWeightedVars, rowAlls, rowAnyNAs, rowAnys, rowAvgsPerColSet, rowCollapse, rowCounts, rowCummaxs, rowCummins, rowCumprods, rowCumsums, rowDiffs, rowIQRDiffs, rowIQRs, rowLogSumExps, rowMadDiffs, rowMads, rowMaxs, rowMeans2, rowMedians, rowMins, rowOrderStats, rowProds, rowQuantiles, rowRanges, rowRanks, rowSdDiffs, rowSds, rowSums2, rowTabulates, rowVarDiffs, rowVars, rowWeightedMads, rowWeightedMeans, rowWeightedMedians, rowWeightedSds, rowWeightedVars Loading required package: GenomicRanges Loading required package: stats4 Loading required package: BiocGenerics Attaching package: 'BiocGenerics' The following objects are masked from 'package:stats': IQR, mad, sd, var, xtabs The following objects are masked from 'package:base': Filter, Find, Map, Position, Reduce, anyDuplicated, append, as.data.frame, basename, cbind, colnames, dirname, do.call, duplicated, eval, evalq, get, grep, grepl, intersect, is.unsorted, lapply, mapply, match, mget, order, paste, pmax, pmax.int, pmin, pmin.int, rank, rbind, rownames, sapply, setdiff, sort, table, tapply, union, unique, unsplit, which.max, which.min Loading required package: S4Vectors Attaching package: 'S4Vectors' The following objects are masked from 'package:base': I, expand.grid, unname Loading required package: IRanges Attaching package: 'IRanges' The following object is masked from 'package:grDevices': windows Loading required package: GenomeInfoDb Loading required package: Biobase Welcome to Bioconductor Vignettes contain introductory material; view with 'browseVignettes()'. To cite Bioconductor, see 'citation("Biobase")', and for packages 'citation("pkgname")'. Attaching package: 'Biobase' The following object is masked from 'package:MatrixGenerics': rowMedians The following objects are masked from 'package:matrixStats': anyMissing, rowMedians Loading required package: DelayedArray Loading required package: Matrix Attaching package: 'Matrix' The following object is masked from 'package:S4Vectors': expand Attaching package: 'DelayedArray' The following objects are masked from 'package:base': aperm, apply, rowsum, scale, sweep > library(rhdf5client) > > test_check("restfulSE") [ FAIL 1 | WARN 0 | SKIP 1 | PASS 3 ] == Skipped tests =============================================================== * CGC_BILLING not set (1) == Failed tests ================================================================ -- Error (test_reSE.R:9:2): H5S_source completes ------------------------------- Error in `validObject(.Object)`: invalid class "H5S_source" object: 1: invalid object for slot "dsmeta" in class "H5S_source": got class "S4", should be or extend class "DataFrame" invalid class "H5S_source" object: 2: invalid object for slot "dmains" in class "H5S_source": got class "S4", should be or extend class "DataFrame" Backtrace: x 1. \-rhdf5client::H5S_source(URL_hsds()) at test_reSE.R:9:1 2. \-methods::new("H5S_source", serverURL = serverURL, getReq = DataFrame()) 3. +-methods::initialize(value, ...) 4. \-methods::initialize(value, ...) 5. \-methods::validObject(.Object) [ FAIL 1 | WARN 0 | SKIP 1 | PASS 3 ] Error: Test failures Execution halted
restfulSE.Rcheck/restfulSE-Ex.timings
name | user | system | elapsed | |
BQ3_Array | 0 | 0 | 0 | |
BQ3_Source | 0 | 0 | 0 | |
BQM_Array | 0 | 0 | 0 | |
BQM_Source | 0 | 0 | 0 | |