| Back to Multiple platform build/check report for BioC 3.15 |
|
This page was generated on 2022-03-18 11:08:23 -0400 (Fri, 18 Mar 2022).
| Hostname | OS | Arch (*) | R version | Installed pkgs |
|---|---|---|---|---|
| nebbiolo1 | Linux (Ubuntu 20.04.4 LTS) | x86_64 | R Under development (unstable) (2022-02-17 r81757) -- "Unsuffered Consequences" | 4334 |
| riesling1 | Windows Server 2019 Standard | x64 | R Under development (unstable) (2021-11-21 r81221) -- "Unsuffered Consequences" | 4097 |
| palomino3 | Windows Server 2022 Datacenter | x64 | R Under development (unstable) (2022-02-17 r81757 ucrt) -- "Unsuffered Consequences" | 4083 |
| merida1 | macOS 10.14.6 Mojave | x86_64 | R Under development (unstable) (2022-03-02 r81842) -- "Unsuffered Consequences" | 4134 |
| Click on any hostname to see more info about the system (e.g. compilers) (*) as reported by 'uname -p', except on Windows and Mac OS X | ||||
|
To the developers/maintainers of the qpgraph package: - Please allow up to 24 hours (and sometimes 48 hours) for your latest push to git@git.bioconductor.org:packages/qpgraph.git to reflect on this report. See How and When does the builder pull? When will my changes propagate? here for more information. - Make sure to use the following settings in order to reproduce any error or warning you see on this page. |
| Package 1506/2090 | Hostname | OS / Arch | INSTALL | BUILD | CHECK | BUILD BIN | ||||||||
| qpgraph 2.29.1 (landing page) Robert Castelo
| nebbiolo1 | Linux (Ubuntu 20.04.4 LTS) / x86_64 | OK | OK | WARNINGS | |||||||||
| riesling1 | Windows Server 2019 Standard / x64 | OK | OK | WARNINGS | OK | |||||||||
| palomino3 | Windows Server 2022 Datacenter / x64 | OK | OK | WARNINGS | OK | |||||||||
| merida1 | macOS 10.14.6 Mojave / x86_64 | OK | OK | WARNINGS | OK | |||||||||
| Package: qpgraph |
| Version: 2.29.1 |
| Command: D:\biocbuild\bbs-3.15-bioc\R\bin\R.exe CMD check --no-multiarch --install=check:qpgraph.install-out.txt --library=D:\biocbuild\bbs-3.15-bioc\R\library --no-vignettes --timings qpgraph_2.29.1.tar.gz |
| StartedAt: 2022-03-17 19:58:00 -0400 (Thu, 17 Mar 2022) |
| EndedAt: 2022-03-17 20:02:03 -0400 (Thu, 17 Mar 2022) |
| EllapsedTime: 243.2 seconds |
| RetCode: 0 |
| Status: WARNINGS |
| CheckDir: qpgraph.Rcheck |
| Warnings: 1 |
############################################################################## ############################################################################## ### ### Running command: ### ### D:\biocbuild\bbs-3.15-bioc\R\bin\R.exe CMD check --no-multiarch --install=check:qpgraph.install-out.txt --library=D:\biocbuild\bbs-3.15-bioc\R\library --no-vignettes --timings qpgraph_2.29.1.tar.gz ### ############################################################################## ############################################################################## * using log directory 'D:/biocbuild/bbs-3.15-bioc/meat/qpgraph.Rcheck' * using R Under development (unstable) (2021-11-21 r81221) * using platform: x86_64-w64-mingw32 (64-bit) * using session charset: ISO8859-1 * using option '--no-vignettes' * checking for file 'qpgraph/DESCRIPTION' ... OK * this is package 'qpgraph' version '2.29.1' * checking package namespace information ... OK * checking package dependencies ... OK * checking if this is a source package ... OK * checking if there is a namespace ... OK * checking for hidden files and directories ... OK * checking for portable file names ... OK * checking whether package 'qpgraph' can be installed ... OK * checking installed package size ... OK * checking package directory ... OK * checking 'build' directory ... OK * checking DESCRIPTION meta-information ... OK * checking top-level files ... OK * checking for left-over files ... OK * checking index information ... OK * checking package subdirectories ... OK * checking R files for non-ASCII characters ... OK * checking R files for syntax errors ... OK * checking whether the package can be loaded ... OK * checking whether the package can be loaded with stated dependencies ... OK * checking whether the package can be unloaded cleanly ... OK * checking whether the namespace can be loaded with stated dependencies ... OK * checking whether the namespace can be unloaded cleanly ... OK * checking dependencies in R code ... OK * checking S3 generic/method consistency ... OK * checking replacement functions ... OK * checking foreign function calls ... OK * checking R code for possible problems ... OK * checking Rd files ... OK * checking Rd metadata ... OK * checking Rd cross-references ... OK * checking for missing documentation entries ... OK * checking for code/documentation mismatches ... OK * checking Rd \usage sections ... OK * checking Rd contents ... OK * checking for unstated dependencies in examples ... OK * checking contents of 'data' directory ... OK * checking data for non-ASCII characters ... OK * checking LazyData ... OK * checking data for ASCII and uncompressed saves ... OK * checking line endings in shell scripts ... OK * checking line endings in C/C++/Fortran sources/headers ... OK * checking line endings in Makefiles ... OK * checking compilation flags in Makevars ... WARNING Non-portable flags in variable 'PKG_CFLAGS': -Werror=implicit-function-declaration * checking for GNU extensions in Makefiles ... OK * checking for portable use of $(BLAS_LIBS) and $(LAPACK_LIBS) ... OK * checking use of PKG_*FLAGS in Makefiles ... OK * checking compiled code ... NOTE Note: information on .o files for x64 is not available File 'D:/biocbuild/bbs-3.15-bioc/R/library/qpgraph/libs/x64/qpgraph.dll': Found 'abort', possibly from 'abort' (C), 'runtime' (Fortran) Compiled code should not call entry points which might terminate R nor write to stdout/stderr instead of to the console, nor use Fortran I/O nor system RNGs. The detected symbols are linked into the code but might come from libraries and not actually be called. See 'Writing portable packages' in the 'Writing R Extensions' manual. * checking installed files from 'inst/doc' ... OK * checking files in 'vignettes' ... OK * checking examples ... OK * checking for unstated dependencies in 'tests' ... OK * checking tests ... Running 'runTests.R' OK * checking for unstated dependencies in vignettes ... OK * checking package vignettes in 'inst/doc' ... OK * checking running R code from vignettes ... SKIPPED * checking re-building of vignette outputs ... SKIPPED * checking PDF version of manual ... OK * DONE Status: 1 WARNING, 1 NOTE See 'D:/biocbuild/bbs-3.15-bioc/meat/qpgraph.Rcheck/00check.log' for details.
qpgraph.Rcheck/00install.out
##############################################################################
##############################################################################
###
### Running command:
###
### D:\biocbuild\bbs-3.15-bioc\R\bin\R.exe CMD INSTALL qpgraph
###
##############################################################################
##############################################################################
* installing to library 'D:/biocbuild/bbs-3.15-bioc/R/library'
* installing *source* package 'qpgraph' ...
** using staged installation
**********************************************
WARNING: this package has a configure script
It probably needs manual configuration
**********************************************
** libs
"C:/rtools40/mingw64/bin/"gcc -I"D:/biocbuild/bbs-3.15-bioc/R/include" -DNDEBUG -I"C:/extsoft/include" -O2 -Wall -std=gnu99 -mfpmath=sse -msse2 -mstackrealign -fno-reorder-blocks-and-partition -c cliquer.c -o cliquer.o
"C:/rtools40/mingw64/bin/"gcc -I"D:/biocbuild/bbs-3.15-bioc/R/include" -DNDEBUG -I"C:/extsoft/include" -O2 -Wall -std=gnu99 -mfpmath=sse -msse2 -mstackrealign -fno-reorder-blocks-and-partition -c graph.c -o graph.o
"C:/rtools40/mingw64/bin/"gcc -I"D:/biocbuild/bbs-3.15-bioc/R/include" -DNDEBUG -I"C:/extsoft/include" -O2 -Wall -std=gnu99 -mfpmath=sse -msse2 -mstackrealign -fno-reorder-blocks-and-partition -c qpgraph.c -o qpgraph.o
"C:/rtools40/mingw64/bin/"gcc -I"D:/biocbuild/bbs-3.15-bioc/R/include" -DNDEBUG -I"C:/extsoft/include" -O2 -Wall -std=gnu99 -mfpmath=sse -msse2 -mstackrealign -fno-reorder-blocks-and-partition -c reorder.c -o reorder.o
C:/rtools40/mingw64/bin/gcc -shared -s -static-libgcc -o qpgraph.dll tmp.def cliquer.o graph.o qpgraph.o reorder.o -LD:/biocbuild/bbs-3.15-bioc/R/bin/x64 -lRlapack -LD:/biocbuild/bbs-3.15-bioc/R/bin/x64 -lRblas -LC:/extsoft/lib/x64 -LC:/extsoft/lib -LD:/biocbuild/bbs-3.15-bioc/R/bin/x64 -lR
installing to D:/biocbuild/bbs-3.15-bioc/R/library/00LOCK-qpgraph/00new/qpgraph/libs/x64
** R
** data
*** moving datasets to lazyload DB
** inst
** byte-compile and prepare package for lazy loading
Creating a generic function for 'det' from package 'Matrix' in package 'qpgraph'
** help
*** installing help indices
converting help for package 'qpgraph'
finding HTML links ... done
EcoliOxygen html
HMgmm-class html
SsdMatrix-class html
UGgmm-class html
eQTLcross-class html
eQTLnetwork-class html
eQTLnetworkEstimate html
eQTLnetworkEstimationParam-class html
filterCollinearities html
graphParam-class html
qpAllCItests html
qpAnyGraph html
qpAvgNrr html
qpBoundary html
qpCItest html
qpClique html
qpCliqueNumber html
qpCov html
qpEdgeNrr html
qpFunctionalCoherence html
qpG2Sigma html
qpGenNrr html
qpGetCliques html
qpGraph-class html
qpGraphDensity html
qpHTF html
qpHist html
qpIPF html
qpImportNrr html
qpK2ParCor html
qpNrr html
qpPAC html
qpPCC html
qpPRscoreThreshold html
qpPathWeight html
qpPlotMap html
qpPlotNetwork html
qpPrecisionRecall html
qpRndGraph html
qpRndWishart html
qpTopPairs html
qpUnifRndAssociation html
qpUpdateCliquesRemoving html
qpgraph-package html
REDIRECT:topic Previous alias or file overwritten by alias: D:/biocbuild/bbs-3.15-bioc/R/library/00LOCK-qpgraph/00new/qpgraph/help/qpgraph.html
** building package indices
** installing vignettes
** testing if installed package can be loaded from temporary location
** testing if installed package can be loaded from final location
** testing if installed package keeps a record of temporary installation path
* DONE (qpgraph)
Making 'packages.html' ... done
qpgraph.Rcheck/tests/runTests.Rout
R Under development (unstable) (2021-11-21 r81221) -- "Unsuffered Consequences"
Copyright (C) 2021 The R Foundation for Statistical Computing
Platform: x86_64-w64-mingw32/x64 (64-bit)
R is free software and comes with ABSOLUTELY NO WARRANTY.
You are welcome to redistribute it under certain conditions.
Type 'license()' or 'licence()' for distribution details.
R is a collaborative project with many contributors.
Type 'contributors()' for more information and
'citation()' on how to cite R or R packages in publications.
Type 'demo()' for some demos, 'help()' for on-line help, or
'help.start()' for an HTML browser interface to help.
Type 'q()' to quit R.
> BiocGenerics:::testPackage("qpgraph")
Using t tests for zero partial regression coefficients.
Using exact likelihood ratio tests.
RUNIT TEST PROTOCOL -- Thu Mar 17 20:01:50 2022
***********************************************
Number of test functions: 3
Number of errors: 0
Number of failures: 0
1 Test Suite :
qpgraph RUnit Tests - 3 test functions, 0 errors, 0 failures
Number of test functions: 3
Number of errors: 0
Number of failures: 0
>
> proc.time()
user system elapsed
11.54 0.48 12.09
qpgraph.Rcheck/qpgraph-Ex.timings
| name | user | system | elapsed | |
| EcoliOxygen | 0.00 | 0.02 | 0.02 | |
| filterCollinearities | 0.11 | 0.00 | 0.11 | |
| qpAllCItests | 0.11 | 0.00 | 0.11 | |
| qpAnyGraph | 0.06 | 0.00 | 0.06 | |
| qpAvgNrr | 1.65 | 0.00 | 1.64 | |
| qpBoundary | 0.53 | 0.00 | 0.53 | |
| qpCItest | 0.06 | 0.00 | 0.06 | |
| qpClique | 0.47 | 0.00 | 0.47 | |
| qpCliqueNumber | 0.87 | 0.03 | 0.91 | |
| qpCov | 0.05 | 0.00 | 0.04 | |
| qpEdgeNrr | 0.05 | 0.00 | 0.05 | |
| qpFunctionalCoherence | 0 | 0 | 0 | |
| qpG2Sigma | 0 | 0 | 0 | |
| qpGenNrr | 0.40 | 0.02 | 0.42 | |
| qpGetCliques | 0.19 | 0.00 | 0.19 | |
| qpGraphDensity | 0.3 | 0.0 | 0.3 | |
| qpHTF | 0.06 | 0.01 | 0.08 | |
| qpHist | 0.17 | 0.00 | 0.17 | |
| qpIPF | 0.08 | 0.00 | 0.08 | |
| qpK2ParCor | 0.03 | 0.00 | 0.03 | |
| qpNrr | 0.11 | 0.00 | 0.11 | |
| qpPAC | 0.22 | 0.00 | 0.21 | |
| qpPCC | 0.06 | 0.00 | 0.07 | |
| qpPRscoreThreshold | 0.13 | 0.00 | 0.12 | |
| qpPathWeight | 0.03 | 0.00 | 0.03 | |
| qpPlotMap | 0.04 | 0.02 | 0.07 | |
| qpPlotNetwork | 0 | 0 | 0 | |
| qpPrecisionRecall | 0.15 | 0.00 | 0.14 | |
| qpRndGraph | 0 | 0 | 0 | |
| qpRndWishart | 0 | 0 | 0 | |
| qpTopPairs | 0 | 0 | 0 | |
| qpUnifRndAssociation | 0 | 0 | 0 | |
| qpUpdateCliquesRemoving | 0 | 0 | 0 | |