| Back to Multiple platform build/check report for BioC 3.15 | 
  | 
This page was generated on 2022-10-19 13:23:31 -0400 (Wed, 19 Oct 2022).
| Hostname | OS | Arch (*) | R version | Installed pkgs | 
|---|---|---|---|---|
| nebbiolo1 | Linux (Ubuntu 20.04.5 LTS) | x86_64 | 4.2.1 (2022-06-23) -- "Funny-Looking Kid" | 4386 | 
| palomino3 | Windows Server 2022 Datacenter | x64 | 4.2.1 (2022-06-23 ucrt) -- "Funny-Looking Kid" | 4138 | 
| merida1 | macOS 10.14.6 Mojave | x86_64 | 4.2.1 (2022-06-23) -- "Funny-Looking Kid" | 4205 | 
| Click on any hostname to see more info about the system (e.g. compilers) (*) as reported by 'uname -p', except on Windows and Mac OS X | ||||
| 
To the developers/maintainers of the pwrEWAS package: - Please allow up to 24 hours (and sometimes 48 hours) for your latest push to git@git.bioconductor.org:packages/pwrEWAS.git to reflect on this report. See How and When does the builder pull? When will my changes propagate? for more information. - Make sure to use the following settings in order to reproduce any error or warning you see on this page.  | 
| Package 1532/2140 | Hostname | OS / Arch | INSTALL | BUILD | CHECK | BUILD BIN | ||||||||
| pwrEWAS 1.10.0  (landing page) Stefan Graw 
  | nebbiolo1 | Linux (Ubuntu 20.04.5 LTS) / x86_64 | OK | OK | OK | |||||||||
| palomino3 | Windows Server 2022 Datacenter / x64 | OK | OK | OK | OK | |||||||||
| merida1 | macOS 10.14.6 Mojave / x86_64 | OK | ERROR | skipped | skipped | |||||||||
| Package: pwrEWAS | 
| Version: 1.10.0 | 
| Command: /Library/Frameworks/R.framework/Resources/bin/R CMD build --keep-empty-dirs --no-resave-data pwrEWAS | 
| StartedAt: 2022-10-18 20:54:59 -0400 (Tue, 18 Oct 2022) | 
| EndedAt: 2022-10-18 20:55:48 -0400 (Tue, 18 Oct 2022) | 
| EllapsedTime: 49.2 seconds | 
| RetCode: 1 | 
| Status: ERROR | 
| PackageFile: None | 
| PackageFileSize: NA | 
##############################################################################
##############################################################################
###
### Running command:
###
###   /Library/Frameworks/R.framework/Resources/bin/R CMD build --keep-empty-dirs --no-resave-data pwrEWAS
###
##############################################################################
##############################################################################
* checking for file ‘pwrEWAS/DESCRIPTION’ ... OK
* preparing ‘pwrEWAS’:
* checking DESCRIPTION meta-information ... OK
* installing the package to build vignettes
* creating vignettes ... ERROR
--- re-building ‘pwrEWAS.Rmd’ using rmarkdown
Loading required package: shinyBS
Loading required package: foreach
snapshotDate(): 2022-04-26
see ?pwrEWAS.data and browseVignettes('pwrEWAS.data') for documentation
loading from cache
Warning: file '9cd63be202e5_3094' has magic number '<89>HDF'
  Use of save versions prior to 2 is deprecated
Quitting from lines 46-76 (pwrEWAS.Rmd) 
Error: processing vignette 'pwrEWAS.Rmd' failed with diagnostics:
failed to load resource
  name: EH3078
  title: Adult (PBMC)
  reason: error in evaluating the argument 'x' in selecting a method for function 'get': bad restore file magic number (file may be corrupted) -- no data loaded
--- failed re-building ‘pwrEWAS.Rmd’
SUMMARY: processing the following file failed:
  ‘pwrEWAS.Rmd’
Error: Vignette re-building failed.
Execution halted