Back to Multiple platform build/check report for BioC 3.15 |
|
This page was generated on 2022-03-18 11:08:21 -0400 (Fri, 18 Mar 2022).
Hostname | OS | Arch (*) | R version | Installed pkgs |
---|---|---|---|---|
nebbiolo1 | Linux (Ubuntu 20.04.4 LTS) | x86_64 | R Under development (unstable) (2022-02-17 r81757) -- "Unsuffered Consequences" | 4334 |
riesling1 | Windows Server 2019 Standard | x64 | R Under development (unstable) (2021-11-21 r81221) -- "Unsuffered Consequences" | 4097 |
palomino3 | Windows Server 2022 Datacenter | x64 | R Under development (unstable) (2022-02-17 r81757 ucrt) -- "Unsuffered Consequences" | 4083 |
merida1 | macOS 10.14.6 Mojave | x86_64 | R Under development (unstable) (2022-03-02 r81842) -- "Unsuffered Consequences" | 4134 |
Click on any hostname to see more info about the system (e.g. compilers) (*) as reported by 'uname -p', except on Windows and Mac OS X |
To the developers/maintainers of the proFIA package: - Please allow up to 24 hours (and sometimes 48 hours) for your latest push to git@git.bioconductor.org:packages/proFIA.git to reflect on this report. See How and When does the builder pull? When will my changes propagate? here for more information. - Make sure to use the following settings in order to reproduce any error or warning you see on this page. |
Package 1470/2090 | Hostname | OS / Arch | INSTALL | BUILD | CHECK | BUILD BIN | ||||||||
proFIA 1.21.0 (landing page) Alexis Delabriere
| nebbiolo1 | Linux (Ubuntu 20.04.4 LTS) / x86_64 | OK | OK | WARNINGS | |||||||||
riesling1 | Windows Server 2019 Standard / x64 | OK | OK | WARNINGS | OK | |||||||||
palomino3 | Windows Server 2022 Datacenter / x64 | OK | OK | WARNINGS | OK | |||||||||
merida1 | macOS 10.14.6 Mojave / x86_64 | OK | OK | WARNINGS | OK | |||||||||
Package: proFIA |
Version: 1.21.0 |
Command: D:\biocbuild\bbs-3.15-bioc\R\bin\R.exe CMD check --no-multiarch --install=check:proFIA.install-out.txt --library=D:\biocbuild\bbs-3.15-bioc\R\library --no-vignettes --timings proFIA_1.21.0.tar.gz |
StartedAt: 2022-03-17 19:55:35 -0400 (Thu, 17 Mar 2022) |
EndedAt: 2022-03-17 20:00:31 -0400 (Thu, 17 Mar 2022) |
EllapsedTime: 296.4 seconds |
RetCode: 0 |
Status: WARNINGS |
CheckDir: proFIA.Rcheck |
Warnings: 1 |
############################################################################## ############################################################################## ### ### Running command: ### ### D:\biocbuild\bbs-3.15-bioc\R\bin\R.exe CMD check --no-multiarch --install=check:proFIA.install-out.txt --library=D:\biocbuild\bbs-3.15-bioc\R\library --no-vignettes --timings proFIA_1.21.0.tar.gz ### ############################################################################## ############################################################################## * using log directory 'D:/biocbuild/bbs-3.15-bioc/meat/proFIA.Rcheck' * using R Under development (unstable) (2021-11-21 r81221) * using platform: x86_64-w64-mingw32 (64-bit) * using session charset: ISO8859-1 * using option '--no-vignettes' * checking for file 'proFIA/DESCRIPTION' ... OK * checking extension type ... Package * this is package 'proFIA' version '1.21.0' * checking package namespace information ... OK * checking package dependencies ... OK * checking if this is a source package ... OK * checking if there is a namespace ... OK * checking for hidden files and directories ... OK * checking for portable file names ... OK * checking whether package 'proFIA' can be installed ... OK * checking installed package size ... OK * checking package directory ... OK * checking 'build' directory ... OK * checking DESCRIPTION meta-information ... OK * checking top-level files ... OK * checking for left-over files ... OK * checking index information ... OK * checking package subdirectories ... OK * checking R files for non-ASCII characters ... OK * checking R files for syntax errors ... OK * checking whether the package can be loaded ... OK * checking whether the package can be loaded with stated dependencies ... OK * checking whether the package can be unloaded cleanly ... OK * checking whether the namespace can be loaded with stated dependencies ... OK * checking whether the namespace can be unloaded cleanly ... OK * checking dependencies in R code ... OK * checking S3 generic/method consistency ... OK * checking replacement functions ... OK * checking foreign function calls ... OK * checking R code for possible problems ... OK * checking Rd files ... OK * checking Rd metadata ... OK * checking Rd cross-references ... OK * checking for missing documentation entries ... OK * checking for code/documentation mismatches ... OK * checking Rd \usage sections ... WARNING Undocumented arguments in documentation object 'proFIAset' 'f' Functions with \usage entries need to have the appropriate \alias entries, and all their arguments documented. The \usage entries must correspond to syntactically valid R code. See chapter 'Writing R documentation files' in the 'Writing R Extensions' manual. * checking Rd contents ... OK * checking for unstated dependencies in examples ... OK * checking line endings in C/C++/Fortran sources/headers ... OK * checking compiled code ... NOTE Note: information on .o files for x64 is not available File 'D:/biocbuild/bbs-3.15-bioc/R/library/proFIA/libs/x64/proFIA.dll': Found 'abort', possibly from 'abort' (C), 'runtime' (Fortran) Compiled code should not call entry points which might terminate R nor write to stdout/stderr instead of to the console, nor use Fortran I/O nor system RNGs. The detected symbols are linked into the code but might come from libraries and not actually be called. See 'Writing portable packages' in the 'Writing R Extensions' manual. * checking files in 'vignettes' ... OK * checking examples ... OK Examples with CPU (user + system) or elapsed time > 5s user system elapsed proFIAset 51.14 0.71 51.84 impute.FIA-proFIAset-method 11.14 0.25 11.39 impute.randomForest-proFIAset-method 9.20 0.32 9.54 findFIASignal 8.63 0.50 9.13 * checking for unstated dependencies in 'tests' ... OK * checking tests ... Running 'runTests.R' OK * checking for unstated dependencies in vignettes ... OK * checking package vignettes in 'inst/doc' ... OK * checking running R code from vignettes ... SKIPPED * checking re-building of vignette outputs ... SKIPPED * checking PDF version of manual ... OK * DONE Status: 1 WARNING, 1 NOTE See 'D:/biocbuild/bbs-3.15-bioc/meat/proFIA.Rcheck/00check.log' for details.
proFIA.Rcheck/00install.out
############################################################################## ############################################################################## ### ### Running command: ### ### D:\biocbuild\bbs-3.15-bioc\R\bin\R.exe CMD INSTALL proFIA ### ############################################################################## ############################################################################## * installing to library 'D:/biocbuild/bbs-3.15-bioc/R/library' * installing *source* package 'proFIA' ... ** using staged installation ** libs "C:/rtools40/mingw64/bin/"gcc -I"D:/biocbuild/bbs-3.15-bioc/R/include" -DNDEBUG -I"C:/extsoft/include" -O2 -Wall -std=gnu99 -mfpmath=sse -msse2 -mstackrealign -fno-reorder-blocks-and-partition -c FIABandsExtractionCentroid.c -o FIABandsExtractionCentroid.o "C:/rtools40/mingw64/bin/"gcc -I"D:/biocbuild/bbs-3.15-bioc/R/include" -DNDEBUG -I"C:/extsoft/include" -O2 -Wall -std=gnu99 -mfpmath=sse -msse2 -mstackrealign -fno-reorder-blocks-and-partition -c UtilFunc.c -o UtilFunc.o "C:/rtools40/mingw64/bin/"gcc -I"D:/biocbuild/bbs-3.15-bioc/R/include" -DNDEBUG -I"C:/extsoft/include" -O2 -Wall -std=gnu99 -mfpmath=sse -msse2 -mstackrealign -fno-reorder-blocks-and-partition -c fastMatchPpm.c -o fastMatchPpm.o C:/rtools40/mingw64/bin/gcc -shared -s -static-libgcc -o proFIA.dll tmp.def FIABandsExtractionCentroid.o UtilFunc.o fastMatchPpm.o -LC:/extsoft/lib/x64 -LC:/extsoft/lib -LD:/biocbuild/bbs-3.15-bioc/R/bin/x64 -lR installing to D:/biocbuild/bbs-3.15-bioc/R/library/00LOCK-proFIA/00new/proFIA/libs/x64 ** R ** inst ** byte-compile and prepare package for lazy loading ** help *** installing help indices converting help for package 'proFIA' finding HTML links ... done acquisitionDirectory html analyzeAcquisitionFIA html determiningInjectionZone html determiningSizePeak.Geom html estimateNoiseMS html exportDataMatrix-proFIAset-method html exportExpressionSet-proFIAset-method html exportPeakTable-proFIAset-method html exportSampleMetadata-proFIAset-method html exportVariableMetadata-proFIAset-method html findBandsFIA html findFIASignal html findMzGroup-proFIAset-method html getInjectionPeak html group.FIA-proFIAset-method html impute.FIA-proFIAset-method html impute.KNN_TN-proFIAset-method html impute.randomForest-proFIAset-method html makeDataMatrix-proFIAset-method html noiseEstimation-class html peaksGroup-proFIAset-method html plot html plotFlowgrams-proFIAset-method html plotNoise html plotRaw-proFIAset-method html plotSamplePeaks-proFIAset-method html proFIA-package html proFIAset-class html proFIAset html ** building package indices ** installing vignettes ** testing if installed package can be loaded from temporary location ** testing if installed package can be loaded from final location ** testing if installed package keeps a record of temporary installation path * DONE (proFIA) Making 'packages.html' ... done
proFIA.Rcheck/tests/runTests.Rout
R Under development (unstable) (2021-11-21 r81221) -- "Unsuffered Consequences" Copyright (C) 2021 The R Foundation for Statistical Computing Platform: x86_64-w64-mingw32/x64 (64-bit) R is free software and comes with ABSOLUTELY NO WARRANTY. You are welcome to redistribute it under certain conditions. Type 'license()' or 'licence()' for distribution details. R is a collaborative project with many contributors. Type 'contributors()' for more information and 'citation()' on how to cite R or R packages in publications. Type 'demo()' for some demos, 'help()' for on-line help, or 'help.start()' for an HTML browser interface to help. Type 'q()' to quit R. > BiocGenerics:::testPackage("proFIA") Attaching package: 'BiocGenerics' The following objects are masked from 'package:stats': IQR, mad, sd, var, xtabs The following objects are masked from 'package:base': Filter, Find, Map, Position, Reduce, anyDuplicated, append, as.data.frame, basename, cbind, colnames, dirname, do.call, duplicated, eval, evalq, get, grep, grepl, intersect, is.unsorted, lapply, mapply, match, mget, order, paste, pmax, pmax.int, pmin, pmin.int, rank, rbind, rownames, sapply, setdiff, sort, table, tapply, union, unique, unsplit, which.max, which.min Welcome to Bioconductor Vignettes contain introductory material; view with 'browseVignettes()'. To cite Bioconductor, see 'citation("Biobase")', and for packages 'citation("pkgname")'. Attaching package: 'S4Vectors' The following objects are masked from 'package:base': I, expand.grid, unname Attaching package: 'ProtGenerics' The following object is masked from 'package:stats': smooth This is MSnbase version 2.21.6 Visit https://lgatto.github.io/MSnbase/ to get started. Attaching package: 'MSnbase' The following object is masked from 'package:base': trimws This is xcms version 3.17.3 Attaching package: 'xcms' The following object is masked from 'package:stats': sigma Loading required package: plasFIA A mass interval of 0.0153m/z will be used for the density estimation. 0 :0 10 :29 20 :54 30 :78 30 :105 40 :141 50 :174 60 :196 70 :208 80 :215 90 :219 219 groups have been done . RUNIT TEST PROTOCOL -- Thu Mar 17 20:00:20 2022 *********************************************** Number of test functions: 5 Number of errors: 0 Number of failures: 0 1 Test Suite : proFIA RUnit Tests - 5 test functions, 0 errors, 0 failures Number of test functions: 5 Number of errors: 0 Number of failures: 0 > > proc.time() user system elapsed 10.03 0.54 10.56
proFIA.Rcheck/proFIA-Ex.timings
name | user | system | elapsed | |
acquisitionDirectory | 0.07 | 0.02 | 0.08 | |
analyzeAcquisitionFIA | 0.01 | 0.00 | 0.01 | |
determiningInjectionZone | 0.75 | 0.05 | 0.79 | |
determiningSizePeak.Geom | 0.64 | 0.04 | 0.69 | |
estimateNoiseMS | 3.19 | 0.25 | 3.44 | |
exportDataMatrix-proFIAset-method | 0.00 | 0.02 | 0.02 | |
exportExpressionSet-proFIAset-method | 0.04 | 0.00 | 0.04 | |
exportPeakTable-proFIAset-method | 0.01 | 0.00 | 0.01 | |
exportSampleMetadata-proFIAset-method | 0.02 | 0.00 | 0.02 | |
exportVariableMetadata-proFIAset-method | 0.03 | 0.00 | 0.03 | |
findBandsFIA | 0.89 | 0.03 | 0.92 | |
findFIASignal | 8.63 | 0.50 | 9.13 | |
findMzGroup-proFIAset-method | 0.03 | 0.00 | 0.03 | |
getInjectionPeak | 1.97 | 0.09 | 2.06 | |
group.FIA-proFIAset-method | 1.89 | 0.02 | 1.91 | |
impute.FIA-proFIAset-method | 11.14 | 0.25 | 11.39 | |
impute.KNN_TN-proFIAset-method | 0.78 | 0.02 | 0.79 | |
impute.randomForest-proFIAset-method | 9.20 | 0.32 | 9.54 | |
makeDataMatrix-proFIAset-method | 0.03 | 0.00 | 0.03 | |
peaksGroup-proFIAset-method | 0.04 | 0.00 | 0.03 | |
plot | 0.60 | 0.00 | 0.61 | |
plotFlowgrams-proFIAset-method | 3.79 | 0.25 | 4.03 | |
plotNoise | 0.25 | 0.02 | 0.27 | |
plotRaw-proFIAset-method | 1.41 | 0.04 | 1.45 | |
plotSamplePeaks-proFIAset-method | 0.03 | 0.00 | 0.03 | |
proFIAset | 51.14 | 0.71 | 51.84 | |