| Back to Multiple platform build/check report for BioC 3.15 |
|
This page was generated on 2022-10-19 13:20:42 -0400 (Wed, 19 Oct 2022).
| Hostname | OS | Arch (*) | R version | Installed pkgs |
|---|---|---|---|---|
| nebbiolo1 | Linux (Ubuntu 20.04.5 LTS) | x86_64 | 4.2.1 (2022-06-23) -- "Funny-Looking Kid" | 4386 |
| palomino3 | Windows Server 2022 Datacenter | x64 | 4.2.1 (2022-06-23 ucrt) -- "Funny-Looking Kid" | 4138 |
| merida1 | macOS 10.14.6 Mojave | x86_64 | 4.2.1 (2022-06-23) -- "Funny-Looking Kid" | 4205 |
| Click on any hostname to see more info about the system (e.g. compilers) (*) as reported by 'uname -p', except on Windows and Mac OS X | ||||
|
To the developers/maintainers of the proBatch package: - Please allow up to 24 hours (and sometimes 48 hours) for your latest push to git@git.bioconductor.org:packages/proBatch.git to reflect on this report. See How and When does the builder pull? When will my changes propagate? for more information. - Make sure to use the following settings in order to reproduce any error or warning you see on this page. |
| Package 1496/2140 | Hostname | OS / Arch | INSTALL | BUILD | CHECK | BUILD BIN | ||||||||
| proBatch 1.12.0 (landing page) Chloe H. Lee
| nebbiolo1 | Linux (Ubuntu 20.04.5 LTS) / x86_64 | OK | OK | ERROR | |||||||||
| palomino3 | Windows Server 2022 Datacenter / x64 | OK | OK | ERROR | OK | |||||||||
| merida1 | macOS 10.14.6 Mojave / x86_64 | OK | OK | ERROR | OK | |||||||||
| Package: proBatch |
| Version: 1.12.0 |
| Command: /home/biocbuild/bbs-3.15-bioc/R/bin/R CMD check --install=check:proBatch.install-out.txt --library=/home/biocbuild/bbs-3.15-bioc/R/library --no-vignettes --timings proBatch_1.12.0.tar.gz |
| StartedAt: 2022-10-18 21:13:10 -0400 (Tue, 18 Oct 2022) |
| EndedAt: 2022-10-18 21:17:41 -0400 (Tue, 18 Oct 2022) |
| EllapsedTime: 270.9 seconds |
| RetCode: 1 |
| Status: ERROR |
| CheckDir: proBatch.Rcheck |
| Warnings: NA |
##############################################################################
##############################################################################
###
### Running command:
###
### /home/biocbuild/bbs-3.15-bioc/R/bin/R CMD check --install=check:proBatch.install-out.txt --library=/home/biocbuild/bbs-3.15-bioc/R/library --no-vignettes --timings proBatch_1.12.0.tar.gz
###
##############################################################################
##############################################################################
* using log directory ‘/home/biocbuild/bbs-3.15-bioc/meat/proBatch.Rcheck’
* using R version 4.2.1 (2022-06-23)
* using platform: x86_64-pc-linux-gnu (64-bit)
* using session charset: UTF-8
* using option ‘--no-vignettes’
* checking for file ‘proBatch/DESCRIPTION’ ... OK
* checking extension type ... Package
* this is package ‘proBatch’ version ‘1.12.0’
* package encoding: UTF-8
* checking package namespace information ... OK
* checking package dependencies ... OK
* checking if this is a source package ... OK
* checking if there is a namespace ... OK
* checking for hidden files and directories ... OK
* checking for portable file names ... OK
* checking for sufficient/correct file permissions ... OK
* checking whether package ‘proBatch’ can be installed ... OK
* checking installed package size ... OK
* checking package directory ... OK
* checking ‘build’ directory ... OK
* checking DESCRIPTION meta-information ... OK
* checking top-level files ... OK
* checking for left-over files ... OK
* checking index information ... OK
* checking package subdirectories ... OK
* checking R files for non-ASCII characters ... OK
* checking R files for syntax errors ... OK
* checking whether the package can be loaded ... OK
* checking whether the package can be loaded with stated dependencies ... OK
* checking whether the package can be unloaded cleanly ... OK
* checking whether the namespace can be loaded with stated dependencies ... OK
* checking whether the namespace can be unloaded cleanly ... OK
* checking dependencies in R code ... OK
* checking S3 generic/method consistency ... OK
* checking replacement functions ... OK
* checking foreign function calls ... OK
* checking R code for possible problems ... OK
* checking Rd files ... OK
* checking Rd metadata ... OK
* checking Rd cross-references ... OK
* checking for missing documentation entries ... OK
* checking for code/documentation mismatches ... OK
* checking Rd \usage sections ... OK
* checking Rd contents ... OK
* checking for unstated dependencies in examples ... OK
* checking contents of ‘data’ directory ... OK
* checking data for non-ASCII characters ... OK
* checking LazyData ... OK
* checking data for ASCII and uncompressed saves ... OK
* checking files in ‘vignettes’ ... OK
* checking examples ... ERROR
Running examples in ‘proBatch-Ex.R’ failed
The error most likely occurred in:
> base::assign(".ptime", proc.time(), pos = "CheckExEnv")
> ### Name: plot_protein_corrplot
> ### Title: Peptide correlation matrix (heatmap)
> ### Aliases: plot_protein_corrplot
>
> ### ** Examples
>
> protein_corrplot_plot <- plot_protein_corrplot(example_proteome_matrix,
+ protein_name = 'Haao', peptide_annotation = example_peptide_annotation,
+ protein_col = 'Gene')
Warning in plot_corr_matrix(corr_matrix, annotation = peptide_annotation, :
color_list for annotation (cols & rows) not defined, inferring automatically.
Numeric/factor columns are guessed, for more controlled color mapping use
sample_annotation_to_colors()
Warning in sample_annotation_to_colors(sample_annotation = annotation, sample_id_col = annotation_id_col, :
The following columns will not be mapped to colors: Gene if these have to be mapped, please assign
them to factor, date or numeric
Warning in sample_annotation_to_colors(sample_annotation = annotation, sample_id_col = annotation_id_col, :
numeric columns not specified,
extracting numeric columns from factors
converting columns to corresponding classes
(factor, numeric)
>
> protein_corrplot_plot <- plot_protein_corrplot(example_proteome_matrix,
+ protein_name = c('Haao', 'Dhtkd1'),
+ peptide_annotation = example_peptide_annotation,
+ protein_col = 'Gene', factors_to_plot = 'Gene')
Warning in plot_corr_matrix(corr_matrix, annotation = peptide_annotation, :
color_list for annotation (cols & rows) not defined, inferring automatically.
Numeric/factor columns are guessed, for more controlled color mapping use
sample_annotation_to_colors()
Warning in sample_annotation_to_colors(sample_annotation = annotation, sample_id_col = annotation_id_col, :
The following columns will not be mapped to colors: ProteinName if these have to be mapped, please assign
them to factor, date or numeric
Warning in sample_annotation_to_colors(sample_annotation = annotation, sample_id_col = annotation_id_col, :
numeric columns not specified,
extracting numeric columns from factors
converting columns to corresponding classes
(factor, numeric)
Error in if (is.na(main)) { : the condition has length > 1
Calls: plot_protein_corrplot ... plot_heatmap_generic -> pheatmap -> heatmap_motor -> lo
Execution halted
* checking for unstated dependencies in ‘tests’ ... OK
* checking tests ...
Running ‘spelling.R’
Running ‘testthat.R’
OK
* checking for unstated dependencies in vignettes ... OK
* checking package vignettes in ‘inst/doc’ ... OK
* checking running R code from vignettes ... SKIPPED
* checking re-building of vignette outputs ... SKIPPED
* checking PDF version of manual ... OK
* DONE
Status: 1 ERROR
See
‘/home/biocbuild/bbs-3.15-bioc/meat/proBatch.Rcheck/00check.log’
for details.
proBatch.Rcheck/00install.out
############################################################################## ############################################################################## ### ### Running command: ### ### /home/biocbuild/bbs-3.15-bioc/R/bin/R CMD INSTALL proBatch ### ############################################################################## ############################################################################## * installing to library ‘/home/biocbuild/bbs-3.15-bioc/R/library’ * installing *source* package ‘proBatch’ ... ** using staged installation ** R ** data *** moving datasets to lazyload DB ** inst ** byte-compile and prepare package for lazy loading ** help *** installing help indices ** building package indices ** installing vignettes ** testing if installed package can be loaded from temporary location ** testing if installed package can be loaded from final location ** testing if installed package keeps a record of temporary installation path * DONE (proBatch)
proBatch.Rcheck/tests/spelling.Rout
R version 4.2.1 (2022-06-23) -- "Funny-Looking Kid"
Copyright (C) 2022 The R Foundation for Statistical Computing
Platform: x86_64-pc-linux-gnu (64-bit)
R is free software and comes with ABSOLUTELY NO WARRANTY.
You are welcome to redistribute it under certain conditions.
Type 'license()' or 'licence()' for distribution details.
R is a collaborative project with many contributors.
Type 'contributors()' for more information and
'citation()' on how to cite R or R packages in publications.
Type 'demo()' for some demos, 'help()' for on-line help, or
'help.start()' for an HTML browser interface to help.
Type 'q()' to quit R.
> if(requireNamespace('spelling', quietly = TRUE))
+ spelling::spell_check_test(vignettes = TRUE, error = FALSE,
+ skip_on_cran = TRUE)
NULL
>
> proc.time()
user system elapsed
0.170 0.030 0.186
proBatch.Rcheck/tests/testthat.Rout
R version 4.2.1 (2022-06-23) -- "Funny-Looking Kid"
Copyright (C) 2022 The R Foundation for Statistical Computing
Platform: x86_64-pc-linux-gnu (64-bit)
R is free software and comes with ABSOLUTELY NO WARRANTY.
You are welcome to redistribute it under certain conditions.
Type 'license()' or 'licence()' for distribution details.
R is a collaborative project with many contributors.
Type 'contributors()' for more information and
'citation()' on how to cite R or R packages in publications.
Type 'demo()' for some demos, 'help()' for on-line help, or
'help.start()' for an HTML browser interface to help.
Type 'q()' to quit R.
> library(testthat)
> library(proBatch)
>
> test_check("proBatch")
[ FAIL 0 | WARN 32 | SKIP 0 | PASS 159 ]
[ FAIL 0 | WARN 32 | SKIP 0 | PASS 159 ]
>
> proc.time()
user system elapsed
32.285 1.548 33.838
proBatch.Rcheck/proBatch-Ex.timings
| name | user | system | elapsed | |
| calculate_PVCA | 15.557 | 0.184 | 15.741 | |
| calculate_feature_CV | 0.364 | 0.028 | 0.393 | |
| calculate_peptide_corr_distr | 0.037 | 0.000 | 0.037 | |
| calculate_sample_corr_distr | 0.568 | 0.016 | 0.584 | |
| check_sample_consistency | 0.015 | 0.003 | 0.018 | |
| correct_batch_effects | 6.007 | 0.163 | 6.183 | |
| create_peptide_annotation | 0.006 | 0.000 | 0.007 | |
| date_to_sample_order | 0.139 | 0.000 | 0.139 | |
| dates_to_posix | 0.009 | 0.000 | 0.009 | |
| define_sample_order | 0.029 | 0.004 | 0.033 | |
| feature_level_diagnostics | 5.721 | 0.072 | 5.794 | |
| fit_nonlinear | 0.008 | 0.000 | 0.008 | |
| long_to_matrix | 0.040 | 0.000 | 0.039 | |
| matrix_to_long | 0.006 | 0.003 | 0.009 | |
| normalize | 0.115 | 0.004 | 0.118 | |
| plot_CV_distr | 0.684 | 0.012 | 0.696 | |
| plot_PCA | 0.791 | 0.004 | 0.794 | |
| plot_PVCA | 14.984 | 0.060 | 15.043 | |
| plot_PVCA.df | 14.860 | 0.048 | 14.908 | |
| plot_corr_matrix | 0.030 | 0.012 | 0.041 | |
| plot_heatmap_diagnostic | 1.262 | 0.048 | 1.309 | |
| plot_heatmap_generic | 0.519 | 0.008 | 0.526 | |
| plot_hierarchical_clustering | 0.391 | 0.008 | 0.399 | |
| plot_peptide_corr_distribution | 1.188 | 0.004 | 1.192 | |