| Back to Multiple platform build/check report for BioC 3.15 | 
 | 
This page was generated on 2022-10-19 13:23:28 -0400 (Wed, 19 Oct 2022).
| Hostname | OS | Arch (*) | R version | Installed pkgs | 
|---|---|---|---|---|
| nebbiolo1 | Linux (Ubuntu 20.04.5 LTS) | x86_64 | 4.2.1 (2022-06-23) -- "Funny-Looking Kid" | 4386 | 
| palomino3 | Windows Server 2022 Datacenter | x64 | 4.2.1 (2022-06-23 ucrt) -- "Funny-Looking Kid" | 4138 | 
| merida1 | macOS 10.14.6 Mojave | x86_64 | 4.2.1 (2022-06-23) -- "Funny-Looking Kid" | 4205 | 
| Click on any hostname to see more info about the system (e.g. compilers) (*) as reported by 'uname -p', except on Windows and Mac OS X | ||||
| To the developers/maintainers of the pipeComp package: - Please allow up to 24 hours (and sometimes 48 hours) for your latest push to git@git.bioconductor.org:packages/pipeComp.git to reflect on this report. See How and When does the builder pull? When will my changes propagate? for more information. - Make sure to use the following settings in order to reproduce any error or warning you see on this page. | 
| Package 1460/2140 | Hostname | OS / Arch | INSTALL | BUILD | CHECK | BUILD BIN | ||||||||
| pipeComp 1.6.0  (landing page) Pierre-Luc Germain 
 | nebbiolo1 | Linux (Ubuntu 20.04.5 LTS) / x86_64 | OK | OK | WARNINGS |  | ||||||||
| palomino3 | Windows Server 2022 Datacenter / x64 | OK | OK | WARNINGS | OK |  | ||||||||
| merida1 | macOS 10.14.6 Mojave / x86_64 | OK | OK | WARNINGS | OK |  | ||||||||
| Package: pipeComp | 
| Version: 1.6.0 | 
| Command: /Library/Frameworks/R.framework/Resources/bin/R CMD check --install=check:pipeComp.install-out.txt --library=/Library/Frameworks/R.framework/Resources/library --no-vignettes --timings pipeComp_1.6.0.tar.gz | 
| StartedAt: 2022-10-19 06:12:26 -0400 (Wed, 19 Oct 2022) | 
| EndedAt: 2022-10-19 06:22:11 -0400 (Wed, 19 Oct 2022) | 
| EllapsedTime: 584.6 seconds | 
| RetCode: 0 | 
| Status: WARNINGS | 
| CheckDir: pipeComp.Rcheck | 
| Warnings: 2 | 
##############################################################################
##############################################################################
###
### Running command:
###
###   /Library/Frameworks/R.framework/Resources/bin/R CMD check --install=check:pipeComp.install-out.txt --library=/Library/Frameworks/R.framework/Resources/library --no-vignettes --timings pipeComp_1.6.0.tar.gz
###
##############################################################################
##############################################################################
* using log directory ‘/Users/biocbuild/bbs-3.15-bioc/meat/pipeComp.Rcheck’
* using R version 4.2.1 (2022-06-23)
* using platform: x86_64-apple-darwin17.0 (64-bit)
* using session charset: UTF-8
* using option ‘--no-vignettes’
* checking for file ‘pipeComp/DESCRIPTION’ ... OK
* checking extension type ... Package
* this is package ‘pipeComp’ version ‘1.6.0’
* package encoding: UTF-8
* checking package namespace information ... OK
* checking package dependencies ... OK
* checking if this is a source package ... OK
* checking if there is a namespace ... OK
* checking for hidden files and directories ... OK
* checking for portable file names ... OK
* checking for sufficient/correct file permissions ... OK
* checking whether package ‘pipeComp’ can be installed ... OK
* checking installed package size ... OK
* checking package directory ... OK
* checking ‘build’ directory ... OK
* checking DESCRIPTION meta-information ... OK
* checking top-level files ... NOTE
File
  LICENSE
is not mentioned in the DESCRIPTION file.
* checking for left-over files ... OK
* checking index information ... OK
* checking package subdirectories ... OK
* checking R files for non-ASCII characters ... OK
* checking R files for syntax errors ... OK
* checking whether the package can be loaded ... OK
* checking whether the package can be loaded with stated dependencies ... OK
* checking whether the package can be unloaded cleanly ... OK
* checking whether the namespace can be loaded with stated dependencies ... OK
* checking whether the namespace can be unloaded cleanly ... OK
* checking dependencies in R code ... NOTE
There are ::: calls to the package's namespace in its code. A package
  almost never needs to use ::: for its own objects:
  ‘.compileExcludedCells’ ‘.getMM’ ‘.homogenizeDEA’ ‘.runf’
* checking S3 generic/method consistency ... OK
* checking replacement functions ... OK
* checking foreign function calls ... OK
* checking R code for possible problems ... NOTE
scrna_describeDatasets: no visible binding for global variable
  ‘cluster’
scrna_describeDatasets: no visible binding for global variable ‘nb’
scrna_describeDatasets : pf: no visible binding for global variable
  ‘.x’
scrna_describeDatasets : rd: no visible binding for global variable ‘y’
scrna_describeDatasets : rd: no visible binding for global variable
  ‘cluster’
scrna_evalPlot_filtering: no visible binding for global variable
  ‘max.lost’
scrna_evalPlot_filtering: no visible binding for global variable
  ‘mean_F1’
scrna_evalPlot_filtering: no visible binding for global variable ‘filt’
scrna_evalPlot_filtering: no visible binding for global variable
  ‘doubletmethod’
scrna_evalPlot_filtering: no visible binding for global variable
  ‘method’
scrna_evalPlot_overall: no visible binding for global variable
  ‘true.nbClusts’
scrna_evalPlot_overall: no visible binding for global variable ‘n_clus’
Undefined global functions or variables:
  .x cluster doubletmethod filt max.lost mean_F1 method n_clus nb
  true.nbClusts y
* checking Rd files ... OK
* checking Rd metadata ... OK
* checking Rd cross-references ... OK
* checking for missing documentation entries ... WARNING
Undocumented S4 methods:
  generic 'names<-' and siglist 'PipelineDefinition,ANY'
All user-level objects in a package (including S4 classes and methods)
should have documentation entries.
See chapter ‘Writing R documentation files’ in the ‘Writing R
Extensions’ manual.
* checking for code/documentation mismatches ... OK
* checking Rd \usage sections ... OK
* checking Rd contents ... OK
* checking for unstated dependencies in examples ... OK
* checking contents of ‘data’ directory ... WARNING
Output for data("exampleDEAresults", package = "pipeComp"):
  Warning: namespace ‘rgdal’ is not available and has been replaced
  by .GlobalEnv when processing object ‘exampleDEAresults’
  Warning: namespace ‘rgdal’ is not available and has been replaced
  by .GlobalEnv when processing object ‘exampleDEAresults’
  Warning: namespace ‘rgdal’ is not available and has been replaced
  by .GlobalEnv when processing object ‘exampleDEAresults’
  Warning: namespace ‘rgdal’ is not available and has been replaced
  by .GlobalEnv when processing object ‘exampleDEAresults’
  Warning: namespace ‘rgdal’ is not available and has been replaced
  by .GlobalEnv when processing object ‘exampleDEAresults’
  Warning: namespace ‘rgdal’ is not available and has been replaced
  by .GlobalEnv when processing object ‘exampleDEAresults’
  Warning: namespace ‘rgdal’ is not available and has been replaced
  by .GlobalEnv when processing object ‘exampleDEAresults’
  Warning: namespace ‘rgdal’ is not available and has been replaced
  by .GlobalEnv when processing object ‘exampleDEAresults’
Output for data("exampleResults", package = "pipeComp"):
  Warning: namespace ‘rgdal’ is not available and has been replaced
  by .GlobalEnv when processing object ‘exampleResults’
  Warning: namespace ‘rgdal’ is not available and has been replaced
  by .GlobalEnv when processing object ‘exampleResults’
  Warning: namespace ‘rgdal’ is not available and has been replaced
  by .GlobalEnv when processing object ‘exampleResults’
  Warning: namespace ‘rgdal’ is not available and has been replaced
  by .GlobalEnv when processing object ‘exampleResults’
  Warning: namespace ‘rgdal’ is not available and has been replaced
  by .GlobalEnv when processing object ‘exampleResults’
  Warning: namespace ‘rgdal’ is not available and has been replaced
  by .GlobalEnv when processing object ‘exampleResults’
  Warning: namespace ‘rgdal’ is not available and has been replaced
  by .GlobalEnv when processing object ‘exampleResults’
  Warning: namespace ‘rgdal’ is not available and has been replaced
  by .GlobalEnv when processing object ‘exampleResults’
* checking data for non-ASCII characters ... OK
* checking data for ASCII and uncompressed saves ... OK
* checking files in ‘vignettes’ ... OK
* checking examples ... OK
Examples with CPU (user + system) or elapsed time > 5s
                        user system elapsed
scrna_evalPlot_overall 5.369   0.02   5.397
* checking for unstated dependencies in vignettes ... OK
* checking package vignettes in ‘inst/doc’ ... OK
* checking running R code from vignettes ... SKIPPED
* checking re-building of vignette outputs ... SKIPPED
* checking PDF version of manual ... OK
* DONE
Status: 2 WARNINGs, 3 NOTEs
See
  ‘/Users/biocbuild/bbs-3.15-bioc/meat/pipeComp.Rcheck/00check.log’
for details.
pipeComp.Rcheck/00install.out
############################################################################## ############################################################################## ### ### Running command: ### ### /Library/Frameworks/R.framework/Resources/bin/R CMD INSTALL pipeComp ### ############################################################################## ############################################################################## * installing to library ‘/Library/Frameworks/R.framework/Versions/4.2/Resources/library’ * installing *source* package ‘pipeComp’ ... ** using staged installation ** R ** data ** inst ** byte-compile and prepare package for lazy loading ** help *** installing help indices ** building package indices ** installing vignettes ** testing if installed package can be loaded from temporary location ** testing if installed package can be loaded from final location ** testing if installed package keeps a record of temporary installation path * DONE (pipeComp)
pipeComp.Rcheck/pipeComp-Ex.timings
| name | user | system | elapsed | |
| PipelineDefinition-methods | 0.010 | 0.001 | 0.011 | |
| PipelineDefinition | 0.002 | 0.000 | 0.001 | |
| addPipelineStep | 0.003 | 0.000 | 0.004 | |
| aggregatePipelineResults | 0.234 | 0.033 | 0.267 | |
| buildCombMatrix | 0.004 | 0.000 | 0.004 | |
| checkPipelinePackages | 1.461 | 0.386 | 1.848 | |
| colCenterScale | 0.001 | 0.000 | 0.001 | |
| dea_evalPlot_curve | 0.834 | 0.013 | 0.849 | |
| dea_pipeline | 0.002 | 0.001 | 0.002 | |
| evalHeatmap | 3.876 | 0.140 | 4.031 | |
| evaluateClustering | 0.010 | 0.001 | 0.011 | |
| evaluateDEA | 0.067 | 0.000 | 0.068 | |
| evaluateDimRed | 2.206 | 0.043 | 2.275 | |
| evaluateNorm | 2.517 | 0.052 | 2.578 | |
| farthestPoint | 0.007 | 0.000 | 0.008 | |
| getQualitativePalette | 0.001 | 0.000 | 0.000 | |
| match_evaluate_multiple | 0.003 | 0.000 | 0.003 | |
| mergePipelineResults | 0.432 | 0.032 | 0.467 | |
| mockPipeline | 0.001 | 0.000 | 0.002 | |
| parsePipNames | 0.002 | 0.000 | 0.002 | |
| plotElapsed | 0.644 | 0.002 | 0.647 | |
| readPipelineResults | 0.121 | 0.016 | 0.137 | |
| runPipeline | 0.118 | 0.015 | 0.133 | |
| scrna_evalPlot_filtering | 0.517 | 0.003 | 0.521 | |
| scrna_evalPlot_overall | 5.369 | 0.020 | 5.397 | |
| scrna_evalPlot_silh | 0.989 | 0.002 | 0.994 | |
| scrna_pipeline | 0.002 | 0.001 | 0.002 | |