| Back to Multiple platform build/check report for BioC 3.15 |
|
This page was generated on 2022-10-19 13:20:25 -0400 (Wed, 19 Oct 2022).
| Hostname | OS | Arch (*) | R version | Installed pkgs |
|---|---|---|---|---|
| nebbiolo1 | Linux (Ubuntu 20.04.5 LTS) | x86_64 | 4.2.1 (2022-06-23) -- "Funny-Looking Kid" | 4386 |
| palomino3 | Windows Server 2022 Datacenter | x64 | 4.2.1 (2022-06-23 ucrt) -- "Funny-Looking Kid" | 4138 |
| merida1 | macOS 10.14.6 Mojave | x86_64 | 4.2.1 (2022-06-23) -- "Funny-Looking Kid" | 4205 |
| Click on any hostname to see more info about the system (e.g. compilers) (*) as reported by 'uname -p', except on Windows and Mac OS X | ||||
|
To the developers/maintainers of the inveRsion package: - Please allow up to 24 hours (and sometimes 48 hours) for your latest push to git@git.bioconductor.org:packages/inveRsion.git to reflect on this report. See How and When does the builder pull? When will my changes propagate? for more information. - Make sure to use the following settings in order to reproduce any error or warning you see on this page. |
| Package 973/2140 | Hostname | OS / Arch | INSTALL | BUILD | CHECK | BUILD BIN | ||||||||
| inveRsion 1.44.0 (landing page) Alejandro Caceres
| nebbiolo1 | Linux (Ubuntu 20.04.5 LTS) / x86_64 | OK | ERROR | skipped | |||||||||
| palomino3 | Windows Server 2022 Datacenter / x64 | OK | ERROR | skipped | skipped | |||||||||
| merida1 | macOS 10.14.6 Mojave / x86_64 | OK | ERROR | skipped | skipped | |||||||||
| Package: inveRsion |
| Version: 1.44.0 |
| Command: /home/biocbuild/bbs-3.15-bioc/R/bin/R CMD build --keep-empty-dirs --no-resave-data inveRsion |
| StartedAt: 2022-10-18 16:57:19 -0400 (Tue, 18 Oct 2022) |
| EndedAt: 2022-10-18 16:57:34 -0400 (Tue, 18 Oct 2022) |
| EllapsedTime: 15.6 seconds |
| RetCode: 1 |
| Status: ERROR |
| PackageFile: None |
| PackageFileSize: NA |
##############################################################################
##############################################################################
###
### Running command:
###
### /home/biocbuild/bbs-3.15-bioc/R/bin/R CMD build --keep-empty-dirs --no-resave-data inveRsion
###
##############################################################################
##############################################################################
* checking for file ‘inveRsion/DESCRIPTION’ ... OK
* preparing ‘inveRsion’:
* checking DESCRIPTION meta-information ... OK
* cleaning src
* installing the package to build vignettes
* creating vignettes ... ERROR
--- re-building ‘inveRsion.Rnw’ using Sweave
Loading required package: haplo.stats
Loading required package: arsenal
Hola!
welcome to inevRsion package.
type: manual() for full manual
vignette("inveRsion") for a quick start
-Code haplotypes-
reading data from haplotype file:
/tmp/RtmpAtHRVx/Rinst1716132458e5b5/inveRsion/extdata/haplotypesROI.txt
preparing data
Number of brakepoints: 248
Error: processing vignette 'inveRsion.Rnw' failed with diagnostics:
chunk 3
Error in lociPos[lociSel]/10^6 : non-numeric argument to binary operator
--- failed re-building ‘inveRsion.Rnw’
SUMMARY: processing the following file failed:
‘inveRsion.Rnw’
Error: Vignette re-building failed.
Execution halted