Back to Multiple platform build/check report for BioC 3.15 |
|
This page was generated on 2022-03-18 11:07:38 -0400 (Fri, 18 Mar 2022).
Hostname | OS | Arch (*) | R version | Installed pkgs |
---|---|---|---|---|
nebbiolo1 | Linux (Ubuntu 20.04.4 LTS) | x86_64 | R Under development (unstable) (2022-02-17 r81757) -- "Unsuffered Consequences" | 4334 |
riesling1 | Windows Server 2019 Standard | x64 | R Under development (unstable) (2021-11-21 r81221) -- "Unsuffered Consequences" | 4097 |
palomino3 | Windows Server 2022 Datacenter | x64 | R Under development (unstable) (2022-02-17 r81757 ucrt) -- "Unsuffered Consequences" | 4083 |
merida1 | macOS 10.14.6 Mojave | x86_64 | R Under development (unstable) (2022-03-02 r81842) -- "Unsuffered Consequences" | 4134 |
Click on any hostname to see more info about the system (e.g. compilers) (*) as reported by 'uname -p', except on Windows and Mac OS X |
To the developers/maintainers of the gespeR package: - Please allow up to 24 hours (and sometimes 48 hours) for your latest push to git@git.bioconductor.org:packages/gespeR.git to reflect on this report. See How and When does the builder pull? When will my changes propagate? here for more information. - Make sure to use the following settings in order to reproduce any error or warning you see on this page. |
Package 773/2090 | Hostname | OS / Arch | INSTALL | BUILD | CHECK | BUILD BIN | ||||||||
gespeR 1.27.0 (landing page) Fabian Schmich
| nebbiolo1 | Linux (Ubuntu 20.04.4 LTS) / x86_64 | OK | OK | WARNINGS | |||||||||
riesling1 | Windows Server 2019 Standard / x64 | OK | OK | WARNINGS | OK | |||||||||
palomino3 | Windows Server 2022 Datacenter / x64 | OK | OK | WARNINGS | OK | |||||||||
merida1 | macOS 10.14.6 Mojave / x86_64 | OK | OK | WARNINGS | OK | |||||||||
Package: gespeR |
Version: 1.27.0 |
Command: D:\biocbuild\bbs-3.15-bioc\R\bin\R.exe CMD check --no-multiarch --install=check:gespeR.install-out.txt --library=D:\biocbuild\bbs-3.15-bioc\R\library --no-vignettes --timings gespeR_1.27.0.tar.gz |
StartedAt: 2022-03-17 19:12:03 -0400 (Thu, 17 Mar 2022) |
EndedAt: 2022-03-17 19:15:34 -0400 (Thu, 17 Mar 2022) |
EllapsedTime: 210.6 seconds |
RetCode: 0 |
Status: WARNINGS |
CheckDir: gespeR.Rcheck |
Warnings: 1 |
############################################################################## ############################################################################## ### ### Running command: ### ### D:\biocbuild\bbs-3.15-bioc\R\bin\R.exe CMD check --no-multiarch --install=check:gespeR.install-out.txt --library=D:\biocbuild\bbs-3.15-bioc\R\library --no-vignettes --timings gespeR_1.27.0.tar.gz ### ############################################################################## ############################################################################## * using log directory 'D:/biocbuild/bbs-3.15-bioc/meat/gespeR.Rcheck' * using R Under development (unstable) (2021-11-21 r81221) * using platform: x86_64-w64-mingw32 (64-bit) * using session charset: ISO8859-1 * using option '--no-vignettes' * checking for file 'gespeR/DESCRIPTION' ... OK * checking extension type ... Package * this is package 'gespeR' version '1.27.0' * checking package namespace information ... OK * checking package dependencies ... OK * checking if this is a source package ... OK * checking if there is a namespace ... OK * checking for hidden files and directories ... OK * checking for portable file names ... OK * checking whether package 'gespeR' can be installed ... OK * checking installed package size ... OK * checking package directory ... OK * checking 'build' directory ... OK * checking DESCRIPTION meta-information ... OK * checking top-level files ... OK * checking for left-over files ... OK * checking index information ... OK * checking package subdirectories ... OK * checking R files for non-ASCII characters ... OK * checking R files for syntax errors ... OK * checking whether the package can be loaded ... OK * checking whether the package can be loaded with stated dependencies ... OK * checking whether the package can be unloaded cleanly ... OK * checking whether the namespace can be loaded with stated dependencies ... OK * checking whether the namespace can be unloaded cleanly ... OK * checking dependencies in R code ... OK * checking S3 generic/method consistency ... OK * checking replacement functions ... OK * checking foreign function calls ... OK * checking R code for possible problems ... NOTE .gespeR.cv: no visible global function definition for 'coef' .select.model: no visible global function definition for 'predict' concordance: no visible global function definition for 'cor' lasso.rand: no visible global function definition for 'runif' plot.gespeR: no visible global function definition for 'hist' stability.selection: no visible global function definition for 'lm' Phenotypes,character: no visible global function definition for 'read.delim' Undefined global functions or variables: coef cor hist lm predict read.delim runif Consider adding importFrom("graphics", "hist") importFrom("stats", "coef", "cor", "lm", "predict", "runif") importFrom("utils", "read.delim") to your NAMESPACE file. * checking Rd files ... OK * checking Rd metadata ... OK * checking Rd cross-references ... OK * checking for missing documentation entries ... OK * checking for code/documentation mismatches ... WARNING Codoc mismatches from documentation object 'c,Phenotypes-method': \S4method{c}{Phenotypes} Code: function(x, ...) Docs: function(x, ..., recursive = FALSE) Argument names in docs not in code: recursive * checking Rd \usage sections ... OK * checking Rd contents ... OK * checking for unstated dependencies in examples ... OK * checking contents of 'data' directory ... OK * checking data for non-ASCII characters ... OK * checking data for ASCII and uncompressed saves ... OK * checking files in 'vignettes' ... OK * checking examples ... OK Examples with CPU (user + system) or elapsed time > 5s user system elapsed gespeR-package 4.71 0.33 41.16 gespeR-class 0.68 0.03 10.11 stability-methods 0.05 0.02 8.11 * checking for unstated dependencies in vignettes ... OK * checking package vignettes in 'inst/doc' ... OK * checking running R code from vignettes ... SKIPPED * checking re-building of vignette outputs ... SKIPPED * checking PDF version of manual ... OK * DONE Status: 1 WARNING, 1 NOTE See 'D:/biocbuild/bbs-3.15-bioc/meat/gespeR.Rcheck/00check.log' for details.
gespeR.Rcheck/00install.out
############################################################################## ############################################################################## ### ### Running command: ### ### D:\biocbuild\bbs-3.15-bioc\R\bin\R.exe CMD INSTALL gespeR ### ############################################################################## ############################################################################## * installing to library 'D:/biocbuild/bbs-3.15-bioc/R/library' * installing *source* package 'gespeR' ... ** using staged installation ** R ** data ** inst ** byte-compile and prepare package for lazy loading ** help *** installing help indices converting help for package 'gespeR' finding HTML links ... done Phenotypes-class html TargetRelations-class html annotate.gsp-methods html as.data.frame-Phenotypes-method html as.data.frame.concordance html c-Phenotypes-method html concordance html dim-Phenotypes-method html gespeR-class html finding level-2 HTML links ... done gespeR-package html gspssp-methods html join-methods html lasso.rand html na.rem-methods html path-methods html plot.Phenotypes html plot.concordance html plot.gespeR html rbo html scores-methods html simData html stability-methods html stability.selection html stabilityfits html sub-Phenotypes-ANY-ANY-ANY-method html sub-TargetRelations-ANY-ANY-ANY-method html target-relations-methods html trmatrix-methods html values-methods html ** building package indices ** installing vignettes ** testing if installed package can be loaded from temporary location ** testing if installed package can be loaded from final location ** testing if installed package keeps a record of temporary installation path * DONE (gespeR) Making 'packages.html' ...Warning in packageDescription(i, lib.loc = lib, fields = "Title", encoding = "UTF-8") : DESCRIPTION file of package 'RegEnrich' is missing or broken done
gespeR.Rcheck/gespeR-Ex.timings
name | user | system | elapsed | |
Phenotypes-class | 0 | 0 | 0 | |
TargetRelations-class | 0 | 0 | 0 | |
annotate.gsp-methods | 0.07 | 0.02 | 0.09 | |
as.data.frame-Phenotypes-method | 0.05 | 0.00 | 0.05 | |
c-Phenotypes-method | 0.05 | 0.00 | 0.04 | |
concordance | 0.50 | 0.08 | 0.58 | |
gespeR-class | 0.68 | 0.03 | 10.11 | |
gespeR-package | 4.71 | 0.33 | 41.16 | |
gspssp-methods | 0.12 | 0.01 | 0.14 | |
join-methods | 0 | 0 | 0 | |
lasso.rand | 0.02 | 0.00 | 0.01 | |
na.rem-methods | 0.03 | 0.00 | 0.04 | |
path-methods | 0 | 0 | 0 | |
rbo | 0 | 0 | 0 | |
scores-methods | 0.12 | 0.00 | 0.12 | |
simData | 0.02 | 0.00 | 0.02 | |
stability-methods | 0.05 | 0.02 | 8.11 | |
stabilityfits | 0.06 | 0.01 | 0.07 | |
target-relations-methods | 0.09 | 0.00 | 0.10 | |
trmatrix-methods | 0.07 | 0.02 | 0.08 | |
values-methods | 0.01 | 0.00 | 0.01 | |