| Back to Multiple platform build/check report for BioC 3.15 |
|
This page was generated on 2022-10-19 13:20:16 -0400 (Wed, 19 Oct 2022).
| Hostname | OS | Arch (*) | R version | Installed pkgs |
|---|---|---|---|---|
| nebbiolo1 | Linux (Ubuntu 20.04.5 LTS) | x86_64 | 4.2.1 (2022-06-23) -- "Funny-Looking Kid" | 4386 |
| palomino3 | Windows Server 2022 Datacenter | x64 | 4.2.1 (2022-06-23 ucrt) -- "Funny-Looking Kid" | 4138 |
| merida1 | macOS 10.14.6 Mojave | x86_64 | 4.2.1 (2022-06-23) -- "Funny-Looking Kid" | 4205 |
| Click on any hostname to see more info about the system (e.g. compilers) (*) as reported by 'uname -p', except on Windows and Mac OS X | ||||
|
To the developers/maintainers of the flagme package: - Please allow up to 24 hours (and sometimes 48 hours) for your latest push to git@git.bioconductor.org:packages/flagme.git to reflect on this report. See How and When does the builder pull? When will my changes propagate? for more information. - Make sure to use the following settings in order to reproduce any error or warning you see on this page. |
| Package 668/2140 | Hostname | OS / Arch | INSTALL | BUILD | CHECK | BUILD BIN | ||||||||
| flagme 1.52.0 (landing page) Mark Robinson
| nebbiolo1 | Linux (Ubuntu 20.04.5 LTS) / x86_64 | OK | OK | WARNINGS | |||||||||
| palomino3 | Windows Server 2022 Datacenter / x64 | OK | OK | WARNINGS | OK | |||||||||
| merida1 | macOS 10.14.6 Mojave / x86_64 | OK | OK | WARNINGS | OK | |||||||||
| Package: flagme |
| Version: 1.52.0 |
| Command: /home/biocbuild/bbs-3.15-bioc/R/bin/R CMD check --install=check:flagme.install-out.txt --library=/home/biocbuild/bbs-3.15-bioc/R/library --no-vignettes --timings flagme_1.52.0.tar.gz |
| StartedAt: 2022-10-18 19:44:36 -0400 (Tue, 18 Oct 2022) |
| EndedAt: 2022-10-18 19:54:32 -0400 (Tue, 18 Oct 2022) |
| EllapsedTime: 596.5 seconds |
| RetCode: 0 |
| Status: WARNINGS |
| CheckDir: flagme.Rcheck |
| Warnings: 3 |
##############################################################################
##############################################################################
###
### Running command:
###
### /home/biocbuild/bbs-3.15-bioc/R/bin/R CMD check --install=check:flagme.install-out.txt --library=/home/biocbuild/bbs-3.15-bioc/R/library --no-vignettes --timings flagme_1.52.0.tar.gz
###
##############################################################################
##############################################################################
* using log directory ‘/home/biocbuild/bbs-3.15-bioc/meat/flagme.Rcheck’
* using R version 4.2.1 (2022-06-23)
* using platform: x86_64-pc-linux-gnu (64-bit)
* using session charset: UTF-8
* using option ‘--no-vignettes’
* checking for file ‘flagme/DESCRIPTION’ ... OK
* this is package ‘flagme’ version ‘1.52.0’
* package encoding: UTF-8
* checking package namespace information ... OK
* checking package dependencies ... OK
* checking if this is a source package ... OK
* checking if there is a namespace ... OK
* checking for hidden files and directories ... OK
* checking for portable file names ... OK
* checking for sufficient/correct file permissions ... OK
* checking whether package ‘flagme’ can be installed ... OK
* checking installed package size ... OK
* checking package directory ... OK
* checking ‘build’ directory ... OK
* checking DESCRIPTION meta-information ... OK
* checking top-level files ... OK
* checking for left-over files ... OK
* checking index information ... OK
* checking package subdirectories ... OK
* checking R files for non-ASCII characters ... OK
* checking R files for syntax errors ... OK
* checking whether the package can be loaded ... OK
* checking whether the package can be loaded with stated dependencies ... OK
* checking whether the package can be unloaded cleanly ... OK
* checking whether the namespace can be loaded with stated dependencies ... OK
* checking whether the namespace can be unloaded cleanly ... OK
* checking dependencies in R code ... WARNING
'::' or ':::' import not declared from: ‘MSnbase’
Missing or unexported object: ‘xcms::rectUnique’
* checking S3 generic/method consistency ... OK
* checking replacement functions ... OK
* checking foreign function calls ... OK
* checking R code for possible problems ... NOTE
addXCMSPeaks: no visible global function definition for ‘bpparam’
addXCMSPeaks : <anonymous> : <anonymous>: no visible global function
definition for ‘setNames’
importSpec : <anonymous>: no visible global function definition for
‘setNames’
Undefined global functions or variables:
bpparam setNames
Consider adding
importFrom("stats", "setNames")
to your NAMESPACE file.
* checking Rd files ... OK
* checking Rd metadata ... OK
* checking Rd cross-references ... WARNING
Missing link or links in documentation object 'plotAlignment-peaksAlignment-method.Rd':
‘plotAlignment’
Missing link or links in documentation object 'plotClustAlignment-clusterAlignment-method.Rd':
‘plotAlignment’
See section 'Cross-references' in the 'Writing R Extensions' manual.
* checking for missing documentation entries ... WARNING
Undocumented code objects:
‘plotAlignment’ ‘plotChrom’ ‘plotClustAlignment’
Undocumented S4 methods:
generic 'show' and siglist 'betweenAlignment'
All user-level objects in a package (including S4 classes and methods)
should have documentation entries.
See chapter ‘Writing R documentation files’ in the ‘Writing R
Extensions’ manual.
* checking for code/documentation mismatches ... OK
* checking Rd \usage sections ... OK
* checking Rd contents ... OK
* checking for unstated dependencies in examples ... OK
* checking line endings in C/C++/Fortran sources/headers ... OK
* checking compiled code ... NOTE
Note: information on .o files is not available
* checking files in ‘vignettes’ ... OK
* checking examples ... OK
Examples with CPU (user + system) or elapsed time > 5s
user system elapsed
plotAlignedFrags 74.799 9.823 40.588
plotFrags 37.206 6.106 30.260
progressiveAlignment-class 37.498 4.702 29.127
peaksAlignment-class 37.569 4.620 29.113
retFatMatrix 37.751 4.429 29.128
ndpRT 37.653 4.404 28.629
addXCMSPeaks 36.666 4.430 28.734
dynRT 36.500 4.218 28.073
plotAlignment-peaksAlignment-method 36.329 4.295 27.896
corPrt 35.935 4.398 27.649
imputePeaks 7.474 0.100 7.577
plotChrom-peaksDataset-method 6.371 0.240 6.611
calcTimeDiffs 5.599 0.212 5.812
gatherInfo 5.417 0.216 5.633
multipleAlignment-class 5.431 0.060 5.491
rmaFitUnit 5.398 0.052 5.450
* checking for unstated dependencies in vignettes ... OK
* checking package vignettes in ‘inst/doc’ ... OK
* checking running R code from vignettes ... SKIPPED
* checking re-building of vignette outputs ... SKIPPED
* checking PDF version of manual ... OK
* DONE
Status: 3 WARNINGs, 2 NOTEs
See
‘/home/biocbuild/bbs-3.15-bioc/meat/flagme.Rcheck/00check.log’
for details.
flagme.Rcheck/00install.out
##############################################################################
##############################################################################
###
### Running command:
###
### /home/biocbuild/bbs-3.15-bioc/R/bin/R CMD INSTALL flagme
###
##############################################################################
##############################################################################
* installing to library ‘/home/biocbuild/bbs-3.15-bioc/R/library’
* installing *source* package ‘flagme’ ...
** using staged installation
** libs
gcc -I"/home/biocbuild/bbs-3.15-bioc/R/include" -DNDEBUG -I/usr/local/include -fpic -g -O2 -Wall -c dp.c -o dp.o
dp.c: In function ‘dp’:
dp.c:263:26: warning: ‘cur_min’ may be used uninitialized in this function [-Wmaybe-uninitialized]
263 | D[(i+1)+(j+1)*(nr+1)] = cur_min;
| ~~~~~~~~~~~~~~~~~~~~~~^~~~~~~~~
dp.c:264:28: warning: ‘tb’ may be used uninitialized in this function [-Wmaybe-uninitialized]
264 | phi[(i+1)+(j+1)*(nr+1)] = tb;
| ~~~~~~~~~~~~~~~~~~~~~~~~^~~~
gcc -I"/home/biocbuild/bbs-3.15-bioc/R/include" -DNDEBUG -I/usr/local/include -fpic -g -O2 -Wall -c init.c -o init.o
gcc -I"/home/biocbuild/bbs-3.15-bioc/R/include" -DNDEBUG -I/usr/local/include -fpic -g -O2 -Wall -c pearson.c -o pearson.o
gcc -shared -L/home/biocbuild/bbs-3.15-bioc/R/lib -L/usr/local/lib -o flagme.so dp.o init.o pearson.o -L/home/biocbuild/bbs-3.15-bioc/R/lib -lR
installing to /home/biocbuild/bbs-3.15-bioc/R/library/00LOCK-flagme/00new/flagme/libs
** R
** inst
** byte-compile and prepare package for lazy loading
** help
*** installing help indices
** building package indices
** installing vignettes
** testing if installed package can be loaded from temporary location
** checking absolute paths in shared objects and dynamic libraries
** testing if installed package can be loaded from final location
** testing if installed package keeps a record of temporary installation path
* DONE (flagme)
flagme.Rcheck/flagme-Ex.timings
| name | user | system | elapsed | |
| addAMDISPeaks | 4.099 | 0.156 | 4.259 | |
| addChromaTOFPeaks | 3.254 | 0.074 | 3.328 | |
| addXCMSPeaks | 36.666 | 4.430 | 28.734 | |
| betweenAlignment | 0.001 | 0.000 | 0.000 | |
| calcTimeDiffs | 5.599 | 0.212 | 5.812 | |
| clusterAlignment | 4.373 | 0.044 | 4.418 | |
| corPrt | 35.935 | 4.398 | 27.649 | |
| dp | 4.654 | 0.192 | 4.846 | |
| dynRT | 36.500 | 4.218 | 28.073 | |
| gatherInfo | 5.417 | 0.216 | 5.633 | |
| imputePeaks | 7.474 | 0.100 | 7.577 | |
| multipleAlignment-class | 5.431 | 0.060 | 5.491 | |
| ndpRT | 37.653 | 4.404 | 28.629 | |
| normDotProduct | 4.618 | 0.152 | 4.770 | |
| parseChromaTOF | 1.758 | 0.008 | 1.767 | |
| parseELU | 1.701 | 0.000 | 1.701 | |
| peaksAlignment-class | 37.569 | 4.620 | 29.113 | |
| peaksDataset | 4.317 | 0.048 | 4.366 | |
| plotAlignedFrags | 74.799 | 9.823 | 40.588 | |
| plotAlignment-peaksAlignment-method | 36.329 | 4.295 | 27.896 | |
| plotChrom-peaksDataset-method | 6.371 | 0.240 | 6.611 | |
| plotClustAlignment-clusterAlignment-method | 4.677 | 0.040 | 4.717 | |
| plotFrags | 37.206 | 6.106 | 30.260 | |
| plotImage | 3.044 | 0.096 | 3.141 | |
| progressiveAlignment-class | 37.498 | 4.702 | 29.127 | |
| retFatMatrix | 37.751 | 4.429 | 29.128 | |
| rmaFitUnit | 5.398 | 0.052 | 5.450 | |