| Back to Multiple platform build/check report for BioC 3.15 |
|
This page was generated on 2022-10-19 13:20:06 -0400 (Wed, 19 Oct 2022).
| Hostname | OS | Arch (*) | R version | Installed pkgs |
|---|---|---|---|---|
| nebbiolo1 | Linux (Ubuntu 20.04.5 LTS) | x86_64 | 4.2.1 (2022-06-23) -- "Funny-Looking Kid" | 4386 |
| palomino3 | Windows Server 2022 Datacenter | x64 | 4.2.1 (2022-06-23 ucrt) -- "Funny-Looking Kid" | 4138 |
| merida1 | macOS 10.14.6 Mojave | x86_64 | 4.2.1 (2022-06-23) -- "Funny-Looking Kid" | 4205 |
| Click on any hostname to see more info about the system (e.g. compilers) (*) as reported by 'uname -p', except on Windows and Mac OS X | ||||
|
To the developers/maintainers of the clstutils package: - Please allow up to 24 hours (and sometimes 48 hours) for your latest push to git@git.bioconductor.org:packages/clstutils.git to reflect on this report. See How and When does the builder pull? When will my changes propagate? for more information. - Make sure to use the following settings in order to reproduce any error or warning you see on this page. |
| Package 343/2140 | Hostname | OS / Arch | INSTALL | BUILD | CHECK | BUILD BIN | ||||||||
| clstutils 1.44.0 (landing page) Noah Hoffman
| nebbiolo1 | Linux (Ubuntu 20.04.5 LTS) / x86_64 | OK | OK | WARNINGS | |||||||||
| palomino3 | Windows Server 2022 Datacenter / x64 | OK | OK | WARNINGS | OK | |||||||||
| merida1 | macOS 10.14.6 Mojave / x86_64 | OK | OK | WARNINGS | OK | |||||||||
| Package: clstutils |
| Version: 1.44.0 |
| Command: /home/biocbuild/bbs-3.15-bioc/R/bin/R CMD check --install=check:clstutils.install-out.txt --library=/home/biocbuild/bbs-3.15-bioc/R/library --no-vignettes --timings clstutils_1.44.0.tar.gz |
| StartedAt: 2022-10-18 19:04:35 -0400 (Tue, 18 Oct 2022) |
| EndedAt: 2022-10-18 19:05:22 -0400 (Tue, 18 Oct 2022) |
| EllapsedTime: 47.0 seconds |
| RetCode: 0 |
| Status: WARNINGS |
| CheckDir: clstutils.Rcheck |
| Warnings: 1 |
##############################################################################
##############################################################################
###
### Running command:
###
### /home/biocbuild/bbs-3.15-bioc/R/bin/R CMD check --install=check:clstutils.install-out.txt --library=/home/biocbuild/bbs-3.15-bioc/R/library --no-vignettes --timings clstutils_1.44.0.tar.gz
###
##############################################################################
##############################################################################
* using log directory ‘/home/biocbuild/bbs-3.15-bioc/meat/clstutils.Rcheck’
* using R version 4.2.1 (2022-06-23)
* using platform: x86_64-pc-linux-gnu (64-bit)
* using session charset: UTF-8
* using option ‘--no-vignettes’
* checking for file ‘clstutils/DESCRIPTION’ ... OK
* checking extension type ... Package
* this is package ‘clstutils’ version ‘1.44.0’
* checking package namespace information ... OK
* checking package dependencies ... OK
* checking if this is a source package ... OK
* checking if there is a namespace ... OK
* checking for hidden files and directories ... OK
* checking for portable file names ... OK
* checking for sufficient/correct file permissions ... OK
* checking whether package ‘clstutils’ can be installed ... OK
* checking installed package size ... OK
* checking package directory ... OK
* checking ‘build’ directory ... OK
* checking DESCRIPTION meta-information ... OK
* checking top-level files ... OK
* checking for left-over files ... OK
* checking index information ... OK
* checking package subdirectories ... OK
* checking R files for non-ASCII characters ... OK
* checking R files for syntax errors ... OK
* checking whether the package can be loaded ... OK
* checking whether the package can be loaded with stated dependencies ... OK
* checking whether the package can be unloaded cleanly ... OK
* checking whether the namespace can be loaded with stated dependencies ... OK
* checking whether the namespace can be unloaded cleanly ... OK
* checking dependencies in R code ... NOTE
'library' or 'require' call to ‘rjson’ which was already attached by Depends.
Please remove these calls from your code.
Packages in Depends field not imported from:
‘ape’ ‘rjson’
These packages need to be imported from (in the NAMESPACE file)
for when this namespace is loaded but not attached.
* checking S3 generic/method consistency ... OK
* checking replacement functions ... OK
* checking foreign function calls ... NOTE
Foreign function call to a different package:
.Call("seq_root2tip", ..., PACKAGE = "ape")
See chapter ‘System and foreign language interfaces’ in the ‘Writing R
Extensions’ manual.
* checking R code for possible problems ... NOTE
edgeMap: no visible global function definition for ‘fromJSON’
prettyTree: no visible binding for global variable ‘.PlotPhyloEnv’
refpkgContents: no visible global function definition for ‘fromJSON’
Undefined global functions or variables:
.PlotPhyloEnv fromJSON
* checking Rd files ... OK
* checking Rd metadata ... OK
* checking Rd cross-references ... OK
* checking for missing documentation entries ... OK
* checking for code/documentation mismatches ... OK
* checking Rd \usage sections ... OK
* checking Rd contents ... OK
* checking for unstated dependencies in examples ... OK
* checking contents of ‘data’ directory ... OK
* checking data for non-ASCII characters ... OK
* checking LazyData ... OK
* checking data for ASCII and uncompressed saves ... OK
* checking line endings in Makefiles ... OK
* checking for GNU extensions in Makefiles ... WARNING
Found the following file(s) containing GNU extensions:
tests/unit/Makefile
Portable Makefiles do not use GNU extensions such as +=, :=, $(shell),
$(wildcard), ifeq ... endif, .NOTPARALLEL See section ‘Writing portable
packages’ in the ‘Writing R Extensions’ manual.
* checking include directives in Makefiles ... OK
* checking files in ‘vignettes’ ... OK
* checking examples ... OK
* checking for unstated dependencies in ‘tests’ ... OK
* checking tests ...
Running ‘runalltests.R’
OK
* checking for unstated dependencies in vignettes ... OK
* checking package vignettes in ‘inst/doc’ ... OK
* checking running R code from vignettes ... SKIPPED
* checking re-building of vignette outputs ... SKIPPED
* checking PDF version of manual ... OK
* DONE
Status: 1 WARNING, 3 NOTEs
See
‘/home/biocbuild/bbs-3.15-bioc/meat/clstutils.Rcheck/00check.log’
for details.
clstutils.Rcheck/00install.out
############################################################################## ############################################################################## ### ### Running command: ### ### /home/biocbuild/bbs-3.15-bioc/R/bin/R CMD INSTALL clstutils ### ############################################################################## ############################################################################## * installing to library ‘/home/biocbuild/bbs-3.15-bioc/R/library’ * installing *source* package ‘clstutils’ ... ** using staged installation ** R ** data *** moving datasets to lazyload DB ** inst ** byte-compile and prepare package for lazy loading ** help *** installing help indices ** building package indices ** installing vignettes ** testing if installed package can be loaded from temporary location ** testing if installed package can be loaded from final location ** testing if installed package keeps a record of temporary installation path * DONE (clstutils)
clstutils.Rcheck/tests/runalltests.Rout
R version 4.2.1 (2022-06-23) -- "Funny-Looking Kid"
Copyright (C) 2022 The R Foundation for Statistical Computing
Platform: x86_64-pc-linux-gnu (64-bit)
R is free software and comes with ABSOLUTELY NO WARRANTY.
You are welcome to redistribute it under certain conditions.
Type 'license()' or 'licence()' for distribution details.
R is a collaborative project with many contributors.
Type 'contributors()' for more information and
'citation()' on how to cite R or R packages in publications.
Type 'demo()' for some demos, 'help()' for on-line help, or
'help.start()' for an HTML browser interface to help.
Type 'q()' to quit R.
> library("RUnit")
>
> options(warn=1)
>
> dirs <- 'unit'
>
> testFilePat <- ".*_test\\.R$"
>
> allSuite <- defineTestSuite(name="allSuite",
+ dirs=dirs,
+ testFileRegexp=testFilePat,
+ rngKind="default",
+ rngNormalKind="default"
+ )
>
> testData <- runTestSuite(allSuite)
Loading required package: clst
Loading required package: rjson
Loading required package: ape
Executing test function test_seqdata ... done successfully.
Executing test function test_seqs ... done successfully.
Executing test function test_classifyPlacements01 ... tax_id tax_name rank below above score match min median max d
1 33958 Lactobacillaceae family 106 12 0.89 1 0.03 0.73 1.12 0.9
at
1 860
done successfully.
Executing test function test_distfile ... done successfully.
Executing test function test_edgeMap01 ... done successfully.
Executing test function test_placeMat01 ... done successfully.
Executing test function test_placeMat02 ... done successfully.
Executing test function test_placefile ... done successfully.
Executing test function test_treeDists01 ... Warning in for (i in seq_len(n)) { :
closing unused connection 3 (unit_output/merged.distmat)
Warning in for (i in seq_len(n)) { :
closing unused connection 4 (/home/biocbuild/bbs-3.15-bioc/R/library/clstutils/extdata/merged.distmat.bz2)
done successfully.
Executing test function test_findOutliers01 ... done successfully.
Executing test function test_findOutliers02 ... done successfully.
Executing test function test_maxDists01 ... done successfully.
Executing test function test_maxDists02 ... done successfully.
Executing test function test_maxDists03 ... done successfully.
Executing test function test_refpkgContents ... done successfully.
Executing test function test_taxonomyFromRefpkg01 ... done successfully.
>
> printTextProtocol(testData, showDetails=TRUE)
RUNIT TEST PROTOCOL -- Tue Oct 18 19:05:19 2022
***********************************************
Number of test functions: 16
Number of errors: 0
Number of failures: 0
1 Test Suite :
allSuite - 16 test functions, 0 errors, 0 failures
Details
***************************
Test Suite: allSuite
Test function regexp: ^test.+
Test file regexp: .*_test\.R$
Involved directory:
unit
---------------------------
Test file: unit/data_test.R
test_seqdata: (3 checks) ... OK (0 seconds)
test_seqs: (1 checks) ... OK (0 seconds)
---------------------------
Test file: unit/placeTools_test.R
test_classifyPlacements01: (0 checks) ... OK (3.8 seconds)
test_distfile: (1 checks) ... OK (0 seconds)
test_edgeMap01: (2 checks) ... OK (0.34 seconds)
test_placeMat01: (2 checks) ... OK (1.96 seconds)
test_placeMat02: (3 checks) ... OK (2.4 seconds)
test_placefile: (1 checks) ... OK (0 seconds)
test_treeDists01: (2 checks) ... OK (1.86 seconds)
---------------------------
Test file: unit/taxTools_test.R
test_findOutliers01: (1 checks) ... OK (0.03 seconds)
test_findOutliers02: (3 checks) ... OK (0.1 seconds)
test_maxDists01: (2 checks) ... OK (0.02 seconds)
test_maxDists02: (2 checks) ... OK (0.02 seconds)
test_maxDists03: (3 checks) ... OK (0.03 seconds)
test_refpkgContents: (2 checks) ... OK (0 seconds)
test_taxonomyFromRefpkg01: (24 checks) ... OK (0.01 seconds)
>
> #q(runLast=FALSE)
>
> proc.time()
user system elapsed
13.045 0.629 13.605
clstutils.Rcheck/clstutils-Ex.timings
| name | user | system | elapsed | |
| classifyPlacements | 3.185 | 0.128 | 3.307 | |
| clstutils-package | 0.005 | 0.000 | 0.005 | |
| findOutliers | 0.029 | 0.000 | 0.028 | |
| maxDists | 0.110 | 0.000 | 0.111 | |
| prettyTree | 0.082 | 0.004 | 0.086 | |
| refpkgContents | 0.035 | 0.016 | 0.041 | |
| seqdat | 0.001 | 0.002 | 0.004 | |
| seqs | 0.035 | 0.000 | 0.036 | |
| taxonomyFromRefpkg | 0.055 | 0.010 | 0.059 | |
| treeDists | 2.480 | 0.068 | 2.548 | |