| Back to Multiple platform build/check report for BioC 3.15 |
|
This page was generated on 2022-03-18 11:08:59 -0400 (Fri, 18 Mar 2022).
| Hostname | OS | Arch (*) | R version | Installed pkgs |
|---|---|---|---|---|
| nebbiolo1 | Linux (Ubuntu 20.04.4 LTS) | x86_64 | R Under development (unstable) (2022-02-17 r81757) -- "Unsuffered Consequences" | 4334 |
| riesling1 | Windows Server 2019 Standard | x64 | R Under development (unstable) (2021-11-21 r81221) -- "Unsuffered Consequences" | 4097 |
| palomino3 | Windows Server 2022 Datacenter | x64 | R Under development (unstable) (2022-02-17 r81757 ucrt) -- "Unsuffered Consequences" | 4083 |
| merida1 | macOS 10.14.6 Mojave | x86_64 | R Under development (unstable) (2022-03-02 r81842) -- "Unsuffered Consequences" | 4134 |
| Click on any hostname to see more info about the system (e.g. compilers) (*) as reported by 'uname -p', except on Windows and Mac OS X | ||||
|
To the developers/maintainers of the XVector package: - Please allow up to 24 hours (and sometimes 48 hours) for your latest push to git@git.bioconductor.org:packages/XVector.git to reflect on this report. See How and When does the builder pull? When will my changes propagate? here for more information. - Make sure to use the following settings in order to reproduce any error or warning you see on this page. |
| Package 2083/2090 | Hostname | OS / Arch | INSTALL | BUILD | CHECK | BUILD BIN | ||||||||
| XVector 0.35.0 (landing page) Hervé Pagès
| nebbiolo1 | Linux (Ubuntu 20.04.4 LTS) / x86_64 | OK | OK | WARNINGS | |||||||||
| riesling1 | Windows Server 2019 Standard / x64 | OK | OK | WARNINGS | OK | |||||||||
| palomino3 | Windows Server 2022 Datacenter / x64 | OK | OK | WARNINGS | OK | |||||||||
| merida1 | macOS 10.14.6 Mojave / x86_64 | OK | OK | WARNINGS | OK | |||||||||
| Package: XVector |
| Version: 0.35.0 |
| Command: D:\biocbuild\bbs-3.15-bioc\R\bin\R.exe CMD check --no-multiarch --install=check:XVector.install-out.txt --library=D:\biocbuild\bbs-3.15-bioc\R\library --no-vignettes --timings XVector_0.35.0.tar.gz |
| StartedAt: 2022-03-17 20:36:57 -0400 (Thu, 17 Mar 2022) |
| EndedAt: 2022-03-17 20:38:14 -0400 (Thu, 17 Mar 2022) |
| EllapsedTime: 76.5 seconds |
| RetCode: 0 |
| Status: WARNINGS |
| CheckDir: XVector.Rcheck |
| Warnings: 3 |
##############################################################################
##############################################################################
###
### Running command:
###
### D:\biocbuild\bbs-3.15-bioc\R\bin\R.exe CMD check --no-multiarch --install=check:XVector.install-out.txt --library=D:\biocbuild\bbs-3.15-bioc\R\library --no-vignettes --timings XVector_0.35.0.tar.gz
###
##############################################################################
##############################################################################
* using log directory 'D:/biocbuild/bbs-3.15-bioc/meat/XVector.Rcheck'
* using R Under development (unstable) (2021-11-21 r81221)
* using platform: x86_64-w64-mingw32 (64-bit)
* using session charset: ISO8859-1
* using option '--no-vignettes'
* checking for file 'XVector/DESCRIPTION' ... OK
* this is package 'XVector' version '0.35.0'
* package encoding: UTF-8
* checking package namespace information ... OK
* checking package dependencies ... OK
* checking if this is a source package ... OK
* checking if there is a namespace ... OK
* checking for hidden files and directories ... OK
* checking for portable file names ... OK
* checking whether package 'XVector' can be installed ... WARNING
Found the following significant warnings:
RDS_random_access.c:305:18: warning: too many arguments for format [-Wformat-extra-args]
RDS_random_access.c:335:18: warning: too many arguments for format [-Wformat-extra-args]
RDS_random_access.c:379:18: warning: too many arguments for format [-Wformat-extra-args]
See 'D:/biocbuild/bbs-3.15-bioc/meat/XVector.Rcheck/00install.out' for details.
* checking installed package size ... OK
* checking package directory ... OK
* checking DESCRIPTION meta-information ... NOTE
Packages listed in more than one of Depends, Imports, Suggests, Enhances:
'methods' 'BiocGenerics' 'S4Vectors' 'IRanges'
A package should be listed in only one of these fields.
* checking top-level files ... OK
* checking for left-over files ... OK
* checking index information ... OK
* checking package subdirectories ... OK
* checking R files for non-ASCII characters ... OK
* checking R files for syntax errors ... OK
* checking whether the package can be loaded ... OK
* checking whether the package can be loaded with stated dependencies ... OK
* checking whether the package can be unloaded cleanly ... OK
* checking whether the namespace can be loaded with stated dependencies ... OK
* checking whether the namespace can be unloaded cleanly ... OK
* checking dependencies in R code ... NOTE
Unexported objects imported by ':::' calls:
'BiocGenerics:::replaceSlots' 'BiocGenerics:::testPackage'
'IRanges:::new_Views' 'IRanges:::solveUserSEWForSingleSeq'
'S4Vectors:::anyMissing' 'S4Vectors:::prepare_objects_to_bind'
'S4Vectors:::setDefaultSlotValue' 'S4Vectors:::toNumSnippet'
See the note in ?`:::` about the use of this operator.
* checking S3 generic/method consistency ... OK
* checking replacement functions ... OK
* checking foreign function calls ... OK
* checking R code for possible problems ... OK
* checking Rd files ... OK
* checking Rd metadata ... OK
* checking Rd cross-references ... WARNING
Missing link or links in documentation object 'XRawList-comparison.Rd':
'[IRanges]{Ranges-comparison}'
See section 'Cross-references' in the 'Writing R Extensions' manual.
* checking for missing documentation entries ... WARNING
Undocumented code objects:
'RdaCollection' 'RdsCollection' 'open_input_files' 'rdaPath'
Undocumented S4 classes:
'RdsCollection' 'RdaCollection'
Undocumented S4 methods:
generic '[[' and siglist 'RdaCollection'
generic 'coerce' and siglist 'XVector,Rle'
generic 'extractList' and siglist 'XVector,IntegerRanges'
generic 'extractROWS' and siglist 'RdsCollection,ANY'
generic 'extractROWS' and siglist 'XVector,ANY'
generic 'extractROWS' and siglist 'XVectorList,ANY'
generic 'getListElement' and siglist 'RdsCollection'
generic 'getListElement' and siglist 'XVectorList'
generic 'length' and siglist 'RdaCollection'
generic 'names' and siglist 'RdaCollection'
generic 'names' and siglist 'RdsCollection'
generic 'parallel_slot_names' and siglist 'RdsCollection'
generic 'path' and siglist 'RdsCollection'
generic 'rdaPath' and siglist 'RdaCollection'
generic 'relist' and siglist 'XVector,PartitioningByEnd'
generic 'relistToClass' and siglist 'XVector'
All user-level objects in a package (including S4 classes and methods)
should have documentation entries.
See chapter 'Writing R documentation files' in the 'Writing R
Extensions' manual.
* checking for code/documentation mismatches ... OK
* checking Rd \usage sections ... OK
* checking Rd contents ... OK
* checking for unstated dependencies in examples ... OK
* checking line endings in C/C++/Fortran sources/headers ... OK
* checking line endings in Makefiles ... OK
* checking compilation flags in Makevars ... OK
* checking for GNU extensions in Makefiles ... OK
* checking for portable use of $(BLAS_LIBS) and $(LAPACK_LIBS) ... OK
* checking use of PKG_*FLAGS in Makefiles ... OK
* checking compiled code ... NOTE
Note: information on .o files for x64 is not available
File 'D:/biocbuild/bbs-3.15-bioc/R/library/XVector/libs/x64/XVector.dll':
Found 'abort', possibly from 'abort' (C), 'runtime' (Fortran)
Compiled code should not call entry points which might terminate R nor
write to stdout/stderr instead of to the console, nor use Fortran I/O
nor system RNGs. The detected symbols are linked into the code but
might come from libraries and not actually be called.
See 'Writing portable packages' in the 'Writing R Extensions' manual.
* checking examples ... OK
* checking for unstated dependencies in 'tests' ... OK
* checking tests ...
Running 'run_unitTests.R'
OK
* checking PDF version of manual ... OK
* DONE
Status: 3 WARNINGs, 3 NOTEs
See
'D:/biocbuild/bbs-3.15-bioc/meat/XVector.Rcheck/00check.log'
for details.
XVector.Rcheck/00install.out
##############################################################################
##############################################################################
###
### Running command:
###
### D:\biocbuild\bbs-3.15-bioc\R\bin\R.exe CMD INSTALL XVector
###
##############################################################################
##############################################################################
* installing to library 'D:/biocbuild/bbs-3.15-bioc/R/library'
* installing *source* package 'XVector' ...
** using staged installation
** libs
"C:/rtools40/mingw64/bin/"gcc -I"D:/biocbuild/bbs-3.15-bioc/R/library/zlibbioc/include" -I"D:/biocbuild/bbs-3.15-bioc/R/include" -DNDEBUG -I'D:/biocbuild/bbs-3.15-bioc/R/library/S4Vectors/include' -I'D:/biocbuild/bbs-3.15-bioc/R/library/IRanges/include' -I"C:/extsoft/include" -O2 -Wall -std=gnu99 -mfpmath=sse -msse2 -mstackrealign -fno-reorder-blocks-and-partition -c IRanges_stubs.c -o IRanges_stubs.o
"C:/rtools40/mingw64/bin/"gcc -I"D:/biocbuild/bbs-3.15-bioc/R/library/zlibbioc/include" -I"D:/biocbuild/bbs-3.15-bioc/R/include" -DNDEBUG -I'D:/biocbuild/bbs-3.15-bioc/R/library/S4Vectors/include' -I'D:/biocbuild/bbs-3.15-bioc/R/library/IRanges/include' -I"C:/extsoft/include" -O2 -Wall -std=gnu99 -mfpmath=sse -msse2 -mstackrealign -fno-reorder-blocks-and-partition -c Ocopy_byteblocks.c -o Ocopy_byteblocks.o
"C:/rtools40/mingw64/bin/"gcc -I"D:/biocbuild/bbs-3.15-bioc/R/library/zlibbioc/include" -I"D:/biocbuild/bbs-3.15-bioc/R/include" -DNDEBUG -I'D:/biocbuild/bbs-3.15-bioc/R/library/S4Vectors/include' -I'D:/biocbuild/bbs-3.15-bioc/R/library/IRanges/include' -I"C:/extsoft/include" -O2 -Wall -std=gnu99 -mfpmath=sse -msse2 -mstackrealign -fno-reorder-blocks-and-partition -c RDS_random_access.c -o RDS_random_access.o
RDS_random_access.c: In function 'RDS_read_character_vector':
RDS_random_access.c:305:18: warning: unknown conversion type character 't' in format [-Wformat=]
PRINTIFVERBOSE2("object length: %td", ans_len);
^~~~~~~~~~~~~~~~~~~~
RDS_random_access.c:88:10: note: in definition of macro 'PRINTIFVERBOSE2'
printf(format, value); \
^~~~~~
RDS_random_access.c:305:18: warning: too many arguments for format [-Wformat-extra-args]
PRINTIFVERBOSE2("object length: %td", ans_len);
^~~~~~~~~~~~~~~~~~~~
RDS_random_access.c:88:10: note: in definition of macro 'PRINTIFVERBOSE2'
printf(format, value); \
^~~~~~
RDS_random_access.c:305:18: warning: unknown conversion type character 't' in format [-Wformat=]
PRINTIFVERBOSE2("object length: %td", ans_len);
^~~~~~~~~~~~~~~~~~~~
RDS_random_access.c:88:10: note: in definition of macro 'PRINTIFVERBOSE2'
printf(format, value); \
^~~~~~
RDS_random_access.c:305:18: warning: too many arguments for format [-Wformat-extra-args]
PRINTIFVERBOSE2("object length: %td", ans_len);
^~~~~~~~~~~~~~~~~~~~
RDS_random_access.c:88:10: note: in definition of macro 'PRINTIFVERBOSE2'
printf(format, value); \
^~~~~~
RDS_random_access.c: In function 'RDS_read_atomic_vector':
RDS_random_access.c:335:18: warning: unknown conversion type character 't' in format [-Wformat=]
PRINTIFVERBOSE2("object length: %td", ans_len);
^~~~~~~~~~~~~~~~~~~~
RDS_random_access.c:88:10: note: in definition of macro 'PRINTIFVERBOSE2'
printf(format, value); \
^~~~~~
RDS_random_access.c:335:18: warning: too many arguments for format [-Wformat-extra-args]
PRINTIFVERBOSE2("object length: %td", ans_len);
^~~~~~~~~~~~~~~~~~~~
RDS_random_access.c:88:10: note: in definition of macro 'PRINTIFVERBOSE2'
printf(format, value); \
^~~~~~
RDS_random_access.c:335:18: warning: unknown conversion type character 't' in format [-Wformat=]
PRINTIFVERBOSE2("object length: %td", ans_len);
^~~~~~~~~~~~~~~~~~~~
RDS_random_access.c:88:10: note: in definition of macro 'PRINTIFVERBOSE2'
printf(format, value); \
^~~~~~
RDS_random_access.c:335:18: warning: too many arguments for format [-Wformat-extra-args]
PRINTIFVERBOSE2("object length: %td", ans_len);
^~~~~~~~~~~~~~~~~~~~
RDS_random_access.c:88:10: note: in definition of macro 'PRINTIFVERBOSE2'
printf(format, value); \
^~~~~~
RDS_random_access.c: In function 'RDS_read_list':
RDS_random_access.c:379:18: warning: unknown conversion type character 't' in format [-Wformat=]
PRINTIFVERBOSE2("object length: %td", ans_len);
^~~~~~~~~~~~~~~~~~~~
RDS_random_access.c:88:10: note: in definition of macro 'PRINTIFVERBOSE2'
printf(format, value); \
^~~~~~
RDS_random_access.c:379:18: warning: too many arguments for format [-Wformat-extra-args]
PRINTIFVERBOSE2("object length: %td", ans_len);
^~~~~~~~~~~~~~~~~~~~
RDS_random_access.c:88:10: note: in definition of macro 'PRINTIFVERBOSE2'
printf(format, value); \
^~~~~~
RDS_random_access.c:379:18: warning: unknown conversion type character 't' in format [-Wformat=]
PRINTIFVERBOSE2("object length: %td", ans_len);
^~~~~~~~~~~~~~~~~~~~
RDS_random_access.c:88:10: note: in definition of macro 'PRINTIFVERBOSE2'
printf(format, value); \
^~~~~~
RDS_random_access.c:379:18: warning: too many arguments for format [-Wformat-extra-args]
PRINTIFVERBOSE2("object length: %td", ans_len);
^~~~~~~~~~~~~~~~~~~~
RDS_random_access.c:88:10: note: in definition of macro 'PRINTIFVERBOSE2'
printf(format, value); \
^~~~~~
RDS_random_access.c: In function 'RDS_extract_subarray':
RDS_random_access.c:796:18: warning: unused variable 'ans' [-Wunused-variable]
SEXP subscript, ans;
^~~
RDS_random_access.c:793:11: warning: variable 'x_type' set but not used [-Wunused-but-set-variable]
SEXPTYPE x_type;
^~~~~~
"C:/rtools40/mingw64/bin/"gcc -I"D:/biocbuild/bbs-3.15-bioc/R/library/zlibbioc/include" -I"D:/biocbuild/bbs-3.15-bioc/R/include" -DNDEBUG -I'D:/biocbuild/bbs-3.15-bioc/R/library/S4Vectors/include' -I'D:/biocbuild/bbs-3.15-bioc/R/library/IRanges/include' -I"C:/extsoft/include" -O2 -Wall -std=gnu99 -mfpmath=sse -msse2 -mstackrealign -fno-reorder-blocks-and-partition -c R_init_XVector.c -o R_init_XVector.o
"C:/rtools40/mingw64/bin/"gcc -I"D:/biocbuild/bbs-3.15-bioc/R/library/zlibbioc/include" -I"D:/biocbuild/bbs-3.15-bioc/R/include" -DNDEBUG -I'D:/biocbuild/bbs-3.15-bioc/R/library/S4Vectors/include' -I'D:/biocbuild/bbs-3.15-bioc/R/library/IRanges/include' -I"C:/extsoft/include" -O2 -Wall -std=gnu99 -mfpmath=sse -msse2 -mstackrealign -fno-reorder-blocks-and-partition -c S4Vectors_stubs.c -o S4Vectors_stubs.o
"C:/rtools40/mingw64/bin/"gcc -I"D:/biocbuild/bbs-3.15-bioc/R/library/zlibbioc/include" -I"D:/biocbuild/bbs-3.15-bioc/R/include" -DNDEBUG -I'D:/biocbuild/bbs-3.15-bioc/R/library/S4Vectors/include' -I'D:/biocbuild/bbs-3.15-bioc/R/library/IRanges/include' -I"C:/extsoft/include" -O2 -Wall -std=gnu99 -mfpmath=sse -msse2 -mstackrealign -fno-reorder-blocks-and-partition -c SharedDouble_class.c -o SharedDouble_class.o
"C:/rtools40/mingw64/bin/"gcc -I"D:/biocbuild/bbs-3.15-bioc/R/library/zlibbioc/include" -I"D:/biocbuild/bbs-3.15-bioc/R/include" -DNDEBUG -I'D:/biocbuild/bbs-3.15-bioc/R/library/S4Vectors/include' -I'D:/biocbuild/bbs-3.15-bioc/R/library/IRanges/include' -I"C:/extsoft/include" -O2 -Wall -std=gnu99 -mfpmath=sse -msse2 -mstackrealign -fno-reorder-blocks-and-partition -c SharedInteger_class.c -o SharedInteger_class.o
"C:/rtools40/mingw64/bin/"gcc -I"D:/biocbuild/bbs-3.15-bioc/R/library/zlibbioc/include" -I"D:/biocbuild/bbs-3.15-bioc/R/include" -DNDEBUG -I'D:/biocbuild/bbs-3.15-bioc/R/library/S4Vectors/include' -I'D:/biocbuild/bbs-3.15-bioc/R/library/IRanges/include' -I"C:/extsoft/include" -O2 -Wall -std=gnu99 -mfpmath=sse -msse2 -mstackrealign -fno-reorder-blocks-and-partition -c SharedRaw_class.c -o SharedRaw_class.o
SharedRaw_class.c: In function 'SharedRaw_read_complexes_from_subscript':
SharedRaw_class.c:396:13: warning: variable 'src_tag' set but not used [-Wunused-but-set-variable]
SEXP dest, src_tag;
^~~~~~~
"C:/rtools40/mingw64/bin/"gcc -I"D:/biocbuild/bbs-3.15-bioc/R/library/zlibbioc/include" -I"D:/biocbuild/bbs-3.15-bioc/R/include" -DNDEBUG -I'D:/biocbuild/bbs-3.15-bioc/R/library/S4Vectors/include' -I'D:/biocbuild/bbs-3.15-bioc/R/library/IRanges/include' -I"C:/extsoft/include" -O2 -Wall -std=gnu99 -mfpmath=sse -msse2 -mstackrealign -fno-reorder-blocks-and-partition -c SharedVector_class.c -o SharedVector_class.o
"C:/rtools40/mingw64/bin/"gcc -I"D:/biocbuild/bbs-3.15-bioc/R/library/zlibbioc/include" -I"D:/biocbuild/bbs-3.15-bioc/R/include" -DNDEBUG -I'D:/biocbuild/bbs-3.15-bioc/R/library/S4Vectors/include' -I'D:/biocbuild/bbs-3.15-bioc/R/library/IRanges/include' -I"C:/extsoft/include" -O2 -Wall -std=gnu99 -mfpmath=sse -msse2 -mstackrealign -fno-reorder-blocks-and-partition -c XDouble_class.c -o XDouble_class.o
"C:/rtools40/mingw64/bin/"gcc -I"D:/biocbuild/bbs-3.15-bioc/R/library/zlibbioc/include" -I"D:/biocbuild/bbs-3.15-bioc/R/include" -DNDEBUG -I'D:/biocbuild/bbs-3.15-bioc/R/library/S4Vectors/include' -I'D:/biocbuild/bbs-3.15-bioc/R/library/IRanges/include' -I"C:/extsoft/include" -O2 -Wall -std=gnu99 -mfpmath=sse -msse2 -mstackrealign -fno-reorder-blocks-and-partition -c XInteger_class.c -o XInteger_class.o
"C:/rtools40/mingw64/bin/"gcc -I"D:/biocbuild/bbs-3.15-bioc/R/library/zlibbioc/include" -I"D:/biocbuild/bbs-3.15-bioc/R/include" -DNDEBUG -I'D:/biocbuild/bbs-3.15-bioc/R/library/S4Vectors/include' -I'D:/biocbuild/bbs-3.15-bioc/R/library/IRanges/include' -I"C:/extsoft/include" -O2 -Wall -std=gnu99 -mfpmath=sse -msse2 -mstackrealign -fno-reorder-blocks-and-partition -c XRawList_comparison.c -o XRawList_comparison.o
"C:/rtools40/mingw64/bin/"gcc -I"D:/biocbuild/bbs-3.15-bioc/R/library/zlibbioc/include" -I"D:/biocbuild/bbs-3.15-bioc/R/include" -DNDEBUG -I'D:/biocbuild/bbs-3.15-bioc/R/library/S4Vectors/include' -I'D:/biocbuild/bbs-3.15-bioc/R/library/IRanges/include' -I"C:/extsoft/include" -O2 -Wall -std=gnu99 -mfpmath=sse -msse2 -mstackrealign -fno-reorder-blocks-and-partition -c XRaw_class.c -o XRaw_class.o
"C:/rtools40/mingw64/bin/"gcc -I"D:/biocbuild/bbs-3.15-bioc/R/library/zlibbioc/include" -I"D:/biocbuild/bbs-3.15-bioc/R/include" -DNDEBUG -I'D:/biocbuild/bbs-3.15-bioc/R/library/S4Vectors/include' -I'D:/biocbuild/bbs-3.15-bioc/R/library/IRanges/include' -I"C:/extsoft/include" -O2 -Wall -std=gnu99 -mfpmath=sse -msse2 -mstackrealign -fno-reorder-blocks-and-partition -c XVectorList_class.c -o XVectorList_class.o
XVectorList_class.c: In function '_new_XRawList_from_CharAEAE':
XVectorList_class.c:459:3: warning: 'lkup_length' may be used uninitialized in this function [-Wmaybe-uninitialized]
_Ocopy_bytes_to_i1i2_with_lkup(0, dest.length - 1,
^~~~~~~~~~~~~~~~~~~~~~~~~~~~~~~~~~~~~~~~~~~~~~~~~~
(char *) dest.ptr, dest.length,
~~~~~~~~~~~~~~~~~~~~~~~~~~~~~~~
src->elts, CharAE_get_nelt(src),
~~~~~~~~~~~~~~~~~~~~~~~~~~~~~~~~
lkup0, lkup_length);
~~~~~~~~~~~~~~~~~~~
"C:/rtools40/mingw64/bin/"gcc -I"D:/biocbuild/bbs-3.15-bioc/R/library/zlibbioc/include" -I"D:/biocbuild/bbs-3.15-bioc/R/include" -DNDEBUG -I'D:/biocbuild/bbs-3.15-bioc/R/library/S4Vectors/include' -I'D:/biocbuild/bbs-3.15-bioc/R/library/IRanges/include' -I"C:/extsoft/include" -O2 -Wall -std=gnu99 -mfpmath=sse -msse2 -mstackrealign -fno-reorder-blocks-and-partition -c XVector_class.c -o XVector_class.o
"C:/rtools40/mingw64/bin/"gcc -I"D:/biocbuild/bbs-3.15-bioc/R/library/zlibbioc/include" -I"D:/biocbuild/bbs-3.15-bioc/R/include" -DNDEBUG -I'D:/biocbuild/bbs-3.15-bioc/R/library/S4Vectors/include' -I'D:/biocbuild/bbs-3.15-bioc/R/library/IRanges/include' -I"C:/extsoft/include" -O2 -Wall -std=gnu99 -mfpmath=sse -msse2 -mstackrealign -fno-reorder-blocks-and-partition -c io_utils.c -o io_utils.o
"C:/rtools40/mingw64/bin/"gcc -I"D:/biocbuild/bbs-3.15-bioc/R/library/zlibbioc/include" -I"D:/biocbuild/bbs-3.15-bioc/R/include" -DNDEBUG -I'D:/biocbuild/bbs-3.15-bioc/R/library/S4Vectors/include' -I'D:/biocbuild/bbs-3.15-bioc/R/library/IRanges/include' -I"C:/extsoft/include" -O2 -Wall -std=gnu99 -mfpmath=sse -msse2 -mstackrealign -fno-reorder-blocks-and-partition -c slice_methods.c -o slice_methods.o
"C:/rtools40/mingw64/bin/"gcc -I"D:/biocbuild/bbs-3.15-bioc/R/library/zlibbioc/include" -I"D:/biocbuild/bbs-3.15-bioc/R/include" -DNDEBUG -I'D:/biocbuild/bbs-3.15-bioc/R/library/S4Vectors/include' -I'D:/biocbuild/bbs-3.15-bioc/R/library/IRanges/include' -I"C:/extsoft/include" -O2 -Wall -std=gnu99 -mfpmath=sse -msse2 -mstackrealign -fno-reorder-blocks-and-partition -c vector_copy.c -o vector_copy.o
"C:/rtools40/mingw64/bin/"gcc -I"D:/biocbuild/bbs-3.15-bioc/R/library/zlibbioc/include" -I"D:/biocbuild/bbs-3.15-bioc/R/include" -DNDEBUG -I'D:/biocbuild/bbs-3.15-bioc/R/library/S4Vectors/include' -I'D:/biocbuild/bbs-3.15-bioc/R/library/IRanges/include' -I"C:/extsoft/include" -O2 -Wall -std=gnu99 -mfpmath=sse -msse2 -mstackrealign -fno-reorder-blocks-and-partition -c view_summarization_methods.c -o view_summarization_methods.o
view_summarization_methods.c: In function 'get_which_min_from_Ints_holder':
view_summarization_methods.c:219:31: warning: 'cur_min' may be used uninitialized in this function [-Wmaybe-uninitialized]
if (which_min == NA_INTEGER || x < cur_min) {
~~~~~~~~~~~~~~~~~~~~~~~~^~~~~~~~~~~~~~
view_summarization_methods.c: In function 'get_which_min_from_Doubles_holder':
view_summarization_methods.c:246:31: warning: 'cur_min' may be used uninitialized in this function [-Wmaybe-uninitialized]
if (which_min == NA_INTEGER || x < cur_min) {
~~~~~~~~~~~~~~~~~~~~~~~~^~~~~~~~~~~~~~
view_summarization_methods.c: In function 'get_which_max_from_Ints_holder':
view_summarization_methods.c:269:31: warning: 'cur_max' may be used uninitialized in this function [-Wmaybe-uninitialized]
if (which_max == NA_INTEGER || x > cur_max) {
~~~~~~~~~~~~~~~~~~~~~~~~^~~~~~~~~~~~~~
view_summarization_methods.c: In function 'get_which_max_from_Doubles_holder':
view_summarization_methods.c:296:31: warning: 'cur_max' may be used uninitialized in this function [-Wmaybe-uninitialized]
if (which_max == NA_INTEGER || x > cur_max) {
~~~~~~~~~~~~~~~~~~~~~~~~^~~~~~~~~~~~~~
C:/rtools40/mingw64/bin/gcc -shared -s -static-libgcc -o XVector.dll tmp.def IRanges_stubs.o Ocopy_byteblocks.o RDS_random_access.o R_init_XVector.o S4Vectors_stubs.o SharedDouble_class.o SharedInteger_class.o SharedRaw_class.o SharedVector_class.o XDouble_class.o XInteger_class.o XRawList_comparison.o XRaw_class.o XVectorList_class.o XVector_class.o io_utils.o slice_methods.o vector_copy.o view_summarization_methods.o -LD:/biocbuild/bbs-3.15-bioc/R/library/zlibbioc/libs/x64 -lzlib1bioc -LC:/extsoft/lib/x64 -LC:/extsoft/lib -LD:/biocbuild/bbs-3.15-bioc/R/bin/x64 -lR
installing to D:/biocbuild/bbs-3.15-bioc/R/library/00LOCK-XVector/00new/XVector/libs/x64
** R
** inst
** byte-compile and prepare package for lazy loading
** help
*** installing help indices
converting help for package 'XVector'
finding HTML links ... done
OnDiskRaw-class html
XDoubleViews-class html
XIntegerViews-class html
XRawList-class html
XRawList-comparison html
XVector-class html
XVector-internals html
XVectorList-class html
compact-methods html
intra-range-methods html
reverse-methods html
slice-methods html
updateObject-methods html
view-summarization-methods html
** building package indices
** testing if installed package can be loaded from temporary location
** testing if installed package can be loaded from final location
** testing if installed package keeps a record of temporary installation path
* DONE (XVector)
Making 'packages.html' ...Warning in packageDescription(i, lib.loc = lib, fields = "Title", encoding = "UTF-8") :
DESCRIPTION file of package 'pathVar' is missing or broken
done
XVector.Rcheck/tests/run_unitTests.Rout
R Under development (unstable) (2021-11-21 r81221) -- "Unsuffered Consequences"
Copyright (C) 2021 The R Foundation for Statistical Computing
Platform: x86_64-w64-mingw32/x64 (64-bit)
R is free software and comes with ABSOLUTELY NO WARRANTY.
You are welcome to redistribute it under certain conditions.
Type 'license()' or 'licence()' for distribution details.
R is a collaborative project with many contributors.
Type 'contributors()' for more information and
'citation()' on how to cite R or R packages in publications.
Type 'demo()' for some demos, 'help()' for on-line help, or
'help.start()' for an HTML browser interface to help.
Type 'q()' to quit R.
> require("XVector") || stop("unable to load XVector package")
Loading required package: XVector
Loading required package: BiocGenerics
Attaching package: 'BiocGenerics'
The following objects are masked from 'package:stats':
IQR, mad, sd, var, xtabs
The following objects are masked from 'package:base':
Filter, Find, Map, Position, Reduce, anyDuplicated, append,
as.data.frame, basename, cbind, colnames, dirname, do.call,
duplicated, eval, evalq, get, grep, grepl, intersect, is.unsorted,
lapply, mapply, match, mget, order, paste, pmax, pmax.int, pmin,
pmin.int, rank, rbind, rownames, sapply, setdiff, sort, table,
tapply, union, unique, unsplit, which.max, which.min
Loading required package: S4Vectors
Loading required package: stats4
Attaching package: 'S4Vectors'
The following objects are masked from 'package:base':
I, expand.grid, unname
Loading required package: IRanges
Attaching package: 'IRanges'
The following object is masked from 'package:grDevices':
windows
[1] TRUE
> XVector:::.test()
RUNIT TEST PROTOCOL -- Thu Mar 17 20:38:00 2022
***********************************************
Number of test functions: 8
Number of errors: 0
Number of failures: 0
1 Test Suite :
XVector RUnit Tests - 8 test functions, 0 errors, 0 failures
Number of test functions: 8
Number of errors: 0
Number of failures: 0
>
> proc.time()
user system elapsed
2.39 0.14 2.51
XVector.Rcheck/XVector-Ex.timings
| name | user | system | elapsed | |
| XDoubleViews-class | 0.06 | 0.00 | 0.06 | |
| XIntegerViews-class | 0.14 | 0.00 | 0.14 | |
| XRawList-comparison | 0 | 0 | 0 | |
| XVector-class | 0.03 | 0.00 | 0.03 | |
| compact-methods | 0.42 | 0.01 | 0.47 | |
| intra-range-methods | 0 | 0 | 0 | |
| reverse-methods | 2.24 | 0.39 | 2.62 | |
| slice-methods | 0.01 | 0.00 | 0.02 | |
| view-summarization-methods | 0.02 | 0.00 | 0.01 | |