| Back to Multiple platform build/check report for BioC 3.15 |
|
This page was generated on 2022-03-18 11:08:59 -0400 (Fri, 18 Mar 2022).
| Hostname | OS | Arch (*) | R version | Installed pkgs |
|---|---|---|---|---|
| nebbiolo1 | Linux (Ubuntu 20.04.4 LTS) | x86_64 | R Under development (unstable) (2022-02-17 r81757) -- "Unsuffered Consequences" | 4334 |
| riesling1 | Windows Server 2019 Standard | x64 | R Under development (unstable) (2021-11-21 r81221) -- "Unsuffered Consequences" | 4097 |
| palomino3 | Windows Server 2022 Datacenter | x64 | R Under development (unstable) (2022-02-17 r81757 ucrt) -- "Unsuffered Consequences" | 4083 |
| merida1 | macOS 10.14.6 Mojave | x86_64 | R Under development (unstable) (2022-03-02 r81842) -- "Unsuffered Consequences" | 4134 |
| Click on any hostname to see more info about the system (e.g. compilers) (*) as reported by 'uname -p', except on Windows and Mac OS X | ||||
|
To the developers/maintainers of the XCIR package: - Please allow up to 24 hours (and sometimes 48 hours) for your latest push to git@git.bioconductor.org:packages/XCIR.git to reflect on this report. See How and When does the builder pull? When will my changes propagate? here for more information. - Make sure to use the following settings in order to reproduce any error or warning you see on this page. |
| Package 2076/2090 | Hostname | OS / Arch | INSTALL | BUILD | CHECK | BUILD BIN | ||||||||
| XCIR 1.9.0 (landing page) Renan Sauteraud
| nebbiolo1 | Linux (Ubuntu 20.04.4 LTS) / x86_64 | OK | ERROR | skipped | |||||||||
| riesling1 | Windows Server 2019 Standard / x64 | OK | ERROR | skipped | skipped | |||||||||
| palomino3 | Windows Server 2022 Datacenter / x64 | OK | ERROR | skipped | skipped | |||||||||
| merida1 | macOS 10.14.6 Mojave / x86_64 | OK | ERROR | skipped | skipped | |||||||||
| Package: XCIR |
| Version: 1.9.0 |
| Command: chmod a+r XCIR -R && D:\biocbuild\bbs-3.15-bioc\R\bin\R.exe CMD build --keep-empty-dirs --no-resave-data XCIR |
| StartedAt: 2022-03-17 18:17:12 -0400 (Thu, 17 Mar 2022) |
| EndedAt: 2022-03-17 18:18:13 -0400 (Thu, 17 Mar 2022) |
| EllapsedTime: 61.0 seconds |
| RetCode: 1 |
| Status: ERROR |
| PackageFile: None |
| PackageFileSize: NA |
##############################################################################
##############################################################################
###
### Running command:
###
### chmod a+r XCIR -R && D:\biocbuild\bbs-3.15-bioc\R\bin\R.exe CMD build --keep-empty-dirs --no-resave-data XCIR
###
##############################################################################
##############################################################################
* checking for file 'XCIR/DESCRIPTION' ... OK
* preparing 'XCIR':
* checking DESCRIPTION meta-information ... OK
* installing the package to build vignettes
* creating vignettes ... ERROR
--- re-building 'xcir_intro.Rmd' using knitr
Fetching genes for hg38
Fetching genes for hg38
Warning in getGenicDP(annoX, highest_expr = TRUE) :
There are no 'sex' column in the dataset. If not all subjects
are female, remove them or add a 'sex' column and run again.
Quitting from lines 146-147 (xcir_intro.Rmd)
Error: processing vignette 'xcir_intro.Rmd' failed with diagnostics:
object 'pvalue' not found
--- failed re-building 'xcir_intro.Rmd'
SUMMARY: processing the following file failed:
'xcir_intro.Rmd'
Error: Vignette re-building failed.
Execution halted