| Back to Multiple platform build/check report for BioC 3.15 |
|
This page was generated on 2022-10-19 13:21:02 -0400 (Wed, 19 Oct 2022).
| Hostname | OS | Arch (*) | R version | Installed pkgs |
|---|---|---|---|---|
| nebbiolo1 | Linux (Ubuntu 20.04.5 LTS) | x86_64 | 4.2.1 (2022-06-23) -- "Funny-Looking Kid" | 4386 |
| palomino3 | Windows Server 2022 Datacenter | x64 | 4.2.1 (2022-06-23 ucrt) -- "Funny-Looking Kid" | 4138 |
| merida1 | macOS 10.14.6 Mojave | x86_64 | 4.2.1 (2022-06-23) -- "Funny-Looking Kid" | 4205 |
| Click on any hostname to see more info about the system (e.g. compilers) (*) as reported by 'uname -p', except on Windows and Mac OS X | ||||
|
To the developers/maintainers of the VariantTools package: - Please allow up to 24 hours (and sometimes 48 hours) for your latest push to git@git.bioconductor.org:packages/VariantTools.git to reflect on this report. See How and When does the builder pull? When will my changes propagate? for more information. - Make sure to use the following settings in order to reproduce any error or warning you see on this page. |
| Package 2097/2140 | Hostname | OS / Arch | INSTALL | BUILD | CHECK | BUILD BIN | ||||||||
| VariantTools 1.38.0 (landing page) Michael Lawrence
| nebbiolo1 | Linux (Ubuntu 20.04.5 LTS) / x86_64 | OK | OK | WARNINGS | |||||||||
| palomino3 | Windows Server 2022 Datacenter / x64 | OK | OK | WARNINGS | OK | |||||||||
| merida1 | macOS 10.14.6 Mojave / x86_64 | OK | OK | WARNINGS | OK | |||||||||
| Package: VariantTools |
| Version: 1.38.0 |
| Command: /home/biocbuild/bbs-3.15-bioc/R/bin/R CMD check --install=check:VariantTools.install-out.txt --library=/home/biocbuild/bbs-3.15-bioc/R/library --no-vignettes --timings VariantTools_1.38.0.tar.gz |
| StartedAt: 2022-10-18 22:19:03 -0400 (Tue, 18 Oct 2022) |
| EndedAt: 2022-10-18 22:24:50 -0400 (Tue, 18 Oct 2022) |
| EllapsedTime: 347.0 seconds |
| RetCode: 0 |
| Status: WARNINGS |
| CheckDir: VariantTools.Rcheck |
| Warnings: 2 |
##############################################################################
##############################################################################
###
### Running command:
###
### /home/biocbuild/bbs-3.15-bioc/R/bin/R CMD check --install=check:VariantTools.install-out.txt --library=/home/biocbuild/bbs-3.15-bioc/R/library --no-vignettes --timings VariantTools_1.38.0.tar.gz
###
##############################################################################
##############################################################################
* using log directory ‘/home/biocbuild/bbs-3.15-bioc/meat/VariantTools.Rcheck’
* using R version 4.2.1 (2022-06-23)
* using platform: x86_64-pc-linux-gnu (64-bit)
* using session charset: UTF-8
* using option ‘--no-vignettes’
* checking for file ‘VariantTools/DESCRIPTION’ ... OK
* checking extension type ... Package
* this is package ‘VariantTools’ version ‘1.38.0’
* checking package namespace information ... OK
* checking package dependencies ... OK
* checking if this is a source package ... OK
* checking if there is a namespace ... OK
* checking for hidden files and directories ... NOTE
Found the following hidden files and directories:
.BBSoptions
These were most likely included in error. See section ‘Package
structure’ in the ‘Writing R Extensions’ manual.
* checking for portable file names ... OK
* checking for sufficient/correct file permissions ... OK
* checking whether package ‘VariantTools’ can be installed ... OK
* checking installed package size ... NOTE
installed size is 6.5Mb
sub-directories of 1Mb or more:
doc 5.4Mb
* checking package directory ... OK
* checking ‘build’ directory ... OK
* checking DESCRIPTION meta-information ... OK
* checking top-level files ... OK
* checking for left-over files ... OK
* checking index information ... OK
* checking package subdirectories ... OK
* checking R files for non-ASCII characters ... OK
* checking R files for syntax errors ... OK
* checking whether the package can be loaded ... OK
* checking whether the package can be loaded with stated dependencies ... OK
* checking whether the package can be unloaded cleanly ... OK
* checking whether the namespace can be loaded with stated dependencies ... OK
* checking whether the namespace can be unloaded cleanly ... OK
* checking dependencies in R code ... NOTE
Unexported objects imported by ':::' calls:
‘BiocGenerics:::testPackage’ ‘IRanges:::unlist_as_integer’
See the note in ?`:::` about the use of this operator.
* checking S3 generic/method consistency ... OK
* checking replacement functions ... OK
* checking foreign function calls ... OK
* checking R code for possible problems ... NOTE
LowerFrequencyInOtherFilter : <anonymous>: no visible binding for
global variable ‘control.alt.depth’
LowerFrequencyInOtherFilter : <anonymous>: no visible binding for
global variable ‘control.total.depth’
ReadPositionTTestFilter : <anonymous>: no visible binding for global
variable ‘read.pos.mean’
ReadPositionTTestFilter : <anonymous>: no visible binding for global
variable ‘read.pos.mean.ref’
ReadPositionTTestFilter : <anonymous>: no visible binding for global
variable ‘read.pos.var’
ReadPositionTTestFilter : <anonymous>: no visible binding for global
variable ‘read.pos.var.ref’
ReadPositionTTestFilter : <anonymous>: no visible global function
definition for ‘rawDepth’
StrandFETFilter : <anonymous>: no visible binding for global variable
‘count.plus.ref’
StrandFETFilter : <anonymous>: no visible binding for global variable
‘count.minus.ref’
StrandFETFilter : <anonymous>: no visible binding for global variable
‘count.plus’
StrandFETFilter : <anonymous>: no visible binding for global variable
‘count.minus’
calculateConcordanceMatrix: no visible binding for global variable ‘x’
caseControlFET: no visible binding for global variable
‘control.alt.depth’
caseControlFET: no visible binding for global variable
‘control.total.depth’
variantGR2Vcf: no visible global function definition for
‘variantGRangesIsDeprecated’
variantGR2Vcf: no visible global function definition for
‘makeVRangesFromVariantGRanges’
callVariants,GenomicRanges: no visible global function definition for
‘variantGRangesIsDeprecated’
callVariants,GenomicRanges: no visible global function definition for
‘variantGRangesToVRanges’
Undefined global functions or variables:
control.alt.depth control.total.depth count.minus count.minus.ref
count.plus count.plus.ref makeVRangesFromVariantGRanges rawDepth
read.pos.mean read.pos.mean.ref read.pos.var read.pos.var.ref
variantGRangesIsDeprecated variantGRangesToVRanges x
* checking Rd files ... WARNING
./man/tallyVariants.Rd: non-ASCII input and no declared encoding
problem found in ‘tallyVariants.Rd’
* checking Rd metadata ... OK
* checking Rd cross-references ... OK
* checking for missing documentation entries ... OK
* checking for code/documentation mismatches ... OK
* checking Rd \usage sections ... OK
* checking Rd contents ... OK
* checking for unstated dependencies in examples ... OK
* checking contents of ‘data’ directory ... OK
* checking data for non-ASCII characters ... OK
* checking data for ASCII and uncompressed saves ... OK
* checking installed files from ‘inst/doc’ ... NOTE
The following directories should probably not be installed:
‘fig’
Consider the use of a .Rinstignore file: see ‘Writing R Extensions’,
or move the vignette sources from ‘inst/doc’ to ‘vignettes’.
* checking files in ‘vignettes’ ... OK
* checking examples ... WARNING
Found the following significant warnings:
Warning: 'applyPileups' is deprecated.
Deprecated functions may be defunct as soon as of the next release of
R.
See ?Deprecated.
Examples with CPU (user + system) or elapsed time > 5s
user system elapsed
callGenotypes 75.437 4.949 47.854
callSampleSpecificVariants 4.919 2.477 2.703
* checking for unstated dependencies in ‘tests’ ... OK
* checking tests ...
Running ‘VariantTools_unit_tests.R’
OK
* checking for unstated dependencies in vignettes ... OK
* checking package vignettes in ‘inst/doc’ ... OK
* checking running R code from vignettes ... SKIPPED
* checking re-building of vignette outputs ... SKIPPED
* checking PDF version of manual ... OK
* DONE
Status: 2 WARNINGs, 5 NOTEs
See
‘/home/biocbuild/bbs-3.15-bioc/meat/VariantTools.Rcheck/00check.log’
for details.
VariantTools.Rcheck/00install.out
############################################################################## ############################################################################## ### ### Running command: ### ### /home/biocbuild/bbs-3.15-bioc/R/bin/R CMD INSTALL VariantTools ### ############################################################################## ############################################################################## * installing to library ‘/home/biocbuild/bbs-3.15-bioc/R/library’ * installing *source* package ‘VariantTools’ ... ** using staged installation ** R ** data ** inst ** byte-compile and prepare package for lazy loading ** help *** installing help indices ** building package indices ** installing vignettes ** testing if installed package can be loaded from temporary location ** testing if installed package can be loaded from final location ** testing if installed package keeps a record of temporary installation path * DONE (VariantTools)
VariantTools.Rcheck/tests/VariantTools_unit_tests.Rout
R version 4.2.1 (2022-06-23) -- "Funny-Looking Kid"
Copyright (C) 2022 The R Foundation for Statistical Computing
Platform: x86_64-pc-linux-gnu (64-bit)
R is free software and comes with ABSOLUTELY NO WARRANTY.
You are welcome to redistribute it under certain conditions.
Type 'license()' or 'licence()' for distribution details.
R is a collaborative project with many contributors.
Type 'contributors()' for more information and
'citation()' on how to cite R or R packages in publications.
Type 'demo()' for some demos, 'help()' for on-line help, or
'help.start()' for an HTML browser interface to help.
Type 'q()' to quit R.
> ##require("VariantTools") || stop("unable to load VariantTools package")
> ##VariantTools:::.test()
>
> proc.time()
user system elapsed
0.253 0.028 0.266
VariantTools.Rcheck/VariantTools-Ex.timings
| name | user | system | elapsed | |
| FilterConstructors | 0.881 | 0.112 | 0.996 | |
| annnotateWithControlDepth | 0.3 | 0.0 | 0.3 | |
| callGenotypes | 75.437 | 4.949 | 47.854 | |
| callSampleSpecificVariants | 4.919 | 2.477 | 2.703 | |
| callVariants | 2.845 | 1.290 | 1.506 | |
| callWildtype | 0.252 | 0.028 | 0.280 | |
| pileupVariants | 0.162 | 0.028 | 0.189 | |
| postFilterVariants | 0.238 | 0.040 | 0.278 | |
| qaVariants | 0.160 | 0.008 | 0.168 | |
| tallyVariants | 2.455 | 1.152 | 1.204 | |
| variantGR2Vcf | 0.000 | 0.000 | 0.001 | |
| vignette | 0.011 | 0.004 | 0.015 | |