| Back to Multiple platform build/check report for BioC 3.15 | 
 | 
This page was generated on 2022-03-18 11:08:33 -0400 (Fri, 18 Mar 2022).
| Hostname | OS | Arch (*) | R version | Installed pkgs | 
|---|---|---|---|---|
| nebbiolo1 | Linux (Ubuntu 20.04.4 LTS) | x86_64 | R Under development (unstable) (2022-02-17 r81757) -- "Unsuffered Consequences" | 4334 | 
| riesling1 | Windows Server 2019 Standard | x64 | R Under development (unstable) (2021-11-21 r81221) -- "Unsuffered Consequences" | 4097 | 
| palomino3 | Windows Server 2022 Datacenter | x64 | R Under development (unstable) (2022-02-17 r81757 ucrt) -- "Unsuffered Consequences" | 4083 | 
| merida1 | macOS 10.14.6 Mojave | x86_64 | R Under development (unstable) (2022-03-02 r81842) -- "Unsuffered Consequences" | 4134 | 
| Click on any hostname to see more info about the system (e.g. compilers) (*) as reported by 'uname -p', except on Windows and Mac OS X | ||||
| To the developers/maintainers of the RTCA package: - Please allow up to 24 hours (and sometimes 48 hours) for your latest push to git@git.bioconductor.org:packages/RTCA.git to reflect on this report. See How and When does the builder pull? When will my changes propagate? here for more information. - Make sure to use the following settings in order to reproduce any error or warning you see on this page. | 
| Package 1675/2090 | Hostname | OS / Arch | INSTALL | BUILD | CHECK | BUILD BIN | ||||||||
| RTCA 1.47.0  (landing page) Jitao David Zhang 
 | nebbiolo1 | Linux (Ubuntu 20.04.4 LTS) / x86_64 | OK | OK | WARNINGS |  | ||||||||
| riesling1 | Windows Server 2019 Standard / x64 | OK | OK | WARNINGS | OK | |||||||||
| palomino3 | Windows Server 2022 Datacenter / x64 | OK | OK | WARNINGS | OK |  | ||||||||
| merida1 | macOS 10.14.6 Mojave / x86_64 | OK | OK | WARNINGS | OK |  | ||||||||
| Package: RTCA | 
| Version: 1.47.0 | 
| Command: D:\biocbuild\bbs-3.15-bioc\R\bin\R.exe CMD check --no-multiarch --install=check:RTCA.install-out.txt --library=D:\biocbuild\bbs-3.15-bioc\R\library --no-vignettes --timings RTCA_1.47.0.tar.gz | 
| StartedAt: 2022-03-17 20:08:56 -0400 (Thu, 17 Mar 2022) | 
| EndedAt: 2022-03-17 20:09:35 -0400 (Thu, 17 Mar 2022) | 
| EllapsedTime: 38.9 seconds | 
| RetCode: 0 | 
| Status: WARNINGS | 
| CheckDir: RTCA.Rcheck | 
| Warnings: 1 | 
############################################################################## ############################################################################## ### ### Running command: ### ### D:\biocbuild\bbs-3.15-bioc\R\bin\R.exe CMD check --no-multiarch --install=check:RTCA.install-out.txt --library=D:\biocbuild\bbs-3.15-bioc\R\library --no-vignettes --timings RTCA_1.47.0.tar.gz ### ############################################################################## ############################################################################## * using log directory 'D:/biocbuild/bbs-3.15-bioc/meat/RTCA.Rcheck' * using R Under development (unstable) (2021-11-21 r81221) * using platform: x86_64-w64-mingw32 (64-bit) * using session charset: ISO8859-1 * using option '--no-vignettes' * checking for file 'RTCA/DESCRIPTION' ... OK * checking extension type ... Package * this is package 'RTCA' version '1.47.0' * checking package namespace information ... OK * checking package dependencies ... OK * checking if this is a source package ... OK * checking if there is a namespace ... OK * checking for hidden files and directories ... OK * checking for portable file names ... OK * checking whether package 'RTCA' can be installed ... OK * checking installed package size ... OK * checking package directory ... OK * checking 'build' directory ... OK * checking DESCRIPTION meta-information ... OK * checking top-level files ... OK * checking for left-over files ... OK * checking index information ... OK * checking package subdirectories ... OK * checking R files for non-ASCII characters ... OK * checking R files for syntax errors ... OK * checking whether the package can be loaded ... OK * checking whether the package can be loaded with stated dependencies ... OK * checking whether the package can be unloaded cleanly ... OK * checking whether the namespace can be loaded with stated dependencies ... OK * checking whether the namespace can be unloaded cleanly ... OK * checking dependencies in R code ... OK * checking S3 generic/method consistency ... OK * checking replacement functions ... OK * checking foreign function calls ... OK * checking R code for possible problems ... OK * checking Rd files ... OK * checking Rd metadata ... OK * checking Rd cross-references ... OK * checking for missing documentation entries ... OK * checking for code/documentation mismatches ... OK * checking Rd \usage sections ... WARNING Documented arguments not in \usage in documentation object 'interpolationTransform': '...' Functions with \usage entries need to have the appropriate \alias entries, and all their arguments documented. The \usage entries must correspond to syntactically valid R code. See chapter 'Writing R documentation files' in the 'Writing R Extensions' manual. * checking Rd contents ... OK * checking for unstated dependencies in examples ... OK * checking line endings in Makefiles ... OK * checking for GNU extensions in Makefiles ... OK * checking include directives in Makefiles ... OK * checking files in 'vignettes' ... OK * checking examples ... OK * checking for unstated dependencies in 'tests' ... OK * checking tests ... Running 'essentials.R' OK * checking for unstated dependencies in vignettes ... OK * checking package vignettes in 'inst/doc' ... OK * checking running R code from vignettes ... SKIPPED * checking re-building of vignette outputs ... SKIPPED * checking PDF version of manual ... OK * DONE Status: 1 WARNING See 'D:/biocbuild/bbs-3.15-bioc/meat/RTCA.Rcheck/00check.log' for details.
RTCA.Rcheck/00install.out
##############################################################################
##############################################################################
###
### Running command:
###
###   D:\biocbuild\bbs-3.15-bioc\R\bin\R.exe CMD INSTALL RTCA
###
##############################################################################
##############################################################################
* installing to library 'D:/biocbuild/bbs-3.15-bioc/R/library'
* installing *source* package 'RTCA' ...
** using staged installation
** R
** inst
** byte-compile and prepare package for lazy loading
** help
*** installing help indices
  converting help for package 'RTCA'
    finding HTML links ... done
    RTCA-class                              html  
    finding level-2 HTML links ... done
    RTCAtimeline-class                      html  
    alphaNames                              html  
    combineRTCA                             html  
    controlView                             html  
    derivativeTransform                     html  
    factor2numeric                          html  
    interpolationTransform                  html  
    nearestTimeIndex                        html  
    parseRTCA                               html  
    plateView                               html  
    plotGridEffect                          html  
    ratioTransform                          html  
    rgrTransform                            html  
    sliceRTCA                               html  
    smoothTransform                         html  
    spectramaxImport                        html  
** building package indices
** installing vignettes
** testing if installed package can be loaded from temporary location
** testing if installed package can be loaded from final location
** testing if installed package keeps a record of temporary installation path
* DONE (RTCA)
Making 'packages.html' ... done
RTCA.Rcheck/tests/essentials.Rout
R Under development (unstable) (2021-11-21 r81221) -- "Unsuffered Consequences"
Copyright (C) 2021 The R Foundation for Statistical Computing
Platform: x86_64-w64-mingw32/x64 (64-bit)
R is free software and comes with ABSOLUTELY NO WARRANTY.
You are welcome to redistribute it under certain conditions.
Type 'license()' or 'licence()' for distribution details.
R is a collaborative project with many contributors.
Type 'contributors()' for more information and
'citation()' on how to cite R or R packages in publications.
Type 'demo()' for some demos, 'help()' for on-line help, or
'help.start()' for an HTML browser interface to help.
Type 'q()' to quit R.
> library(RTCA)
Loading required package: Biobase
Loading required package: BiocGenerics
Attaching package: 'BiocGenerics'
The following objects are masked from 'package:stats':
    IQR, mad, sd, var, xtabs
The following objects are masked from 'package:base':
    Filter, Find, Map, Position, Reduce, anyDuplicated, append,
    as.data.frame, basename, cbind, colnames, dirname, do.call,
    duplicated, eval, evalq, get, grep, grepl, intersect, is.unsorted,
    lapply, mapply, match, mget, order, paste, pmax, pmax.int, pmin,
    pmin.int, rank, rbind, rownames, sapply, setdiff, sort, table,
    tapply, union, unique, unsplit, which.max, which.min
Welcome to Bioconductor
    Vignettes contain introductory material; view with
    'browseVignettes()'. To cite Bioconductor, see
    'citation("Biobase")', and for packages 'citation("pkgname")'.
Loading required package: RColorBrewer
Loading required package: gtools
> 
> 
> tl <- new("RTCAtimeline")
> timeUnit(tl) <- "hour"
> startTime(tl) <- Sys.time()-3e6
> show(tl)
RTCAtimeline
================================================
 time action
    0  start
================================================
Time unit: hour 
RTCA-run start time: 2022-02-11 01:49:25 
> 
> tl2 <- addAction(tl, 1, "seeding")
> show(tl2)
RTCAtimeline
================================================
 time  action
    0   start
    1 seeding
================================================
Time unit: hour 
RTCA-run start time: 2022-02-11 01:49:25 
> stopifnot(getAction(tl2, 0)=="start")
> stopifnot(is.null(getAction(tl2, -1)))
> 
> rmAction(tl2, 0)
RTCAtimeline
================================================
 time  action
    1 seeding
================================================
Time unit: hour 
RTCA-run start time: 2022-02-11 01:49:25 
> rmAction(tl2, 1)
RTCAtimeline
================================================
 time action
    0  start
================================================
Time unit: hour 
RTCA-run start time: 2022-02-11 01:49:25 
> rmAction(tl2, -1)
RTCAtimeline
================================================
 time  action
    0   start
    1 seeding
================================================
Time unit: hour 
RTCA-run start time: 2022-02-11 01:49:25 
> 
> updateAction(tl2, 1, "not seeding")
RTCAtimeline
================================================
 time      action
    0       start
    1 not seeding
================================================
Time unit: hour 
RTCA-run start time: 2022-02-11 01:49:25 
> updateAction(tl2, -1,"not seeding")
RTCAtimeline
================================================
 time      action
   -1 not seeding
    0       start
    1     seeding
================================================
Time unit: hour 
RTCA-run start time: 2022-02-11 01:49:25 
> updateAction(tl2, -1,"not seeding", ifnotfound="ignore")
RTCAtimeline
================================================
 time  action
    0   start
    1 seeding
================================================
Time unit: hour 
RTCA-run start time: 2022-02-11 01:49:25 
> startTime(tl2) <- as.POSIXct("2009-05-06 14:52:03")
> tl2
RTCAtimeline
================================================
 time  action
    0   start
    1 seeding
================================================
Time unit: hour 
RTCA-run start time: 2009-05-06 14:52:03 
> 
> ofile <- system.file("/extdata/testOutput.csv", package="RTCA")
> x <- parseRTCA(ofile)
Read 245 items
> 
> ## add actions to timeline
> x <- addAction(x, 22, "transfection")
> x <- addAction(x, 30, "change medium")
> 
> xr <- ratioTransform(x, 35)
> xrs <- smoothTransform(xr)
> xi <- interpolationTransform(x)
> xd <- derivativeTransform(x)
> xrgr <- rgrTransform(x)
> #plotRTCA(xrgr, xlim=c(35, 80), ylim=c(-0.2, 0.2))
> plot(sliceRTCA(x,0, 80)[,c(11,13)], type="l", col="black", ylim=c(0, 1.5))
> abline(h=0, col=2, lty=5)
> plot(sliceRTCA(xrgr, 20, 80)[,c(11,13)], type="l", col="black")
> abline(h=0, col=2, lty=5)
> 
> plotGridEffect(x)
> plotGridEffect(x, "col")
> plateView(sliceRTCA(x, 0, 80))
> 
> proc.time()
   user  system elapsed 
   1.39    0.15    1.53 
RTCA.Rcheck/RTCA-Ex.timings
| name | user | system | elapsed | |
| RTCA-class | 0.14 | 0.00 | 0.14 | |
| RTCAtimeline-class | 0 | 0 | 0 | |
| alphaNames | 0 | 0 | 0 | |
| combineRTCA | 0.13 | 0.00 | 0.12 | |
| controlView | 0.11 | 0.00 | 0.11 | |
| derivativeTransform | 0.09 | 0.02 | 0.11 | |
| factor2numeric | 0.02 | 0.00 | 0.01 | |
| interpolationTransform | 0.14 | 0.00 | 0.15 | |
| nearestTimeIndex | 0.09 | 0.01 | 0.10 | |
| parseRTCA | 0.38 | 0.00 | 0.38 | |
| plateView | 0.18 | 0.00 | 0.19 | |
| plotGridEffect | 0.22 | 0.00 | 0.22 | |
| ratioTransform | 0.13 | 0.00 | 0.12 | |
| rgrTransform | 0.36 | 0.02 | 0.38 | |
| sliceRTCA | 0.09 | 0.00 | 0.09 | |
| smoothTransform | 0.17 | 0.02 | 0.19 | |
| spectramaxImport | 0 | 0 | 0 | |