Back to Multiple platform build/check report for BioC 3.15
ABCDEFGHIJKLM[N]OPQRSTUVWXYZ

This page was generated on 2022-03-18 11:08:09 -0400 (Fri, 18 Mar 2022).

HostnameOSArch (*)R versionInstalled pkgs
nebbiolo1Linux (Ubuntu 20.04.4 LTS)x86_64R Under development (unstable) (2022-02-17 r81757) -- "Unsuffered Consequences" 4334
riesling1Windows Server 2019 Standardx64R Under development (unstable) (2021-11-21 r81221) -- "Unsuffered Consequences" 4097
palomino3Windows Server 2022 Datacenterx64R Under development (unstable) (2022-02-17 r81757 ucrt) -- "Unsuffered Consequences" 4083
merida1macOS 10.14.6 Mojavex86_64R Under development (unstable) (2022-03-02 r81842) -- "Unsuffered Consequences" 4134
Click on any hostname to see more info about the system (e.g. compilers)      (*) as reported by 'uname -p', except on Windows and Mac OS X

CHECK results for NanoStringDiff on riesling1


To the developers/maintainers of the NanoStringDiff package:
- Please allow up to 24 hours (and sometimes 48 hours) for your latest push to git@git.bioconductor.org:packages/NanoStringDiff.git to
reflect on this report. See How and When does the builder pull? When will my changes propagate? here for more information.
- Make sure to use the following settings in order to reproduce any error or warning you see on this page.

raw results

Package 1271/2090HostnameOS / ArchINSTALLBUILDCHECKBUILD BIN
NanoStringDiff 1.25.0  (landing page)
tingting zhai ,hong wang
Snapshot Date: 2022-03-17 13:55:23 -0400 (Thu, 17 Mar 2022)
git_url: https://git.bioconductor.org/packages/NanoStringDiff
git_branch: master
git_last_commit: d06f990
git_last_commit_date: 2021-10-26 12:21:56 -0400 (Tue, 26 Oct 2021)
nebbiolo1Linux (Ubuntu 20.04.4 LTS) / x86_64  OK    OK    WARNINGS  UNNEEDED, same version is already published
riesling1Windows Server 2019 Standard / x64  OK    OK    WARNINGS    OK  
palomino3Windows Server 2022 Datacenter / x64  OK    OK    WARNINGS    OK  UNNEEDED, same version is already published
merida1macOS 10.14.6 Mojave / x86_64  OK    OK    WARNINGS    OK  UNNEEDED, same version is already published

Summary

Package: NanoStringDiff
Version: 1.25.0
Command: D:\biocbuild\bbs-3.15-bioc\R\bin\R.exe CMD check --no-multiarch --install=check:NanoStringDiff.install-out.txt --library=D:\biocbuild\bbs-3.15-bioc\R\library --no-vignettes --timings NanoStringDiff_1.25.0.tar.gz
StartedAt: 2022-03-17 19:43:02 -0400 (Thu, 17 Mar 2022)
EndedAt: 2022-03-17 19:45:58 -0400 (Thu, 17 Mar 2022)
EllapsedTime: 176.8 seconds
RetCode: 0
Status:   WARNINGS  
CheckDir: NanoStringDiff.Rcheck
Warnings: 1

Command output

##############################################################################
##############################################################################
###
### Running command:
###
###   D:\biocbuild\bbs-3.15-bioc\R\bin\R.exe CMD check --no-multiarch --install=check:NanoStringDiff.install-out.txt --library=D:\biocbuild\bbs-3.15-bioc\R\library --no-vignettes --timings NanoStringDiff_1.25.0.tar.gz
###
##############################################################################
##############################################################################


* using log directory 'D:/biocbuild/bbs-3.15-bioc/meat/NanoStringDiff.Rcheck'
* using R Under development (unstable) (2021-11-21 r81221)
* using platform: x86_64-w64-mingw32 (64-bit)
* using session charset: ISO8859-1
* using option '--no-vignettes'
* checking for file 'NanoStringDiff/DESCRIPTION' ... OK
* checking extension type ... Package
* this is package 'NanoStringDiff' version '1.25.0'
* checking package namespace information ... OK
* checking package dependencies ... OK
* checking if this is a source package ... OK
* checking if there is a namespace ... OK
* checking for hidden files and directories ... OK
* checking for portable file names ... OK
* checking whether package 'NanoStringDiff' can be installed ... OK
* checking installed package size ... OK
* checking package directory ... OK
* checking 'build' directory ... OK
* checking DESCRIPTION meta-information ... OK
* checking top-level files ... OK
* checking for left-over files ... OK
* checking index information ... OK
* checking package subdirectories ... OK
* checking R files for non-ASCII characters ... OK
* checking R files for syntax errors ... OK
* checking whether the package can be loaded ... OK
* checking whether the package can be loaded with stated dependencies ... OK
* checking whether the package can be unloaded cleanly ... OK
* checking whether the namespace can be loaded with stated dependencies ... OK
* checking whether the namespace can be unloaded cleanly ... OK
* checking dependencies in R code ... OK
* checking S3 generic/method consistency ... OK
* checking replacement functions ... OK
* checking foreign function calls ... OK
* checking R code for possible problems ... NOTE
PlotsPositiveHousekeeping: no visible global function definition for
  'read.table'
PlotsPositiveHousekeeping: no visible global function definition for
  'glm'
PlotsPositiveHousekeeping: no visible global function definition for
  'poisson'
PlotsPositiveHousekeeping: no visible global function definition for
  'rowVars'
PlotsPositiveHousekeeping: no visible global function definition for
  'par'
PlotsPositiveHousekeeping: no visible global function definition for
  'abline'
PlotsPositiveHousekeeping: no visible global function definition for
  'lm'
PlotsPositiveHousekeeping: no visible global function definition for
  'title'
PlotsPositiveHousekeeping: no visible global function definition for
  'textxy'
compute.baseSigma: no visible global function definition for 'IQR'
createNanoStringSetFromCsv: no visible global function definition for
  'read.table'
est.dispersion : get.phihat: no visible global function definition for
  'optimize'
estNormalizationFactors: no visible global function definition for
  'glm'
estNormalizationFactors: no visible global function definition for
  'poisson'
estNormalizationFactors: no visible binding for global variable
  'median'
glm.LRT: no visible global function definition for 'pchisq'
glm.LRT: no visible global function definition for 'p.adjust'
glmfit.OneGroup : get.mu: no visible global function definition for
  'optimize'
glmfit.full: no visible global function definition for 'lm'
glmfit.full: no visible global function definition for 'median'
glmfit.full: no visible global function definition for 'IQR'
glmfit.full : get.phi: no visible global function definition for
  'optimize'
glmfit.full : get.beta.full: no visible global function definition for
  'optim'
glmfit.reduce: no visible global function definition for 'lm'
glmfit.reduce : get.beta.reduce: no visible global function definition
  for 'optim'
rnegbinom: no visible global function definition for 'rpois'
rnegbinom: no visible global function definition for 'rgamma'
Undefined global functions or variables:
  IQR abline glm lm median optim optimize p.adjust par pchisq poisson
  read.table rgamma rowVars rpois textxy title
Consider adding
  importFrom("graphics", "abline", "par", "title")
  importFrom("stats", "IQR", "glm", "lm", "median", "optim", "optimize",
             "p.adjust", "pchisq", "poisson", "rgamma", "rpois")
  importFrom("utils", "read.table")
to your NAMESPACE file.
* checking Rd files ... OK
* checking Rd metadata ... OK
* checking Rd cross-references ... OK
* checking for missing documentation entries ... WARNING
Undocumented code objects:
  'compute.baseSigma' 'est.dispersion' 'fun5' 'glmfit.OneGroup'
  'glmfit.full' 'glmfit.reduce' 'rnegbinom'
All user-level objects in a package should have documentation entries.
See chapter 'Writing R documentation files' in the 'Writing R
Extensions' manual.
* checking for code/documentation mismatches ... OK
* checking Rd \usage sections ... OK
* checking Rd contents ... OK
* checking for unstated dependencies in examples ... OK
* checking contents of 'data' directory ... OK
* checking data for non-ASCII characters ... OK
* checking data for ASCII and uncompressed saves ... OK
* checking line endings in C/C++/Fortran sources/headers ... OK
* checking compiled code ... NOTE
Note: information on .o files for x64 is not available
File 'D:/biocbuild/bbs-3.15-bioc/R/library/NanoStringDiff/libs/x64/NanoStringDiff.dll':
  Found 'abort', possibly from 'abort' (C), 'runtime' (Fortran)
  Found 'exit', possibly from 'exit' (C), 'stop' (Fortran)
  Found 'printf', possibly from 'printf' (C)

Compiled code should not call entry points which might terminate R nor
write to stdout/stderr instead of to the console, nor use Fortran I/O
nor system RNGs. The detected symbols are linked into the code but
might come from libraries and not actually be called.

See 'Writing portable packages' in the 'Writing R Extensions' manual.
* checking installed files from 'inst/doc' ... NOTE
The following files look like leftovers/mistakes:
  'NanoStringDiff.log'
Please remove them from your package.
* checking files in 'vignettes' ... OK
* checking examples ... OK
Examples with CPU (user + system) or elapsed time > 5s
          user system elapsed
glm.LRT 125.87   1.34  127.21
* checking for unstated dependencies in 'tests' ... OK
* checking tests ...
  Running 'testthat.R'
 OK
* checking for unstated dependencies in vignettes ... OK
* checking package vignettes in 'inst/doc' ... OK
* checking running R code from vignettes ... SKIPPED
* checking re-building of vignette outputs ... SKIPPED
* checking PDF version of manual ... OK
* DONE

Status: 1 WARNING, 3 NOTEs
See
  'D:/biocbuild/bbs-3.15-bioc/meat/NanoStringDiff.Rcheck/00check.log'
for details.



Installation output

NanoStringDiff.Rcheck/00install.out

##############################################################################
##############################################################################
###
### Running command:
###
###   D:\biocbuild\bbs-3.15-bioc\R\bin\R.exe CMD INSTALL NanoStringDiff
###
##############################################################################
##############################################################################


* installing to library 'D:/biocbuild/bbs-3.15-bioc/R/library'
* installing *source* package 'NanoStringDiff' ...
** using staged installation
** libs
"C:/rtools40/mingw64/bin/"g++ -std=gnu++11  -I"D:/biocbuild/bbs-3.15-bioc/R/include" -DNDEBUG  -I'D:/biocbuild/bbs-3.15-bioc/R/library/Rcpp/include'   -I"C:/extsoft/include"     -O2 -Wall  -mfpmath=sse -msse2 -mstackrealign -fno-reorder-blocks-and-partition  -c RcppExports.cpp -o RcppExports.o
"C:/rtools40/mingw64/bin/"g++ -std=gnu++11  -I"D:/biocbuild/bbs-3.15-bioc/R/include" -DNDEBUG  -I'D:/biocbuild/bbs-3.15-bioc/R/library/Rcpp/include'   -I"C:/extsoft/include"     -O2 -Wall  -mfpmath=sse -msse2 -mstackrealign -fno-reorder-blocks-and-partition  -c fun5.cpp -o fun5.o
C:/rtools40/mingw64/bin/g++ -std=gnu++11 -shared -s -static-libgcc -o NanoStringDiff.dll tmp.def RcppExports.o fun5.o -LC:/extsoft/lib/x64 -LC:/extsoft/lib -LD:/biocbuild/bbs-3.15-bioc/R/bin/x64 -lR
installing to D:/biocbuild/bbs-3.15-bioc/R/library/00LOCK-NanoStringDiff/00new/NanoStringDiff/libs/x64
** R
** data
** inst
** byte-compile and prepare package for lazy loading
** help
*** installing help indices
  converting help for package 'NanoStringDiff'
    finding HTML links ... done
    NanoStringData                          html  
    NanoStringDataNormalization             html  
    NanoStringDiff-class                    html  
    NanoStringDiff-package                  html  
    PlotsPositiveHousekeeping               html  
    estNormalizationFactors                 html  
    glm.LRT                                 html  
    housekeepingControl                     html  
    housekeepingFactor                      html  
    negativeControl                         html  
    negativeFactor                          html  
    positiveControl                         html  
    positiveFactor                          html  
** building package indices
** installing vignettes
** testing if installed package can be loaded from temporary location
** testing if installed package can be loaded from final location
** testing if installed package keeps a record of temporary installation path
* DONE (NanoStringDiff)
Making 'packages.html' ...Warning in packageDescription(i, lib.loc = lib, fields = "Title", encoding = "UTF-8") :
  DESCRIPTION file of package 'OrderedList' is missing or broken
Warning in packageDescription(i, lib.loc = lib, fields = "Title", encoding = "UTF-8") :
  DESCRIPTION file of package 'sigsquared' is missing or broken
 done

Tests output

NanoStringDiff.Rcheck/tests/testthat.Rout


R Under development (unstable) (2021-11-21 r81221) -- "Unsuffered Consequences"
Copyright (C) 2021 The R Foundation for Statistical Computing
Platform: x86_64-w64-mingw32/x64 (64-bit)

R is free software and comes with ABSOLUTELY NO WARRANTY.
You are welcome to redistribute it under certain conditions.
Type 'license()' or 'licence()' for distribution details.

R is a collaborative project with many contributors.
Type 'contributors()' for more information and
'citation()' on how to cite R or R packages in publications.

Type 'demo()' for some demos, 'help()' for on-line help, or
'help.start()' for an HTML browser interface to help.
Type 'q()' to quit R.

> library(testthat)
> library(NanoStringDiff)
Loading required package: Biobase
Loading required package: BiocGenerics

Attaching package: 'BiocGenerics'

The following objects are masked from 'package:stats':

    IQR, mad, sd, var, xtabs

The following objects are masked from 'package:base':

    Filter, Find, Map, Position, Reduce, anyDuplicated, append,
    as.data.frame, basename, cbind, colnames, dirname, do.call,
    duplicated, eval, evalq, get, grep, grepl, intersect, is.unsorted,
    lapply, mapply, match, mget, order, paste, pmax, pmax.int, pmin,
    pmin.int, rank, rbind, rownames, sapply, setdiff, sort, table,
    tapply, union, unique, unsplit, which.max, which.min

Welcome to Bioconductor

    Vignettes contain introductory material; view with
    'browseVignettes()'. To cite Bioconductor, see
    'citation("Biobase")', and for packages 'citation("pkgname")'.

> 
> test_check("NanoStringDiff")
[ FAIL 0 | WARN 0 | SKIP 0 | PASS 13 ]
> 
> proc.time()
   user  system elapsed 
   2.51    0.15    2.64 

Example timings

NanoStringDiff.Rcheck/NanoStringDiff-Ex.timings

nameusersystemelapsed
NanoStringData0.030.010.04
NanoStringDataNormalization000
NanoStringDiff-class0.250.000.25
NanoStringDiff-package000
PlotsPositiveHousekeeping000
estNormalizationFactors0.040.000.04
glm.LRT125.87 1.34127.21
housekeepingControl0.020.000.02
housekeepingFactor000
negativeControl000
negativeFactor000
positiveControl0.000.020.02
positiveFactor000