| Back to Multiple platform build/check report for BioC 3.15 |
|
This page was generated on 2022-10-19 13:21:43 -0400 (Wed, 19 Oct 2022).
| Hostname | OS | Arch (*) | R version | Installed pkgs |
|---|---|---|---|---|
| nebbiolo1 | Linux (Ubuntu 20.04.5 LTS) | x86_64 | 4.2.1 (2022-06-23) -- "Funny-Looking Kid" | 4386 |
| palomino3 | Windows Server 2022 Datacenter | x64 | 4.2.1 (2022-06-23 ucrt) -- "Funny-Looking Kid" | 4138 |
| merida1 | macOS 10.14.6 Mojave | x86_64 | 4.2.1 (2022-06-23) -- "Funny-Looking Kid" | 4205 |
| Click on any hostname to see more info about the system (e.g. compilers) (*) as reported by 'uname -p', except on Windows and Mac OS X | ||||
|
To the developers/maintainers of the LineagePulse package: - Please allow up to 24 hours (and sometimes 48 hours) for your latest push to git@git.bioconductor.org:packages/LineagePulse.git to reflect on this report. See How and When does the builder pull? When will my changes propagate? for more information. - Make sure to use the following settings in order to reproduce any error or warning you see on this page. |
| Package 1023/2140 | Hostname | OS / Arch | INSTALL | BUILD | CHECK | BUILD BIN | ||||||||
| LineagePulse 1.16.0 (landing page) David S Fischer
| nebbiolo1 | Linux (Ubuntu 20.04.5 LTS) / x86_64 | OK | OK | WARNINGS | |||||||||
| palomino3 | Windows Server 2022 Datacenter / x64 | OK | OK | WARNINGS | OK | |||||||||
| merida1 | macOS 10.14.6 Mojave / x86_64 | OK | OK | WARNINGS | OK | |||||||||
| Package: LineagePulse |
| Version: 1.16.0 |
| Command: F:\biocbuild\bbs-3.15-bioc\R\bin\R.exe CMD check --no-multiarch --install=check:LineagePulse.install-out.txt --library=F:\biocbuild\bbs-3.15-bioc\R\library --no-vignettes --timings LineagePulse_1.16.0.tar.gz |
| StartedAt: 2022-10-19 01:22:31 -0400 (Wed, 19 Oct 2022) |
| EndedAt: 2022-10-19 01:30:33 -0400 (Wed, 19 Oct 2022) |
| EllapsedTime: 482.2 seconds |
| RetCode: 0 |
| Status: WARNINGS |
| CheckDir: LineagePulse.Rcheck |
| Warnings: 1 |
##############################################################################
##############################################################################
###
### Running command:
###
### F:\biocbuild\bbs-3.15-bioc\R\bin\R.exe CMD check --no-multiarch --install=check:LineagePulse.install-out.txt --library=F:\biocbuild\bbs-3.15-bioc\R\library --no-vignettes --timings LineagePulse_1.16.0.tar.gz
###
##############################################################################
##############################################################################
* using log directory 'F:/biocbuild/bbs-3.15-bioc/meat/LineagePulse.Rcheck'
* using R version 4.2.1 (2022-06-23 ucrt)
* using platform: x86_64-w64-mingw32 (64-bit)
* using session charset: UTF-8
* using option '--no-vignettes'
* checking for file 'LineagePulse/DESCRIPTION' ... OK
* checking extension type ... Package
* this is package 'LineagePulse' version '1.16.0'
* package encoding: UTF-8
* checking package namespace information ... OK
* checking package dependencies ... OK
* checking if this is a source package ... OK
* checking if there is a namespace ... OK
* checking for hidden files and directories ... OK
* checking for portable file names ... OK
* checking whether package 'LineagePulse' can be installed ... WARNING
Found the following significant warnings:
Note: possible error in 'evalLogLikGeneMM(vecCounts = vecCounts, ': unused arguments (matDispParam = matDispParam, matDropParam = matDropParam, matWeights = matWeights)
Note: possible error in 'evalLogLikGeneMM(vecCounts = vecCounts, ': unused arguments (matDispParam = do.call(cbind, lapply(seq_len(ncol(matWeights)), function(m) vecDispParam)), matDropParam = do.call(cbind, lapply(seq_len(ncol(matWeights)), function(m) vecPiParam)), matWeights = matWeights)
See 'F:/biocbuild/bbs-3.15-bioc/meat/LineagePulse.Rcheck/00install.out' for details.
Information on the location(s) of code generating the 'Note's can be
obtained by re-running with environment variable R_KEEP_PKG_SOURCE set
to 'yes'.
* checking installed package size ... OK
* checking package directory ... OK
* checking 'build' directory ... OK
* checking DESCRIPTION meta-information ... OK
* checking top-level files ... OK
* checking for left-over files ... OK
* checking index information ... OK
* checking package subdirectories ... OK
* checking R files for non-ASCII characters ... OK
* checking R files for syntax errors ... OK
* checking whether the package can be loaded ... OK
* checking whether the package can be loaded with stated dependencies ... OK
* checking whether the package can be unloaded cleanly ... OK
* checking whether the namespace can be loaded with stated dependencies ... OK
* checking whether the namespace can be unloaded cleanly ... OK
* checking dependencies in R code ... OK
* checking S3 generic/method consistency ... OK
* checking replacement functions ... OK
* checking foreign function calls ... OK
* checking R code for possible problems ... NOTE
decompressDispByGeneMM: no visible binding for global variable
'lsDispModel'
evalLogLikMatrix : <anonymous>: possible error in
evalLogLikGeneMM(vecCounts = vecCounts, matMuParam = matMuParam,
vecNormConst = lsMuModel$lsMuModelGlobal$vecNormConst, matDispParam =
matDispParam, matDropParam = matDropParam, matWeights = matWeights,
vecidxNotZero = which(!is.na(vecCounts) & vecCounts > 0), vecidxZero
= which(!is.na(vecCounts) & vecCounts == 0), scaNCells =
length(vecCounts)): unused arguments (matDispParam = matDispParam,
matDropParam = matDropParam, matWeights = matWeights)
evalLogLikMatrix : <anonymous>: possible error in
evalLogLikGeneMM(vecCounts = vecCounts, matMuParam = do.call(cbind,
lapply(seq_len(ncol(matWeights)), function(m) vecMuParam)),
vecNormConst = lsMuModel$lsMuModelGlobal$vecNormConst, matDispParam =
do.call(cbind, lapply(seq_len(ncol(matWeights)), function(m)
vecDispParam)), matDropParam = do.call(cbind,
lapply(seq_len(ncol(matWeights)), function(m) vecPiParam)),
matWeights = matWeights, vecidxNotZero = which(!is.na(vecCounts) &
vecCounts > 0), vecidxZero = which(!is.na(vecCounts) & vecCounts ==
0), : unused arguments (matDispParam = do.call(cbind,
lapply(seq_len(ncol(matWeights)), function(m) vecDispParam)),
matDropParam = do.call(cbind, lapply(seq_len(ncol(matWeights)),
function(m) vecPiParam)), matWeights = matWeights)
evalLogLikMatrix : <anonymous>: possible error in scaNCells =
length(vecCounts)): unused arguments (matDispParam = do.call(cbind,
lapply(seq_len(ncol(matWeights)), function(m) vecDispParam)),
matDropParam = do.call(cbind, lapply(seq_len(ncol(matWeights)),
function(m) vecPiParam)), matWeights = matWeights)
plotCellDensity: no visible binding for global variable 'continuous'
plotGene: no visible binding for global variable 'x'
plotGene: no visible binding for global variable 'dropout_posterior'
plotGene: no visible binding for global variable 'groups'
plotGene: no visible binding for global variable 'dfAnnot'
plotGene: no visible binding for global variable 'mean_count'
plotGene: no visible binding for global variable 'quantile_25'
plotGene: no visible binding for global variable 'quantile_75'
plotGene: no visible binding for global variable 'model'
plotGene: no visible binding for global variable 'continuous'
plotGene: no visible binding for global variable 'trajectory_contour'
plotGene: no visible binding for global variable 'ncells'
Undefined global functions or variables:
continuous dfAnnot dropout_posterior groups lsDispModel mean_count
model ncells quantile_25 quantile_75 trajectory_contour x
* checking Rd files ... OK
* checking Rd metadata ... OK
* checking Rd cross-references ... OK
* checking for missing documentation entries ... OK
* checking for code/documentation mismatches ... OK
* checking Rd \usage sections ... OK
* checking Rd contents ... OK
* checking for unstated dependencies in examples ... OK
* checking files in 'vignettes' ... OK
* checking examples ... OK
Examples with CPU (user + system) or elapsed time > 5s
user system elapsed
plotCellDensity 41.46 0.34 41.80
accessors 20.11 0.16 20.27
writeReport 19.25 0.09 19.34
getFitsDispersion 19.15 0.05 19.20
names-LineagePulseObject-method 19.09 0.05 19.14
getFitsMean 18.90 0.02 18.92
sub-sub-LineagePulseObject-character-missing-method 18.86 0.03 18.89
getNormData 18.53 0.12 18.65
cash-LineagePulseObject-method 18.25 0.04 18.30
getFitsDropout 17.79 0.11 17.93
getPostDrop 17.80 0.06 17.86
testDropout 15.96 0.02 15.97
sortGeneTrajectories 15.31 0.03 15.41
plotGene 15.28 0.01 15.29
runLineagePulse 14.91 0.02 14.92
* checking for unstated dependencies in vignettes ... OK
* checking package vignettes in 'inst/doc' ... OK
* checking running R code from vignettes ... SKIPPED
* checking re-building of vignette outputs ... SKIPPED
* checking PDF version of manual ... OK
* DONE
Status: 1 WARNING, 1 NOTE
See
'F:/biocbuild/bbs-3.15-bioc/meat/LineagePulse.Rcheck/00check.log'
for details.
LineagePulse.Rcheck/00install.out
############################################################################## ############################################################################## ### ### Running command: ### ### F:\biocbuild\bbs-3.15-bioc\R\bin\R.exe CMD INSTALL LineagePulse ### ############################################################################## ############################################################################## * installing to library 'F:/biocbuild/bbs-3.15-bioc/R/library' * installing *source* package 'LineagePulse' ... ** using staged installation ** R ** inst ** byte-compile and prepare package for lazy loading Note: possible error in 'evalLogLikGeneMM(vecCounts = vecCounts, ': unused arguments (matDispParam = matDispParam, matDropParam = matDropParam, matWeights = matWeights) Note: possible error in 'evalLogLikGeneMM(vecCounts = vecCounts, ': unused arguments (matDispParam = do.call(cbind, lapply(seq_len(ncol(matWeights)), function(m) vecDispParam)), matDropParam = do.call(cbind, lapply(seq_len(ncol(matWeights)), function(m) vecPiParam)), matWeights = matWeights) ** help *** installing help indices ** building package indices ** installing vignettes ** testing if installed package can be loaded from temporary location ** testing if installed package can be loaded from final location ** testing if installed package keeps a record of temporary installation path * DONE (LineagePulse)
LineagePulse.Rcheck/LineagePulse-Ex.timings
| name | user | system | elapsed | |
| accessors | 20.11 | 0.16 | 20.27 | |
| cash-LineagePulseObject-method | 18.25 | 0.04 | 18.30 | |
| getFitsDispersion | 19.15 | 0.05 | 19.20 | |
| getFitsDropout | 17.79 | 0.11 | 17.93 | |
| getFitsMean | 18.90 | 0.02 | 18.92 | |
| getNormData | 18.53 | 0.12 | 18.65 | |
| getPostDrop | 17.80 | 0.06 | 17.86 | |
| names-LineagePulseObject-method | 19.09 | 0.05 | 19.14 | |
| plotCellDensity | 41.46 | 0.34 | 41.80 | |
| plotGene | 15.28 | 0.01 | 15.29 | |
| runLineagePulse | 14.91 | 0.02 | 14.92 | |
| simulateContinuousDataSet | 0.03 | 0.00 | 0.03 | |
| sortGeneTrajectories | 15.31 | 0.03 | 15.41 | |
| sub-sub-LineagePulseObject-character-missing-method | 18.86 | 0.03 | 18.89 | |
| testDropout | 15.96 | 0.02 | 15.97 | |
| writeReport | 19.25 | 0.09 | 19.34 | |