Back to Multiple platform build/check report for BioC 3.15 |
|
This page was generated on 2022-03-17 11:08:02 -0400 (Thu, 17 Mar 2022).
Hostname | OS | Arch (*) | R version | Installed pkgs |
---|---|---|---|---|
nebbiolo1 | Linux (Ubuntu 20.04.4 LTS) | x86_64 | R Under development (unstable) (2022-02-17 r81757) -- "Unsuffered Consequences" | 4334 |
riesling1 | Windows Server 2019 Standard | x64 | R Under development (unstable) (2021-11-21 r81221) -- "Unsuffered Consequences" | 4060 |
palomino3 | Windows Server 2022 Datacenter | x64 | R Under development (unstable) (2022-02-17 r81757 ucrt) -- "Unsuffered Consequences" | 4083 |
merida1 | macOS 10.14.6 Mojave | x86_64 | R Under development (unstable) (2022-03-02 r81842) -- "Unsuffered Consequences" | 4134 |
Click on any hostname to see more info about the system (e.g. compilers) (*) as reported by 'uname -p', except on Windows and Mac OS X |
To the developers/maintainers of the InterMineR package: - Please allow up to 24 hours (and sometimes 48 hours) for your latest push to git@git.bioconductor.org:packages/InterMineR.git to reflect on this report. See How and When does the builder pull? When will my changes propagate? here for more information. - Make sure to use the following settings in order to reproduce any error or warning you see on this page. |
Package 949/2090 | Hostname | OS / Arch | INSTALL | BUILD | CHECK | BUILD BIN | ||||||||
InterMineR 1.17.3 (landing page) InterMine Team
| nebbiolo1 | Linux (Ubuntu 20.04.4 LTS) / x86_64 | OK | OK | WARNINGS | |||||||||
riesling1 | Windows Server 2019 Standard / x64 | OK | OK | WARNINGS | OK | |||||||||
palomino3 | Windows Server 2022 Datacenter / x64 | OK | OK | WARNINGS | OK | |||||||||
merida1 | macOS 10.14.6 Mojave / x86_64 | OK | OK | WARNINGS | OK | |||||||||
Package: InterMineR |
Version: 1.17.3 |
Command: D:\biocbuild\bbs-3.15-bioc\R\bin\R.exe CMD check --no-multiarch --install=check:InterMineR.install-out.txt --library=D:\biocbuild\bbs-3.15-bioc\R\library --no-vignettes --timings InterMineR_1.17.3.tar.gz |
StartedAt: 2022-03-16 19:22:09 -0400 (Wed, 16 Mar 2022) |
EndedAt: 2022-03-16 19:24:59 -0400 (Wed, 16 Mar 2022) |
EllapsedTime: 170.4 seconds |
RetCode: 0 |
Status: WARNINGS |
CheckDir: InterMineR.Rcheck |
Warnings: 6 |
############################################################################## ############################################################################## ### ### Running command: ### ### D:\biocbuild\bbs-3.15-bioc\R\bin\R.exe CMD check --no-multiarch --install=check:InterMineR.install-out.txt --library=D:\biocbuild\bbs-3.15-bioc\R\library --no-vignettes --timings InterMineR_1.17.3.tar.gz ### ############################################################################## ############################################################################## * using log directory 'D:/biocbuild/bbs-3.15-bioc/meat/InterMineR.Rcheck' * using R Under development (unstable) (2021-11-21 r81221) * using platform: x86_64-w64-mingw32 (64-bit) * using session charset: ISO8859-1 * using option '--no-vignettes' * checking for file 'InterMineR/DESCRIPTION' ... OK * this is package 'InterMineR' version '1.17.3' * checking package namespace information ... OK * checking package dependencies ... OK * checking if this is a source package ... OK * checking if there is a namespace ... OK * checking for hidden files and directories ... NOTE Found the following hidden files and directories: .travis.yml These were most likely included in error. See section 'Package structure' in the 'Writing R Extensions' manual. * checking for portable file names ... OK * checking whether package 'InterMineR' can be installed ... WARNING Found the following significant warnings: Warning: D:/biocbuild/bbs-3.15-bioc/meat/InterMineR/man/ListManager-methods.Rd:41: unexpected section header '\arguments' Warning: D:/biocbuild/bbs-3.15-bioc/meat/InterMineR/man/ListManager-methods.Rd:42: unknown macro '\item' Warning: D:/biocbuild/bbs-3.15-bioc/meat/InterMineR/man/ListManager-methods.Rd:50: unexpected section header '\arguments' Warning: D:/biocbuild/bbs-3.15-bioc/meat/InterMineR/man/ListManager-methods.Rd:51: unknown macro '\item' Warning: D:/biocbuild/bbs-3.15-bioc/meat/InterMineR/man/ListManager-methods.Rd:59: unexpected section header '\arguments' Warning: D:/biocbuild/bbs-3.15-bioc/meat/InterMineR/man/ListManager-methods.Rd:60: unknown macro '\item' Warning: D:/biocbuild/bbs-3.15-bioc/meat/InterMineR/man/ListManager-methods.Rd:63: unknown macro '\item' Warning: D:/biocbuild/bbs-3.15-bioc/meat/InterMineR/man/ListManager-methods.Rd:66: unknown macro '\item' Warning: D:/biocbuild/bbs-3.15-bioc/meat/InterMineR/man/ListManager-methods.Rd:69: unknown macro '\item' Warning: D:/biocbuild/bbs-3.15-bioc/meat/InterMineR/man/ListManager-methods.Rd:72: unknown macro '\item' Warning: D:/biocbuild/bbs-3.15-bioc/meat/InterMineR/man/ListManager-methods.Rd:80: unexpected section header '\arguments' Warning: D:/biocbuild/bbs-3.15-bioc/meat/InterMineR/man/ListManager-methods.Rd:81: unknown macro '\item' Warning: D:/biocbuild/bbs-3.15-bioc/meat/InterMineR/man/ListManager-methods.Rd:84: unknown macro '\item' Warning: D:/biocbuild/bbs-3.15-bioc/meat/InterMineR/man/ListManager-methods.Rd:87: unknown macro '\item' Warning: D:/biocbuild/bbs-3.15-bioc/meat/InterMineR/man/ListManager-methods.Rd:90: unknown macro '\item' Warning: D:/biocbuild/bbs-3.15-bioc/meat/InterMineR/man/ListManager-methods.Rd:98: unexpected section header '\arguments' Warning: D:/biocbuild/bbs-3.15-bioc/meat/InterMineR/man/ListManager-methods.Rd:99: unknown macro '\item' Warning: D:/biocbuild/bbs-3.15-bioc/meat/InterMineR/man/ListManager-methods.Rd:102: unknown macro '\item' Warning: D:/biocbuild/bbs-3.15-bioc/meat/InterMineR/man/ListManager-methods.Rd:105: unknown macro '\item' Warning: D:/biocbuild/bbs-3.15-bioc/meat/InterMineR/man/ListManager-methods.Rd:108: unknown macro '\item' Warning: D:/biocbuild/bbs-3.15-bioc/meat/InterMineR/man/ListManager-methods.Rd:116: unexpected section header '\arguments' Warning: D:/biocbuild/bbs-3.15-bioc/meat/InterMineR/man/ListManager-methods.Rd:117: unknown macro '\item' Warning: D:/biocbuild/bbs-3.15-bioc/meat/InterMineR/man/ListManager-methods.Rd:120: unknown macro '\item' Warning: D:/biocbuild/bbs-3.15-bioc/meat/InterMineR/man/ListManager-methods.Rd:123: unknown macro '\item' Warning: D:/biocbuild/bbs-3.15-bioc/meat/InterMineR/man/ListManager-methods.Rd:126: unknown macro '\item' Warning: D:/biocbuild/bbs-3.15-bioc/meat/InterMineR/man/ListManager-methods.Rd:134: unexpected section header '\arguments' Warning: D:/biocbuild/bbs-3.15-bioc/meat/InterMineR/man/ListManager-methods.Rd:135: unknown macro '\item' Warning: D:/biocbuild/bbs-3.15-bioc/meat/InterMineR/man/ListManager-methods.Rd:138: unknown macro '\item' Warning: D:/biocbuild/bbs-3.15-bioc/meat/InterMineR/man/ListManager-methods.Rd:141: unknown macro '\item' Warning: D:/biocbuild/bbs-3.15-bioc/meat/InterMineR/man/ListManager-methods.Rd:144: unknown macro '\item' Warning: D:/biocbuild/bbs-3.15-bioc/meat/InterMineR/man/ListManager-methods.Rd:147: unknown macro '\item' Warning: multiple methods tables found for 'union' Warning: multiple methods tables found for 'subtract' Warning: multiple methods tables found for 'intersect' See 'D:/biocbuild/bbs-3.15-bioc/meat/InterMineR.Rcheck/00install.out' for details. * checking installed package size ... OK * checking package directory ... OK * checking 'build' directory ... OK * checking DESCRIPTION meta-information ... OK * checking top-level files ... NOTE File LICENSE is not mentioned in the DESCRIPTION file. * checking for left-over files ... OK * checking index information ... OK * checking package subdirectories ... OK * checking R files for non-ASCII characters ... OK * checking R files for syntax errors ... OK * checking whether the package can be loaded ... OK * checking whether the package can be loaded with stated dependencies ... OK * checking whether the package can be unloaded cleanly ... OK * checking whether the namespace can be loaded with stated dependencies ... NOTE Warning: multiple methods tables found for 'union' Warning: multiple methods tables found for 'subtract' Warning: multiple methods tables found for 'intersect' A namespace must be able to be loaded with just the base namespace loaded: otherwise if the namespace gets loaded by a saved object, the session will be unable to start. Probably some imports need to be declared in the NAMESPACE file. * checking whether the namespace can be unloaded cleanly ... OK * checking dependencies in R code ... OK * checking S3 generic/method consistency ... OK * checking replacement functions ... OK * checking foreign function calls ... OK * checking R code for possible problems ... NOTE convertToRangedSummarizedExperiment: no visible global function definition for 'reshape' listDatasets: no visible binding for global variable 'child_name' create_list,ListManager: no visible global function definition for 'URLencode' doEnrichment,Service: no visible global function definition for 'URLencode' do_operation,ListManager: no visible global function definition for 'URLencode' runQuery,ANY-InterMineR: no visible global function definition for 'URLencode' runQuery,ANY-list: no visible global function definition for 'URLencode' subtract,ListManager: no visible global function definition for 'URLencode' Undefined global functions or variables: URLencode child_name reshape Consider adding importFrom("stats", "reshape") importFrom("utils", "URLencode") to your NAMESPACE file. * checking Rd files ... WARNING prepare_Rd: man/ListManager-methods.Rd:41: unexpected section header '\arguments' prepare_Rd: man/ListManager-methods.Rd:42: unknown macro '\item' prepare_Rd: man/ListManager-methods.Rd:50: unexpected section header '\arguments' prepare_Rd: man/ListManager-methods.Rd:51: unknown macro '\item' prepare_Rd: man/ListManager-methods.Rd:59: unexpected section header '\arguments' prepare_Rd: man/ListManager-methods.Rd:60: unknown macro '\item' prepare_Rd: man/ListManager-methods.Rd:63: unknown macro '\item' prepare_Rd: man/ListManager-methods.Rd:66: unknown macro '\item' prepare_Rd: man/ListManager-methods.Rd:69: unknown macro '\item' prepare_Rd: man/ListManager-methods.Rd:72: unknown macro '\item' prepare_Rd: man/ListManager-methods.Rd:80: unexpected section header '\arguments' prepare_Rd: man/ListManager-methods.Rd:81: unknown macro '\item' prepare_Rd: man/ListManager-methods.Rd:84: unknown macro '\item' prepare_Rd: man/ListManager-methods.Rd:87: unknown macro '\item' prepare_Rd: man/ListManager-methods.Rd:90: unknown macro '\item' prepare_Rd: man/ListManager-methods.Rd:98: unexpected section header '\arguments' prepare_Rd: man/ListManager-methods.Rd:99: unknown macro '\item' prepare_Rd: man/ListManager-methods.Rd:102: unknown macro '\item' prepare_Rd: man/ListManager-methods.Rd:105: unknown macro '\item' prepare_Rd: man/ListManager-methods.Rd:108: unknown macro '\item' prepare_Rd: man/ListManager-methods.Rd:116: unexpected section header '\arguments' prepare_Rd: man/ListManager-methods.Rd:117: unknown macro '\item' prepare_Rd: man/ListManager-methods.Rd:120: unknown macro '\item' prepare_Rd: man/ListManager-methods.Rd:123: unknown macro '\item' prepare_Rd: man/ListManager-methods.Rd:126: unknown macro '\item' prepare_Rd: man/ListManager-methods.Rd:134: unexpected section header '\arguments' prepare_Rd: man/ListManager-methods.Rd:135: unknown macro '\item' prepare_Rd: man/ListManager-methods.Rd:138: unknown macro '\item' prepare_Rd: man/ListManager-methods.Rd:141: unknown macro '\item' prepare_Rd: man/ListManager-methods.Rd:144: unknown macro '\item' prepare_Rd: man/ListManager-methods.Rd:147: unknown macro '\item' * checking Rd metadata ... WARNING Rd files with duplicated alias 'webservice-methods': 'doEnrichment.Rd' 'list_manager.Rd' * checking Rd cross-references ... NOTE Package unavailable to check Rd xrefs: 'GeneAnswers' * checking for missing documentation entries ... WARNING Undocumented code objects: 'GET_api_list' 'do_operation' 'get_unused_list_name' Undocumented S4 classes: 'Service' Undocumented S4 methods: generic 'GET_api_list' and siglist 'ListManager' generic 'doEnrichment' and siglist 'Service' generic 'do_operation' and siglist 'ListManager' generic 'get_unused_list_name' and siglist 'ListManager' generic 'list_manager' and siglist 'Service' All user-level objects in a package (including S4 classes and methods) should have documentation entries. See chapter 'Writing R documentation files' in the 'Writing R Extensions' manual. * checking for code/documentation mismatches ... WARNING Functions or methods with usage in documentation object 'convertToGeneAnswers' but not in code: 'convertToGeneAnswers' Codoc mismatches from documentation object 'doEnrichment': doEnrichment Code: function(object, ...) Docs: function(- Service class, genelist = NULL, ids = NULL, widget = NULL, population = NULL, maxp = 0.05, correction = "Benjamini Hochberg", filter = NULL, organism = NULL) Argument names in code not in docs: object ... Argument names in docs not in code: - Service class genelist ids widget population maxp correction filter organism Mismatches in argument names: Position: 1 Code: object Docs: - Service class Position: 2 Code: ... Docs: genelist Codoc mismatches from documentation object 'list_manager': list_manager Code: function(object, ...) Docs: function(- Service class) Argument names in code not in docs: object ... Argument names in docs not in code: - Service class Mismatches in argument names: Position: 1 Code: object Docs: - Service class S4 class codoc mismatches from documentation object 'ListManager-class': Slots for class 'ListManager' Code: DEFAULT_DESCRIPTION DEFAULT_LIST_NAME DIFFERENCE_PATH INTERSECTION_PATH LIST_PATH SUBTRACTION_PATH UNION_PATH mine token Docs: DEFAULT_DESCRIPTION DEFAULT_LIST_NAME DIFFERENCE_PATH INTERSECTION_PATH LIST_PATH SUBTRACTION_PATH UNION_PATH mine name token * checking Rd \usage sections ... WARNING Undocumented arguments in documentation object 'doEnrichment' 'Service - class' Documented arguments not in \usage in documentation object 'doEnrichment': 'Service-class' Undocumented arguments in documentation object 'list_manager' 'Service - class' Documented arguments not in \usage in documentation object 'list_manager': 'Service-class' Functions with \usage entries need to have the appropriate \alias entries, and all their arguments documented. The \usage entries must correspond to syntactically valid R code. See chapter 'Writing R documentation files' in the 'Writing R Extensions' manual. * checking Rd contents ... OK * checking for unstated dependencies in examples ... OK * checking contents of 'data' directory ... OK * checking data for non-ASCII characters ... OK * checking LazyData ... OK * checking data for ASCII and uncompressed saves ... OK * checking files in 'vignettes' ... OK * checking examples ... OK Examples with CPU (user + system) or elapsed time > 5s user system elapsed simplifyResult 6.39 0.09 9.00 runQuery 2.57 0.00 6.21 convertToRangedSummarizedExperiment 2.50 0.03 7.23 * checking for unstated dependencies in vignettes ... OK * checking package vignettes in 'inst/doc' ... OK * checking running R code from vignettes ... SKIPPED * checking re-building of vignette outputs ... SKIPPED * checking PDF version of manual ... OK * DONE Status: 6 WARNINGs, 5 NOTEs See 'D:/biocbuild/bbs-3.15-bioc/meat/InterMineR.Rcheck/00check.log' for details.
InterMineR.Rcheck/00install.out
############################################################################## ############################################################################## ### ### Running command: ### ### D:\biocbuild\bbs-3.15-bioc\R\bin\R.exe CMD INSTALL InterMineR ### ############################################################################## ############################################################################## * installing to library 'D:/biocbuild/bbs-3.15-bioc/R/library' * installing *source* package 'InterMineR' ... ** using staged installation ** R ** data *** moving datasets to lazyload DB ** inst ** byte-compile and prepare package for lazy loading Creating a new generic function for 'intersect' in package 'InterMineR' Creating a new generic function for 'union' in package 'InterMineR' Creating a new generic function for 'subtract' in package 'InterMineR' ** help Warning: D:/biocbuild/bbs-3.15-bioc/meat/InterMineR/man/ListManager-methods.Rd:41: unexpected section header '\arguments' Warning: D:/biocbuild/bbs-3.15-bioc/meat/InterMineR/man/ListManager-methods.Rd:42: unknown macro '\item' Warning: D:/biocbuild/bbs-3.15-bioc/meat/InterMineR/man/ListManager-methods.Rd:50: unexpected section header '\arguments' Warning: D:/biocbuild/bbs-3.15-bioc/meat/InterMineR/man/ListManager-methods.Rd:51: unknown macro '\item' Warning: D:/biocbuild/bbs-3.15-bioc/meat/InterMineR/man/ListManager-methods.Rd:59: unexpected section header '\arguments' Warning: D:/biocbuild/bbs-3.15-bioc/meat/InterMineR/man/ListManager-methods.Rd:60: unknown macro '\item' Warning: D:/biocbuild/bbs-3.15-bioc/meat/InterMineR/man/ListManager-methods.Rd:63: unknown macro '\item' Warning: D:/biocbuild/bbs-3.15-bioc/meat/InterMineR/man/ListManager-methods.Rd:66: unknown macro '\item' Warning: D:/biocbuild/bbs-3.15-bioc/meat/InterMineR/man/ListManager-methods.Rd:69: unknown macro '\item' Warning: D:/biocbuild/bbs-3.15-bioc/meat/InterMineR/man/ListManager-methods.Rd:72: unknown macro '\item' Warning: D:/biocbuild/bbs-3.15-bioc/meat/InterMineR/man/ListManager-methods.Rd:80: unexpected section header '\arguments' Warning: D:/biocbuild/bbs-3.15-bioc/meat/InterMineR/man/ListManager-methods.Rd:81: unknown macro '\item' Warning: D:/biocbuild/bbs-3.15-bioc/meat/InterMineR/man/ListManager-methods.Rd:84: unknown macro '\item' Warning: D:/biocbuild/bbs-3.15-bioc/meat/InterMineR/man/ListManager-methods.Rd:87: unknown macro '\item' Warning: D:/biocbuild/bbs-3.15-bioc/meat/InterMineR/man/ListManager-methods.Rd:90: unknown macro '\item' Warning: D:/biocbuild/bbs-3.15-bioc/meat/InterMineR/man/ListManager-methods.Rd:98: unexpected section header '\arguments' Warning: D:/biocbuild/bbs-3.15-bioc/meat/InterMineR/man/ListManager-methods.Rd:99: unknown macro '\item' Warning: D:/biocbuild/bbs-3.15-bioc/meat/InterMineR/man/ListManager-methods.Rd:102: unknown macro '\item' Warning: D:/biocbuild/bbs-3.15-bioc/meat/InterMineR/man/ListManager-methods.Rd:105: unknown macro '\item' Warning: D:/biocbuild/bbs-3.15-bioc/meat/InterMineR/man/ListManager-methods.Rd:108: unknown macro '\item' Warning: D:/biocbuild/bbs-3.15-bioc/meat/InterMineR/man/ListManager-methods.Rd:116: unexpected section header '\arguments' Warning: D:/biocbuild/bbs-3.15-bioc/meat/InterMineR/man/ListManager-methods.Rd:117: unknown macro '\item' Warning: D:/biocbuild/bbs-3.15-bioc/meat/InterMineR/man/ListManager-methods.Rd:120: unknown macro '\item' Warning: D:/biocbuild/bbs-3.15-bioc/meat/InterMineR/man/ListManager-methods.Rd:123: unknown macro '\item' Warning: D:/biocbuild/bbs-3.15-bioc/meat/InterMineR/man/ListManager-methods.Rd:126: unknown macro '\item' Warning: D:/biocbuild/bbs-3.15-bioc/meat/InterMineR/man/ListManager-methods.Rd:134: unexpected section header '\arguments' Warning: D:/biocbuild/bbs-3.15-bioc/meat/InterMineR/man/ListManager-methods.Rd:135: unknown macro '\item' Warning: D:/biocbuild/bbs-3.15-bioc/meat/InterMineR/man/ListManager-methods.Rd:138: unknown macro '\item' Warning: D:/biocbuild/bbs-3.15-bioc/meat/InterMineR/man/ListManager-methods.Rd:141: unknown macro '\item' Warning: D:/biocbuild/bbs-3.15-bioc/meat/InterMineR/man/ListManager-methods.Rd:144: unknown macro '\item' Warning: D:/biocbuild/bbs-3.15-bioc/meat/InterMineR/man/ListManager-methods.Rd:147: unknown macro '\item' *** installing help indices converting help for package 'InterMineR' finding HTML links ... done InterMineR-class html InterMineR-methods html InterMineR-package html ListManager-class html ListManager-methods html PL_DiabetesGenes html PL_FlyTF_site_specific_TFs html convertToGRanges html convertToGeneAnswers html convertToRangedSummarizedExperiment html doEnrichment html getDatasets html getGeneIds html getModel html getRelease html getTemplateQuery html getTemplates html getVersion html getWidgets html initInterMine html listDatasets html listMines html list_manager html REDIRECT:topic Previous alias or file overwritten by alias: D:/biocbuild/bbs-3.15-bioc/R/library/00LOCK-InterMineR/00new/InterMineR/help/webservice-methods.html newQuery html runQuery html setConstraints html setQuery html simplifyResult html summary html webservice-class html ** building package indices ** installing vignettes ** testing if installed package can be loaded from temporary location Warning: multiple methods tables found for 'union' Warning: multiple methods tables found for 'subtract' Warning: multiple methods tables found for 'intersect' ** testing if installed package can be loaded from final location Warning: multiple methods tables found for 'union' Warning: multiple methods tables found for 'subtract' Warning: multiple methods tables found for 'intersect' ** testing if installed package keeps a record of temporary installation path * DONE (InterMineR) Making 'packages.html' ... done
InterMineR.Rcheck/InterMineR-Ex.timings
name | user | system | elapsed | |
InterMineR-methods | 0.25 | 0.02 | 1.09 | |
ListManager-methods | 0 | 0 | 0 | |
PL_DiabetesGenes | 0 | 0 | 0 | |
PL_FlyTF_site_specific_TFs | 0 | 0 | 0 | |
convertToGRanges | 0.68 | 0.02 | 1.72 | |
convertToGeneAnswers | 0 | 0 | 0 | |
convertToRangedSummarizedExperiment | 2.50 | 0.03 | 7.23 | |
doEnrichment | 0 | 0 | 0 | |
getDatasets | 0.22 | 0.01 | 1.91 | |
getGeneIds | 0.41 | 0.00 | 3.51 | |
getModel | 0 | 0 | 0 | |
getRelease | 0.05 | 0.00 | 0.38 | |
getTemplateQuery | 0.01 | 0.00 | 0.40 | |
getTemplates | 0.03 | 0.00 | 0.60 | |
getVersion | 0.02 | 0.00 | 0.37 | |
getWidgets | 0.06 | 0.00 | 0.77 | |
initInterMine | 0 | 0 | 0 | |
listDatasets | 0 | 0 | 0 | |
listMines | 0.03 | 0.02 | 0.26 | |
list_manager | 0 | 0 | 0 | |
newQuery | 0 | 0 | 0 | |
runQuery | 2.57 | 0.00 | 6.21 | |
setConstraints | 0.03 | 0.00 | 0.62 | |
setQuery | 0.03 | 0.00 | 0.58 | |
simplifyResult | 6.39 | 0.09 | 9.00 | |
summary | 0.03 | 0.00 | 0.38 | |