| Back to Multiple platform build/check report for BioC 3.15 |
|
This page was generated on 2022-10-19 13:22:50 -0400 (Wed, 19 Oct 2022).
| Hostname | OS | Arch (*) | R version | Installed pkgs |
|---|---|---|---|---|
| nebbiolo1 | Linux (Ubuntu 20.04.5 LTS) | x86_64 | 4.2.1 (2022-06-23) -- "Funny-Looking Kid" | 4386 |
| palomino3 | Windows Server 2022 Datacenter | x64 | 4.2.1 (2022-06-23 ucrt) -- "Funny-Looking Kid" | 4138 |
| merida1 | macOS 10.14.6 Mojave | x86_64 | 4.2.1 (2022-06-23) -- "Funny-Looking Kid" | 4205 |
| Click on any hostname to see more info about the system (e.g. compilers) (*) as reported by 'uname -p', except on Windows and Mac OS X | ||||
|
To the developers/maintainers of the DiffLogo package: - Please allow up to 24 hours (and sometimes 48 hours) for your latest push to git@git.bioconductor.org:packages/DiffLogo.git to reflect on this report. See How and When does the builder pull? When will my changes propagate? for more information. - Make sure to use the following settings in order to reproduce any error or warning you see on this page. |
| Package 529/2140 | Hostname | OS / Arch | INSTALL | BUILD | CHECK | BUILD BIN | ||||||||
| DiffLogo 2.20.0 (landing page) Hendrik Treutler
| nebbiolo1 | Linux (Ubuntu 20.04.5 LTS) / x86_64 | OK | OK | WARNINGS | |||||||||
| palomino3 | Windows Server 2022 Datacenter / x64 | OK | OK | WARNINGS | OK | |||||||||
| merida1 | macOS 10.14.6 Mojave / x86_64 | OK | OK | WARNINGS | OK | |||||||||
| Package: DiffLogo |
| Version: 2.20.0 |
| Command: /Library/Frameworks/R.framework/Resources/bin/R CMD check --install=check:DiffLogo.install-out.txt --library=/Library/Frameworks/R.framework/Resources/library --no-vignettes --timings DiffLogo_2.20.0.tar.gz |
| StartedAt: 2022-10-19 01:41:17 -0400 (Wed, 19 Oct 2022) |
| EndedAt: 2022-10-19 01:42:22 -0400 (Wed, 19 Oct 2022) |
| EllapsedTime: 65.4 seconds |
| RetCode: 0 |
| Status: WARNINGS |
| CheckDir: DiffLogo.Rcheck |
| Warnings: 1 |
##############################################################################
##############################################################################
###
### Running command:
###
### /Library/Frameworks/R.framework/Resources/bin/R CMD check --install=check:DiffLogo.install-out.txt --library=/Library/Frameworks/R.framework/Resources/library --no-vignettes --timings DiffLogo_2.20.0.tar.gz
###
##############################################################################
##############################################################################
* using log directory ‘/Users/biocbuild/bbs-3.15-bioc/meat/DiffLogo.Rcheck’
* using R version 4.2.1 (2022-06-23)
* using platform: x86_64-apple-darwin17.0 (64-bit)
* using session charset: UTF-8
* using option ‘--no-vignettes’
* checking for file ‘DiffLogo/DESCRIPTION’ ... OK
* checking extension type ... Package
* this is package ‘DiffLogo’ version ‘2.20.0’
* checking package namespace information ... OK
* checking package dependencies ... OK
* checking if this is a source package ... OK
* checking if there is a namespace ... OK
* checking for hidden files and directories ... OK
* checking for portable file names ... OK
* checking for sufficient/correct file permissions ... OK
* checking whether package ‘DiffLogo’ can be installed ... OK
* checking installed package size ... OK
* checking package directory ... OK
* checking ‘build’ directory ... OK
* checking DESCRIPTION meta-information ... OK
* checking top-level files ... OK
* checking for left-over files ... OK
* checking index information ... OK
* checking package subdirectories ... OK
* checking R files for non-ASCII characters ... OK
* checking R files for syntax errors ... OK
* checking whether the package can be loaded ... OK
* checking whether the package can be loaded with stated dependencies ... OK
* checking whether the package can be unloaded cleanly ... OK
* checking whether the namespace can be loaded with stated dependencies ... WARNING
Warning: S4 exports specified in 'NAMESPACE' but not defined in package ‘DiffLogo’
* checking whether the namespace can be unloaded cleanly ... OK
* checking dependencies in R code ... OK
* checking S3 generic/method consistency ... OK
* checking replacement functions ... OK
* checking foreign function calls ... OK
* checking R code for possible problems ... NOTE
diffLogo: no visible global function definition for ‘is’
preconditionTransformPWM: no visible global function definition for
‘is’
Undefined global functions or variables:
is
Consider adding
importFrom("methods", "is")
to your NAMESPACE file (and ensure that your DESCRIPTION Imports field
contains 'methods').
* checking Rd files ... OK
* checking Rd metadata ... OK
* checking Rd cross-references ... OK
* checking for missing documentation entries ... OK
* checking for code/documentation mismatches ... OK
* checking Rd \usage sections ... OK
* checking Rd contents ... OK
* checking for unstated dependencies in examples ... OK
* checking sizes of PDF files under ‘inst/doc’ ... OK
* checking files in ‘vignettes’ ... OK
* checking examples ... OK
Examples with CPU (user + system) or elapsed time > 5s
user system elapsed
enrichDiffLogoTableWithPvalues 6.157 0.106 6.272
* checking for unstated dependencies in ‘tests’ ... OK
* checking tests ...
Running ‘testthat.R’
OK
* checking for unstated dependencies in vignettes ... OK
* checking package vignettes in ‘inst/doc’ ... OK
* checking running R code from vignettes ... SKIPPED
* checking re-building of vignette outputs ... SKIPPED
* checking PDF version of manual ... OK
* DONE
Status: 1 WARNING, 1 NOTE
See
‘/Users/biocbuild/bbs-3.15-bioc/meat/DiffLogo.Rcheck/00check.log’
for details.
DiffLogo.Rcheck/00install.out
############################################################################## ############################################################################## ### ### Running command: ### ### /Library/Frameworks/R.framework/Resources/bin/R CMD INSTALL DiffLogo ### ############################################################################## ############################################################################## * installing to library ‘/Library/Frameworks/R.framework/Versions/4.2/Resources/library’ * installing *source* package ‘DiffLogo’ ... ** using staged installation ** R ** inst ** byte-compile and prepare package for lazy loading ** help *** installing help indices ** building package indices ** installing vignettes ** testing if installed package can be loaded from temporary location ** testing if installed package can be loaded from final location ** testing if installed package keeps a record of temporary installation path * DONE (DiffLogo)
DiffLogo.Rcheck/tests/testthat.Rout
R version 4.2.1 (2022-06-23) -- "Funny-Looking Kid" Copyright (C) 2022 The R Foundation for Statistical Computing Platform: x86_64-apple-darwin17.0 (64-bit) R is free software and comes with ABSOLUTELY NO WARRANTY. You are welcome to redistribute it under certain conditions. Type 'license()' or 'licence()' for distribution details. R is a collaborative project with many contributors. Type 'contributors()' for more information and 'citation()' on how to cite R or R packages in publications. Type 'demo()' for some demos, 'help()' for on-line help, or 'help.start()' for an HTML browser interface to help. Type 'q()' to quit R. > > proc.time() user system elapsed 0.331 0.079 0.383
DiffLogo.Rcheck/DiffLogo-Ex.timings
| name | user | system | elapsed | |
| ASN | 0.001 | 0.000 | 0.001 | |
| Alphabet | 0.001 | 0.000 | 0.000 | |
| DNA | 0.001 | 0.000 | 0.001 | |
| FULL_ALPHABET | 0.001 | 0.001 | 0.001 | |
| RNA | 0.000 | 0.000 | 0.001 | |
| calculatePvalue | 0.050 | 0.003 | 0.053 | |
| createDiffLogoObject | 0.099 | 0.010 | 0.109 | |
| diffLogo | 0.085 | 0.005 | 0.092 | |
| diffLogoFromPwm | 0.085 | 0.008 | 0.094 | |
| diffLogoTable | 2.387 | 0.091 | 2.483 | |
| diffLogoTableConfiguration | 0.001 | 0.001 | 0.002 | |
| differenceOfICs | 0.421 | 0.017 | 0.441 | |
| drawDiffLogoTable | 2.351 | 0.071 | 2.428 | |
| enrichDiffLogoObjectWithPvalues | 0.362 | 0.021 | 0.382 | |
| enrichDiffLogoTableWithPvalues | 6.157 | 0.106 | 6.272 | |
| extendPwmsFromAlignmentVector | 0.098 | 0.004 | 0.103 | |
| getAlphabetFromCharacters | 0.001 | 0.000 | 0.001 | |
| getAlphabetFromSequences | 0.000 | 0.000 | 0.001 | |
| getPwmFromAlignment | 0.537 | 0.079 | 0.619 | |
| getPwmFromAlignmentFile | 0.011 | 0.000 | 0.012 | |
| getPwmFromFastaFile | 0.027 | 0.000 | 0.028 | |
| getPwmFromFile | 0.004 | 0.001 | 0.004 | |
| getPwmFromHomerFile | 0.003 | 0.001 | 0.002 | |
| getPwmFromPfmOrJasparFile | 0.003 | 0.000 | 0.004 | |
| getPwmFromPwmFile | 0.004 | 0.000 | 0.004 | |
| getSequencesFromAlignmentFile | 0.002 | 0.001 | 0.002 | |
| getSequencesFromFastaFile | 0.002 | 0.000 | 0.003 | |
| informationContent | 0.098 | 0.004 | 0.103 | |
| lossOfAbsICDifferences | 0.084 | 0.005 | 0.091 | |
| multipleLocalPwmsAlignment | 0.068 | 0.002 | 0.070 | |
| normalizePWM | 0.001 | 0.000 | 0.001 | |
| normalizedDifferenceOfProbabilities | 0.088 | 0.007 | 0.096 | |
| prepareDiffLogoTable | 1.894 | 0.030 | 1.926 | |
| probabilities | 0.059 | 0.003 | 0.063 | |
| seqLogo | 0.064 | 0.012 | 0.076 | |
| shannonDivergence | 0.080 | 0.004 | 0.085 | |
| sumOfAbsICDifferences | 0.079 | 0.004 | 0.084 | |
| sumOfAbsProbabilityDifferences | 0.085 | 0.004 | 0.090 | |
| sumProbabilities | 0.060 | 0.002 | 0.063 | |