| Back to Multiple platform build/check report for BioC 3.15 |
|
This page was generated on 2022-03-18 11:07:16 -0400 (Fri, 18 Mar 2022).
| Hostname | OS | Arch (*) | R version | Installed pkgs |
|---|---|---|---|---|
| nebbiolo1 | Linux (Ubuntu 20.04.4 LTS) | x86_64 | R Under development (unstable) (2022-02-17 r81757) -- "Unsuffered Consequences" | 4334 |
| riesling1 | Windows Server 2019 Standard | x64 | R Under development (unstable) (2021-11-21 r81221) -- "Unsuffered Consequences" | 4097 |
| palomino3 | Windows Server 2022 Datacenter | x64 | R Under development (unstable) (2022-02-17 r81757 ucrt) -- "Unsuffered Consequences" | 4083 |
| merida1 | macOS 10.14.6 Mojave | x86_64 | R Under development (unstable) (2022-03-02 r81842) -- "Unsuffered Consequences" | 4134 |
| Click on any hostname to see more info about the system (e.g. compilers) (*) as reported by 'uname -p', except on Windows and Mac OS X | ||||
|
To the developers/maintainers of the CoRegNet package: - Please allow up to 24 hours (and sometimes 48 hours) for your latest push to git@git.bioconductor.org:packages/CoRegNet.git to reflect on this report. See How and When does the builder pull? When will my changes propagate? here for more information. - Make sure to use the following settings in order to reproduce any error or warning you see on this page. |
| Package 401/2090 | Hostname | OS / Arch | INSTALL | BUILD | CHECK | BUILD BIN | ||||||||
| CoRegNet 1.33.0 (landing page) Remy Nicolle
| nebbiolo1 | Linux (Ubuntu 20.04.4 LTS) / x86_64 | OK | OK | WARNINGS | |||||||||
| riesling1 | Windows Server 2019 Standard / x64 | OK | OK | WARNINGS | OK | |||||||||
| palomino3 | Windows Server 2022 Datacenter / x64 | OK | OK | WARNINGS | OK | |||||||||
| merida1 | macOS 10.14.6 Mojave / x86_64 | OK | OK | WARNINGS | OK | |||||||||
| Package: CoRegNet |
| Version: 1.33.0 |
| Command: D:\biocbuild\bbs-3.15-bioc\R\bin\R.exe CMD check --no-multiarch --install=check:CoRegNet.install-out.txt --library=D:\biocbuild\bbs-3.15-bioc\R\library --no-vignettes --timings CoRegNet_1.33.0.tar.gz |
| StartedAt: 2022-03-17 18:48:37 -0400 (Thu, 17 Mar 2022) |
| EndedAt: 2022-03-17 18:50:28 -0400 (Thu, 17 Mar 2022) |
| EllapsedTime: 110.3 seconds |
| RetCode: 0 |
| Status: WARNINGS |
| CheckDir: CoRegNet.Rcheck |
| Warnings: 1 |
##############################################################################
##############################################################################
###
### Running command:
###
### D:\biocbuild\bbs-3.15-bioc\R\bin\R.exe CMD check --no-multiarch --install=check:CoRegNet.install-out.txt --library=D:\biocbuild\bbs-3.15-bioc\R\library --no-vignettes --timings CoRegNet_1.33.0.tar.gz
###
##############################################################################
##############################################################################
* using log directory 'D:/biocbuild/bbs-3.15-bioc/meat/CoRegNet.Rcheck'
* using R Under development (unstable) (2021-11-21 r81221)
* using platform: x86_64-w64-mingw32 (64-bit)
* using session charset: ISO8859-1
* using option '--no-vignettes'
* checking for file 'CoRegNet/DESCRIPTION' ... OK
* checking extension type ... Package
* this is package 'CoRegNet' version '1.33.0'
* checking package namespace information ... OK
* checking package dependencies ... OK
* checking if this is a source package ... OK
* checking if there is a namespace ... OK
* checking for hidden files and directories ... OK
* checking for portable file names ... OK
* checking whether package 'CoRegNet' can be installed ... OK
* checking installed package size ... OK
* checking package directory ... OK
* checking 'build' directory ... OK
* checking DESCRIPTION meta-information ... OK
* checking top-level files ... OK
* checking for left-over files ... OK
* checking index information ... OK
* checking package subdirectories ... OK
* checking R files for non-ASCII characters ... OK
* checking R files for syntax errors ... OK
* checking whether the package can be loaded ... OK
* checking whether the package can be loaded with stated dependencies ... OK
* checking whether the package can be unloaded cleanly ... OK
* checking whether the namespace can be loaded with stated dependencies ... OK
* checking whether the namespace can be unloaded cleanly ... OK
* checking dependencies in R code ... NOTE
'library' or 'require' calls in package code:
'RColorBrewer' 'gplots'
Please use :: or requireNamespace() instead.
See section 'Suggested packages' in the 'Writing R Extensions' manual.
* checking S3 generic/method consistency ... OK
* checking replacement functions ... OK
* checking foreign function calls ... OK
* checking R code for possible problems ... NOTE
.descriptionUpdate: no visible global function definition for 'vcount'
.descriptionUpdate: no visible global function definition for
'fisher.test'
.distfun: no visible global function definition for 'as.dist'
.distfun: no visible global function definition for 'cor'
.fitGRN : <anonymous>: no visible global function definition for 'lm'
.fitGRN : <anonymous>: no visible global function definition for 'coef'
.fitGRN: no visible global function definition for 'cor'
.fitGRN: no visible global function definition for 'lm'
.fitGRN: no visible global function definition for 'coef'
.hclustfun: no visible global function definition for 'hclust'
.heatplot: no visible global function definition for 'rainbow'
.heatplot : distf: no visible global function definition for 'as.dist'
.heatplot : distf: no visible global function definition for 'cor'
.heatplot : hclustf: no visible global function definition for 'hclust'
.heatplot: no visible global function definition for 'colorRampPalette'
.heatplot: no visible global function definition for 'heatmap.2'
.heatplot: no visible global function definition for 'quantile'
.tfPlot: no visible global function definition for 'colorRampPalette'
.tfPlot: no visible global function definition for 'rainbow'
.tfPlot: no visible global function definition for 'par'
.tfPlot: no visible global function definition for 'mtext'
.tfPlot: no visible global function definition for 'quantile'
.traits : <anonymous>: no visible global function definition for
'lines'
.traits: no visible global function definition for 'abline'
automaticParameters: no visible global function definition for
'quantile'
automaticParameters : <anonymous>: no visible global function
definition for 'pnorm'
automaticParameters: no visible global function definition for 'abline'
automaticParameters: no visible global function definition for 'sd'
coregnet : <anonymous>: no visible global function definition for 'cor'
coregnet: no visible global function definition for 'cor'
directedNetworkEnrichment: no visible global function definition for
'fisher.test'
discretizeExpressionData: no visible global function definition for
'sd'
fishersMethod: no visible global function definition for 'pchisq'
legendPlot: no visible global function definition for 'par'
legendPlot: no visible global function definition for
'colorRampPalette'
legendPlot: no visible global function definition for 'axis'
legendPlot: no visible global function definition for 'rainbow'
list.enriched: no visible global function definition for 'wilcox.test'
networkLegendPlot: no visible global function definition for 'par'
networkLegendPlot: no visible global function definition for 'symbols'
networkLegendPlot: no visible global function definition for 'text'
networkLegendPlot: no visible global function definition for 'rainbow'
networkLegendPlot: no visible global function definition for 'segments'
networkLegendPlot: no visible global function definition for 'arrows'
reactiveAdjacencyMatrix : <anonymous>: no visible global function
definition for 'rainbow'
set.overlap: no visible global function definition for 'fisher.test'
undirectedNetworkEnrichment: no visible global function definition for
'fisher.test'
updateData : <anonymous> : <anonymous>: no visible global function
definition for 't.test'
activators,coregnet: no visible global function definition for
'na.omit'
coregulators,coregnet: no visible global function definition for
'p.adjust'
coregulators,coregnet : <anonymous>: no visible global function
definition for 'fisher.test'
refine,coregnet: no visible global function definition for 'glm'
refine,coregnet: no visible global function definition for 'abline'
regulatorInfluence,coregnet : <anonymous> : <anonymous>: no visible
global function definition for 't.test'
regulators,coregnet: no visible global function definition for
'na.omit'
repressors,coregnet: no visible global function definition for
'na.omit'
targets,coregnet: no visible global function definition for 'na.omit'
Undefined global functions or variables:
abline arrows as.dist axis coef colorRampPalette cor fisher.test glm
hclust heatmap.2 lines lm mtext na.omit p.adjust par pchisq pnorm
quantile rainbow sd segments symbols t.test text vcount wilcox.test
Consider adding
importFrom("grDevices", "colorRampPalette", "rainbow")
importFrom("graphics", "abline", "arrows", "axis", "lines", "mtext",
"par", "segments", "symbols", "text")
importFrom("stats", "as.dist", "coef", "cor", "fisher.test", "glm",
"hclust", "lm", "na.omit", "p.adjust", "pchisq", "pnorm",
"quantile", "sd", "t.test", "wilcox.test")
to your NAMESPACE file.
* checking Rd files ... OK
* checking Rd metadata ... OK
* checking Rd cross-references ... OK
* checking for missing documentation entries ... OK
* checking for code/documentation mismatches ... OK
* checking Rd \usage sections ... OK
* checking Rd contents ... OK
* checking for unstated dependencies in examples ... OK
* checking contents of 'data' directory ... OK
* checking data for non-ASCII characters ... OK
* checking data for ASCII and uncompressed saves ... OK
* checking line endings in C/C++/Fortran sources/headers ... OK
* checking compiled code ... NOTE
Note: information on .o files for x64 is not available
File 'D:/biocbuild/bbs-3.15-bioc/R/library/CoRegNet/libs/x64/CoRegNet.dll':
Found 'abort', possibly from 'abort' (C), 'runtime' (Fortran)
Compiled code should not call entry points which might terminate R nor
write to stdout/stderr instead of to the console, nor use Fortran I/O
nor system RNGs. The detected symbols are linked into the code but
might come from libraries and not actually be called.
See 'Writing portable packages' in the 'Writing R Extensions' manual.
* checking files in 'vignettes' ... OK
* checking examples ... OK
Examples with CPU (user + system) or elapsed time > 5s
user system elapsed
hLICORN 21.43 0 21.42
masterRegulator 8.89 0 8.90
* checking for unstated dependencies in 'tests' ... WARNING
'::' or ':::' import not declared from: 'BiocGenerics'
* checking tests ...
Running 'runTests.R'
OK
* checking for unstated dependencies in vignettes ... OK
* checking package vignettes in 'inst/doc' ... OK
* checking running R code from vignettes ... SKIPPED
* checking re-building of vignette outputs ... SKIPPED
* checking PDF version of manual ... OK
* DONE
Status: 1 WARNING, 3 NOTEs
See
'D:/biocbuild/bbs-3.15-bioc/meat/CoRegNet.Rcheck/00check.log'
for details.
CoRegNet.Rcheck/00install.out
##############################################################################
##############################################################################
###
### Running command:
###
### D:\biocbuild\bbs-3.15-bioc\R\bin\R.exe CMD INSTALL CoRegNet
###
##############################################################################
##############################################################################
* installing to library 'D:/biocbuild/bbs-3.15-bioc/R/library'
* installing *source* package 'CoRegNet' ...
** using staged installation
** libs
"C:/rtools40/mingw64/bin/"gcc -I"D:/biocbuild/bbs-3.15-bioc/R/include" -DNDEBUG -I"C:/extsoft/include" -O2 -Wall -std=gnu99 -mfpmath=sse -msse2 -mstackrealign -fno-reorder-blocks-and-partition -c comblicorn.c -o comblicorn.o
C:/rtools40/mingw64/bin/gcc -shared -s -static-libgcc -o CoRegNet.dll tmp.def comblicorn.o -LC:/extsoft/lib/x64 -LC:/extsoft/lib -LD:/biocbuild/bbs-3.15-bioc/R/bin/x64 -lR
installing to D:/biocbuild/bbs-3.15-bioc/R/library/00LOCK-CoRegNet/00new/CoRegNet/libs/x64
** R
** data
** inst
** byte-compile and prepare package for lazy loading
** help
*** installing help indices
converting help for package 'CoRegNet'
finding HTML links ... done
CoRegNet-class html
HumanDataExamples html
HumanTF html
addEvidences html
coRegnet-package html
coregnet html
REDIRECT:topic Previous alias or file overwritten by alias: D:/biocbuild/bbs-3.15-bioc/R/library/00LOCK-CoRegNet/00new/CoRegNet/help/coregnet.html
coregulators html
discretizeExpressionData html
display html
hLICORN html
masterRegulator html
refine html
regulatorInfluence html
regulators html
summary html
REDIRECT:topic Previous alias or file overwritten by alias: D:/biocbuild/bbs-3.15-bioc/R/library/00LOCK-CoRegNet/00new/CoRegNet/help/coregnetToList.coregnet.html
** building package indices
** installing vignettes
** testing if installed package can be loaded from temporary location
** testing if installed package can be loaded from final location
** testing if installed package keeps a record of temporary installation path
* DONE (CoRegNet)
Making 'packages.html' ...Warning in packageDescription(i, lib.loc = lib, fields = "Title", encoding = "UTF-8") :
DESCRIPTION file of package 'mirTarRnaSeq' is missing or broken
Warning in packageDescription(i, lib.loc = lib, fields = "Title", encoding = "UTF-8") :
DESCRIPTION file of package 'pcxn' is missing or broken
done
CoRegNet.Rcheck/tests/runTests.Rout
R Under development (unstable) (2021-11-21 r81221) -- "Unsuffered Consequences"
Copyright (C) 2021 The R Foundation for Statistical Computing
Platform: x86_64-w64-mingw32/x64 (64-bit)
R is free software and comes with ABSOLUTELY NO WARRANTY.
You are welcome to redistribute it under certain conditions.
Type 'license()' or 'licence()' for distribution details.
R is a collaborative project with many contributors.
Type 'contributors()' for more information and
'citation()' on how to cite R or R packages in publications.
Type 'demo()' for some demos, 'help()' for on-line help, or
'help.start()' for an HTML browser interface to help.
Type 'q()' to quit R.
> require(CoRegNet) || stop("unable to load CoRegNet package")
Loading required package: CoRegNet
Loading required package: igraph
Attaching package: 'igraph'
The following objects are masked from 'package:stats':
decompose, spectrum
The following object is masked from 'package:base':
union
Loading required package: shiny
Loading required package: arules
Loading required package: Matrix
Attaching package: 'arules'
The following objects are masked from 'package:base':
abbreviate, write
[1] TRUE
> BiocGenerics:::testPackage('CoRegNet')
Attaching package: 'RUnit'
The following object is masked from 'package:arules':
inspect
evidence1 was integrated into the network.
[1] "coregevidence1"
[1] "coregevidence1 was integrated into the network."
evidence1 was integrated into the network.
[1] "coregevidence1"
[1] "coregevidence1 was integrated into the network."
RUNIT TEST PROTOCOL -- Thu Mar 17 18:50:15 2022
***********************************************
Number of test functions: 8
Number of errors: 0
Number of failures: 0
1 Test Suite :
CoRegNet RUnit Tests - 8 test functions, 0 errors, 0 failures
Number of test functions: 8
Number of errors: 0
Number of failures: 0
There were 50 or more warnings (use warnings() to see the first 50)
>
> proc.time()
user system elapsed
3.71 0.28 3.96
CoRegNet.Rcheck/CoRegNet-Ex.timings
| name | user | system | elapsed | |
| HumanDataExamples | 0.03 | 0.00 | 0.03 | |
| HumanTF | 0.00 | 0.01 | 0.01 | |
| addEvidences | 0.06 | 0.05 | 0.11 | |
| coregnet | 0.05 | 0.00 | 0.05 | |
| coregulators | 0.06 | 0.00 | 0.06 | |
| discretizeExpressionData | 0.04 | 0.00 | 0.03 | |
| display | 0.10 | 0.00 | 0.11 | |
| hLICORN | 21.43 | 0.00 | 21.42 | |
| masterRegulator | 8.89 | 0.00 | 8.90 | |
| refine | 0.12 | 0.00 | 0.12 | |
| regulatorInfluence | 0.17 | 0.00 | 0.17 | |
| regulators | 0.02 | 0.00 | 0.02 | |
| summary | 0.02 | 0.00 | 0.01 | |