| Back to Multiple platform build/check report for BioC 3.15 |
|
This page was generated on 2022-10-19 13:20:05 -0400 (Wed, 19 Oct 2022).
| Hostname | OS | Arch (*) | R version | Installed pkgs |
|---|---|---|---|---|
| nebbiolo1 | Linux (Ubuntu 20.04.5 LTS) | x86_64 | 4.2.1 (2022-06-23) -- "Funny-Looking Kid" | 4386 |
| palomino3 | Windows Server 2022 Datacenter | x64 | 4.2.1 (2022-06-23 ucrt) -- "Funny-Looking Kid" | 4138 |
| merida1 | macOS 10.14.6 Mojave | x86_64 | 4.2.1 (2022-06-23) -- "Funny-Looking Kid" | 4205 |
| Click on any hostname to see more info about the system (e.g. compilers) (*) as reported by 'uname -p', except on Windows and Mac OS X | ||||
|
To the developers/maintainers of the ChromSCape package: - Please allow up to 24 hours (and sometimes 48 hours) for your latest push to git@git.bioconductor.org:packages/ChromSCape.git to reflect on this report. See How and When does the builder pull? When will my changes propagate? for more information. - Make sure to use the following settings in order to reproduce any error or warning you see on this page. |
| Package 321/2140 | Hostname | OS / Arch | INSTALL | BUILD | CHECK | BUILD BIN | ||||||||
| ChromSCape 1.6.0 (landing page) Pacome Prompsy
| nebbiolo1 | Linux (Ubuntu 20.04.5 LTS) / x86_64 | OK | OK | WARNINGS | |||||||||
| palomino3 | Windows Server 2022 Datacenter / x64 | OK | OK | WARNINGS | OK | |||||||||
| merida1 | macOS 10.14.6 Mojave / x86_64 | OK | OK | WARNINGS | OK | |||||||||
| Package: ChromSCape |
| Version: 1.6.0 |
| Command: /home/biocbuild/bbs-3.15-bioc/R/bin/R CMD check --install=check:ChromSCape.install-out.txt --library=/home/biocbuild/bbs-3.15-bioc/R/library --no-vignettes --timings ChromSCape_1.6.0.tar.gz |
| StartedAt: 2022-10-18 19:01:56 -0400 (Tue, 18 Oct 2022) |
| EndedAt: 2022-10-18 19:13:11 -0400 (Tue, 18 Oct 2022) |
| EllapsedTime: 675.1 seconds |
| RetCode: 0 |
| Status: WARNINGS |
| CheckDir: ChromSCape.Rcheck |
| Warnings: 3 |
##############################################################################
##############################################################################
###
### Running command:
###
### /home/biocbuild/bbs-3.15-bioc/R/bin/R CMD check --install=check:ChromSCape.install-out.txt --library=/home/biocbuild/bbs-3.15-bioc/R/library --no-vignettes --timings ChromSCape_1.6.0.tar.gz
###
##############################################################################
##############################################################################
* using log directory ‘/home/biocbuild/bbs-3.15-bioc/meat/ChromSCape.Rcheck’
* using R version 4.2.1 (2022-06-23)
* using platform: x86_64-pc-linux-gnu (64-bit)
* using session charset: UTF-8
* using option ‘--no-vignettes’
* checking for file ‘ChromSCape/DESCRIPTION’ ... OK
* this is package ‘ChromSCape’ version ‘1.6.0’
* package encoding: UTF-8
* checking package namespace information ... OK
* checking package dependencies ... OK
* checking if this is a source package ... OK
* checking if there is a namespace ... OK
* checking for hidden files and directories ... NOTE
Found the following hidden files and directories:
.BBSoptions
These were most likely included in error. See section ‘Package
structure’ in the ‘Writing R Extensions’ manual.
* checking for portable file names ... OK
* checking for sufficient/correct file permissions ... OK
* checking whether package ‘ChromSCape’ can be installed ... OK
* checking installed package size ... OK
* checking package directory ... OK
* checking ‘build’ directory ... OK
* checking DESCRIPTION meta-information ... OK
* checking top-level files ... OK
* checking for left-over files ... OK
* checking index information ... OK
* checking package subdirectories ... OK
* checking R files for non-ASCII characters ... OK
* checking R files for syntax errors ... OK
* checking whether the package can be loaded ... OK
* checking whether the package can be loaded with stated dependencies ... OK
* checking whether the package can be unloaded cleanly ... OK
* checking whether the namespace can be loaded with stated dependencies ... OK
* checking whether the namespace can be unloaded cleanly ... OK
* checking dependencies in R code ... WARNING
'::' or ':::' import not declared from: ‘GenomeInfoDb’
* checking S3 generic/method consistency ... OK
* checking replacement functions ... OK
* checking foreign function calls ... OK
* checking R code for possible problems ... NOTE
CompareWilcox: no visible binding for global variable ‘annot.’
bams_to_matrix_indexes: no visible binding for global variable
‘files_dir_list’
enrich_TF_ChEA3_genes: no visible binding for global variable
‘CheA3_TF_nTargets’
filter_correlated_cell_scExp: no visible binding for global variable
‘run_tsne’
generate_analysis: no visible binding for global variable ‘k’
generate_analysis: no visible binding for global variable
‘clusterConsensus’
get_most_variable_cyto: no visible binding for global variable
‘cytoBand’
get_most_variable_cyto: no visible binding for global variable
‘Fri_cyto’
num_cell_after_QC_filt_scExp: no visible binding for global variable
‘sample_id’
num_cell_after_QC_filt_scExp: no visible binding for global variable
‘total_counts’
num_cell_scExp: no visible binding for global variable ‘sample_id’
num_cell_scExp: no visible binding for global variable ‘total_counts’
plot_correlation_PCA_scExp: no visible binding for global variable
‘Component’
plot_coverage_BigWig: no visible binding for global variable ‘molecule’
plot_coverage_BigWig: no visible binding for global variable
‘orientation’
plot_coverage_BigWig: no visible binding for global variable ‘Gene’
plot_gain_or_loss_barplots: no visible binding for global variable
‘Gain_or_Loss’
plot_gain_or_loss_barplots: no visible binding for global variable
‘ncells’
plot_gain_or_loss_barplots: no visible binding for global variable
‘cytoBand’
plot_most_contributing_features: no visible binding for global variable
‘genes’
plot_percent_active_feature_scExp: no visible binding for global
variable ‘group’
plot_percent_active_feature_scExp: no visible binding for global
variable ‘percent_active’
plot_pie_most_contributing_chr: no visible binding for global variable
‘absolute_value’
plot_reduced_dim_scExp: no visible binding for global variable ‘V1’
plot_reduced_dim_scExp: no visible binding for global variable ‘V2’
plot_reduced_dim_scExp: no visible binding for global variable
‘cluster’
plot_top_TF_scExp: no visible binding for global variable ‘TF’
rawfile_ToBigWig: no visible binding for global variable ‘filename’
rebin_matrix: no visible global function definition for ‘head’
rebin_matrix: no visible binding for global variable ‘new_row’
rebin_matrix: no visible binding for global variable ‘origin_value’
subset_bam_call_peaks: no visible binding for global variable
‘merged_bam’
Undefined global functions or variables:
CheA3_TF_nTargets Component Fri_cyto Gain_or_Loss Gene TF V1 V2
absolute_value annot. cluster clusterConsensus cytoBand filename
files_dir_list genes group head k merged_bam molecule ncells new_row
orientation origin_value percent_active run_tsne sample_id
total_counts
Consider adding
importFrom("utils", "head")
to your NAMESPACE file.
* checking Rd files ... NOTE
prepare_Rd: raw_counts_to_sparse_matrix.Rd:6-8: Dropping empty section \source
* checking Rd metadata ... OK
* checking Rd cross-references ... OK
* checking for missing documentation entries ... OK
* checking for code/documentation mismatches ... WARNING
Codoc mismatches from documentation object 'count_coverage':
count_coverage
Code: function(input, format = "BAM", bins, canonical_chr,
n_smoothBin = 5, ref = "hg38", read_size = 101,
original_bins = NULL)
Docs: function(filename, format = "BAM", bins, canonical_chr,
n_smoothBin = 5, ref = "hg38", read_size = 101)
Argument names in code not in docs:
input original_bins
Argument names in docs not in code:
filename
Mismatches in argument names:
Position: 1 Code: input Docs: filename
Codoc mismatches from documentation object 'find_clusters_louvain_scExp':
find_clusters_louvain_scExp
Code: function(scExp, k = 10, resolution = 1, use.dimred = "PCA",
type = c("rank", "number", "jaccard")[3], BPPARAM =
BiocParallel::bpparam())
Docs: function(scExp, k = 10, use.dimred = "PCA", type = c("rank",
"number", "jaccard")[3], BPPARAM =
BiocParallel::bpparam())
Argument names in code not in docs:
resolution
Mismatches in argument names:
Position: 3 Code: resolution Docs: use.dimred
Position: 4 Code: use.dimred Docs: type
Position: 5 Code: type Docs: BPPARAM
Codoc mismatches from documentation object 'generate_coverage_tracks':
generate_coverage_tracks
Code: function(scExp_cf, input, odir, format = "scBED", ref_genome =
c("hg38", "mm10")[1], bin_width = 150, n_smoothBin =
5, read_size = 101, progress = NULL)
Docs: function(scExp_cf, input, odir, input_type = "scBED",
ref_genome = c("hg38", "mm10")[1], bin_width = 150,
n_smoothBin = 5, read_size = 101, progress = NULL)
Argument names in code not in docs:
format
Argument names in docs not in code:
input_type
Mismatches in argument names:
Position: 4 Code: format Docs: input_type
Codoc mismatches from documentation object 'rawfile_ToBigWig':
rawfile_ToBigWig
Code: function(input, BigWig_filename, format = "BAM", bin_width =
150, n_smoothBin = 5, ref = "hg38", read_size = 101,
original_bins = NULL)
Docs: function(input, BigWig_filename, format = "BAM", bin_width =
150, n_smoothBin = 5, ref = "hg38", read_size = 101)
Argument names in code not in docs:
original_bins
* checking Rd \usage sections ... WARNING
Undocumented arguments in documentation object 'generate_coverage_tracks'
‘input_type’
Functions with \usage entries need to have the appropriate \alias
entries, and all their arguments documented.
The \usage entries must correspond to syntactically valid R code.
See chapter ‘Writing R documentation files’ in the ‘Writing R
Extensions’ manual.
* checking Rd contents ... OK
* checking for unstated dependencies in examples ... OK
* checking contents of ‘data’ directory ... OK
* checking data for non-ASCII characters ... OK
* checking data for ASCII and uncompressed saves ... OK
* checking line endings in C/C++/Fortran sources/headers ... OK
* checking compiled code ... NOTE
Note: information on .o files is not available
* checking files in ‘vignettes’ ... OK
* checking examples ... OK
Examples with CPU (user + system) or elapsed time > 5s
user system elapsed
plot_gain_or_loss_barplots 48.512 0.561 49.073
calculate_CNA 23.824 2.244 26.068
calculate_gain_or_loss 24.959 0.860 25.819
plot_reduced_dim_scExp_CNA 23.532 0.180 23.712
get_most_variable_cyto 22.917 0.440 23.357
calculate_logRatio_CNA 22.540 0.808 23.349
calculate_cyto_mat 21.844 0.828 22.674
get_cyto_features 20.295 0.528 20.823
filter_correlated_cell_scExp 11.931 1.048 12.919
num_cell_after_cor_filt_scExp 11.621 0.450 12.003
create_scDataset_raw 8.680 0.392 9.072
preprocessing_filtering_and_reduction 8.581 0.076 8.643
import_scExp 7.048 0.128 7.175
CompareWilcox 5.642 0.407 5.968
differential_activation 5.534 0.076 5.610
enrich_TF_ChEA3_scExp 1.023 0.052 6.843
* checking for unstated dependencies in ‘tests’ ... OK
* checking tests ...
Running ‘testthat.R’
OK
* checking for unstated dependencies in vignettes ... OK
* checking package vignettes in ‘inst/doc’ ... OK
* checking running R code from vignettes ... SKIPPED
* checking re-building of vignette outputs ... SKIPPED
* checking PDF version of manual ... OK
* DONE
Status: 3 WARNINGs, 4 NOTEs
See
‘/home/biocbuild/bbs-3.15-bioc/meat/ChromSCape.Rcheck/00check.log’
for details.
ChromSCape.Rcheck/00install.out
############################################################################## ############################################################################## ### ### Running command: ### ### /home/biocbuild/bbs-3.15-bioc/R/bin/R CMD INSTALL ChromSCape ### ############################################################################## ############################################################################## * installing to library ‘/home/biocbuild/bbs-3.15-bioc/R/library’ * installing *source* package ‘ChromSCape’ ... ** using staged installation ** libs g++ -std=gnu++14 -I"/home/biocbuild/bbs-3.15-bioc/R/include" -DNDEBUG -I'/home/biocbuild/bbs-3.15-bioc/R/library/Rcpp/include' -I/usr/local/include -fpic -g -O2 -Wall -c RcppExports.cpp -o RcppExports.o g++ -std=gnu++14 -I"/home/biocbuild/bbs-3.15-bioc/R/include" -DNDEBUG -I'/home/biocbuild/bbs-3.15-bioc/R/library/Rcpp/include' -I/usr/local/include -fpic -g -O2 -Wall -c as_dist.cpp -o as_dist.o g++ -std=gnu++14 -shared -L/home/biocbuild/bbs-3.15-bioc/R/lib -L/usr/local/lib -o ChromSCape.so RcppExports.o as_dist.o -L/home/biocbuild/bbs-3.15-bioc/R/lib -lR installing to /home/biocbuild/bbs-3.15-bioc/R/library/00LOCK-ChromSCape/00new/ChromSCape/libs ** R ** data ** inst ** byte-compile and prepare package for lazy loading ** help *** installing help indices ** building package indices ** installing vignettes ** testing if installed package can be loaded from temporary location ** checking absolute paths in shared objects and dynamic libraries ** testing if installed package can be loaded from final location ** testing if installed package keeps a record of temporary installation path * DONE (ChromSCape)
ChromSCape.Rcheck/tests/testthat.Rout
R version 4.2.1 (2022-06-23) -- "Funny-Looking Kid"
Copyright (C) 2022 The R Foundation for Statistical Computing
Platform: x86_64-pc-linux-gnu (64-bit)
R is free software and comes with ABSOLUTELY NO WARRANTY.
You are welcome to redistribute it under certain conditions.
Type 'license()' or 'licence()' for distribution details.
R is a collaborative project with many contributors.
Type 'contributors()' for more information and
'citation()' on how to cite R or R packages in publications.
Type 'demo()' for some demos, 'help()' for on-line help, or
'help.start()' for an HTML browser interface to help.
Type 'q()' to quit R.
> library(testthat)
> library(ChromSCape)
>
> test_check("ChromSCape")
[ FAIL 0 | WARN 1 | SKIP 0 | PASS 11 ]
[ FAIL 0 | WARN 1 | SKIP 0 | PASS 11 ]
>
> proc.time()
user system elapsed
39.803 2.847 42.439
ChromSCape.Rcheck/ChromSCape-Ex.timings
| name | user | system | elapsed | |
| CheA3_TF_nTargets | 0.010 | 0.000 | 0.009 | |
| CompareWilcox | 5.642 | 0.407 | 5.968 | |
| CompareedgeRGLM | 4.549 | 0.264 | 4.806 | |
| annotToCol2 | 1.092 | 0.032 | 1.124 | |
| calculate_CNA | 23.824 | 2.244 | 26.068 | |
| calculate_cyto_mat | 21.844 | 0.828 | 22.674 | |
| calculate_gain_or_loss | 24.959 | 0.860 | 25.819 | |
| calculate_logRatio_CNA | 22.540 | 0.808 | 23.349 | |
| choose_cluster_scExp | 3.731 | 0.108 | 3.834 | |
| colors_scExp | 0.330 | 0.004 | 0.334 | |
| consensus_clustering_scExp | 3.367 | 0.064 | 3.426 | |
| correlation_and_hierarchical_clust_scExp | 0.338 | 0.000 | 0.331 | |
| create_project_folder | 0.002 | 0.000 | 0.002 | |
| create_scDataset_raw | 8.680 | 0.392 | 9.072 | |
| create_scExp | 0.687 | 0.016 | 0.703 | |
| define_feature | 0.171 | 0.008 | 0.178 | |
| detect_samples | 1.294 | 0.080 | 1.316 | |
| differential_activation | 5.534 | 0.076 | 5.610 | |
| differential_analysis_scExp | 3.026 | 0.000 | 3.027 | |
| enrich_TF_ChEA3_genes | 0.479 | 0.144 | 2.343 | |
| enrich_TF_ChEA3_scExp | 1.023 | 0.052 | 6.843 | |
| exclude_features_scExp | 0.648 | 0.052 | 0.700 | |
| feature_annotation_scExp | 1.761 | 0.184 | 1.946 | |
| filter_correlated_cell_scExp | 11.931 | 1.048 | 12.919 | |
| filter_scExp | 0.927 | 0.043 | 0.971 | |
| find_clusters_louvain_scExp | 0.535 | 0.481 | 0.604 | |
| find_top_features | 0.363 | 0.016 | 0.379 | |
| gene_set_enrichment_analysis_scExp | 0.235 | 0.004 | 0.239 | |
| generate_analysis | 0.000 | 0.000 | 0.001 | |
| generate_coverage_tracks | 0.000 | 0.000 | 0.001 | |
| generate_report | 0 | 0 | 0 | |
| getExperimentNames | 0.269 | 0.008 | 0.277 | |
| getMainExperiment | 0.294 | 0.008 | 0.301 | |
| get_cyto_features | 20.295 | 0.528 | 20.823 | |
| get_genomic_coordinates | 0.671 | 0.044 | 0.715 | |
| get_most_variable_cyto | 22.917 | 0.440 | 23.357 | |
| has_genomic_coordinates | 0.891 | 0.044 | 0.935 | |
| import_scExp | 7.048 | 0.128 | 7.175 | |
| inter_correlation_scExp | 0.436 | 0.004 | 0.441 | |
| intra_correlation_scExp | 0.389 | 0.008 | 0.397 | |
| launchApp | 0 | 0 | 0 | |
| normalize_scExp | 0.614 | 0.044 | 0.658 | |
| num_cell_after_QC_filt_scExp | 0.681 | 0.020 | 0.701 | |
| num_cell_after_cor_filt_scExp | 11.621 | 0.450 | 12.003 | |
| num_cell_before_cor_filt_scExp | 0.216 | 0.000 | 0.216 | |
| num_cell_in_cluster_scExp | 0.507 | 0.007 | 0.509 | |
| num_cell_scExp | 0.525 | 0.021 | 0.545 | |
| plot_cluster_consensus_scExp | 0.821 | 0.047 | 0.868 | |
| plot_correlation_PCA_scExp | 0.868 | 0.005 | 0.872 | |
| plot_coverage_BigWig | 0.252 | 0.000 | 0.253 | |
| plot_differential_summary_scExp | 0.245 | 0.003 | 0.248 | |
| plot_differential_volcano_scExp | 0.353 | 0.004 | 0.357 | |
| plot_distribution_scExp | 0.466 | 0.011 | 0.477 | |
| plot_gain_or_loss_barplots | 48.512 | 0.561 | 49.073 | |
| plot_heatmap_scExp | 0.322 | 0.004 | 0.326 | |
| plot_inter_correlation_scExp | 0.537 | 0.004 | 0.541 | |
| plot_intra_correlation_scExp | 0.509 | 0.008 | 0.517 | |
| plot_most_contributing_features | 0.391 | 0.004 | 0.394 | |
| plot_pie_most_contributing_chr | 0.289 | 0.000 | 0.289 | |
| plot_reduced_dim_scExp | 3.516 | 0.060 | 3.576 | |
| plot_reduced_dim_scExp_CNA | 23.532 | 0.180 | 23.712 | |
| plot_top_TF_scExp | 0.44 | 0.00 | 0.44 | |
| plot_violin_feature_scExp | 2.148 | 0.048 | 2.195 | |
| preprocess_CPM | 0.539 | 0.040 | 0.579 | |
| preprocess_RPKM | 0.578 | 0.036 | 0.615 | |
| preprocess_TFIDF | 0.533 | 0.036 | 0.569 | |
| preprocess_TPM | 0.557 | 0.024 | 0.581 | |
| preprocess_feature_size_only | 0.559 | 0.024 | 0.584 | |
| preprocessing_filtering_and_reduction | 8.581 | 0.076 | 8.643 | |
| read_sparse_matrix | 0 | 0 | 0 | |
| rebin_matrix | 2.425 | 0.011 | 2.436 | |
| reduce_dims_scExp | 1.704 | 0.008 | 1.712 | |
| scExp | 1.274 | 0.000 | 1.274 | |
| subsample_scExp | 0.787 | 0.005 | 0.791 | |
| subset_bam_call_peaks | 0.001 | 0.000 | 0.001 | |
| summary_DA | 0.239 | 0.004 | 0.243 | |
| swapAltExp_sameColData | 0.318 | 0.000 | 0.318 | |
| table_enriched_genes_scExp | 0.226 | 0.000 | 0.226 | |
| wrapper_Signac_FeatureMatrix | 0 | 0 | 0 | |