Back to Multiple platform build/check report for BioC 3.15 |
|
This page was generated on 2022-02-17 11:07:19 -0500 (Thu, 17 Feb 2022).
Hostname | OS | Arch (*) | R version | Installed pkgs |
---|---|---|---|---|
nebbiolo1 | Linux (Ubuntu 20.04.4 LTS) | x86_64 | R Under development (unstable) (2022-01-05 r81451) -- "Unsuffered Consequences" | 4189 |
riesling1 | Windows Server 2019 Standard | x64 | R Under development (unstable) (2021-11-21 r81221) -- "Unsuffered Consequences" | 4084 |
palomino3 | Windows Server 2022 Datacenter | x64 | R Under development (unstable) (2021-12-21 r81400 ucrt) -- "Unsuffered Consequences" | 4028 |
merida1 | macOS 10.14.6 Mojave | x86_64 | R Under development (unstable) (2022-01-05 r81451) -- "Unsuffered Consequences" | 4143 |
Click on any hostname to see more info about the system (e.g. compilers) (*) as reported by 'uname -p', except on Windows and Mac OS X |
To the developers/maintainers of the CONFESS package: - Please allow up to 24 hours (and sometimes 48 hours) for your latest push to git@git.bioconductor.org:packages/CONFESS.git to reflect on this report. See How and When does the builder pull? When will my changes propagate? here for more information. - Make sure to use the following settings in order to reproduce any error or warning you see on this page. |
Package 385/2083 | Hostname | OS / Arch | INSTALL | BUILD | CHECK | BUILD BIN | ||||||||
CONFESS 1.23.0 (landing page) Diana LOW
| nebbiolo1 | Linux (Ubuntu 20.04.4 LTS) / x86_64 | OK | OK | WARNINGS | ![]() | ||||||||
riesling1 | Windows Server 2019 Standard / x64 | OK | OK | WARNINGS | OK | |||||||||
palomino3 | Windows Server 2022 Datacenter / x64 | ERROR | ERROR | skipped | skipped | |||||||||
merida1 | macOS 10.14.6 Mojave / x86_64 | OK | OK | WARNINGS | OK | ![]() | ||||||||
Package: CONFESS |
Version: 1.23.0 |
Command: D:\biocbuild\bbs-3.15-bioc\R\bin\R.exe CMD check --no-multiarch --install=check:CONFESS.install-out.txt --library=D:\biocbuild\bbs-3.15-bioc\R\library --no-vignettes --timings CONFESS_1.23.0.tar.gz |
StartedAt: 2022-02-16 19:02:05 -0500 (Wed, 16 Feb 2022) |
EndedAt: 2022-02-16 19:06:46 -0500 (Wed, 16 Feb 2022) |
EllapsedTime: 280.7 seconds |
RetCode: 0 |
Status: WARNINGS |
CheckDir: CONFESS.Rcheck |
Warnings: 1 |
############################################################################## ############################################################################## ### ### Running command: ### ### D:\biocbuild\bbs-3.15-bioc\R\bin\R.exe CMD check --no-multiarch --install=check:CONFESS.install-out.txt --library=D:\biocbuild\bbs-3.15-bioc\R\library --no-vignettes --timings CONFESS_1.23.0.tar.gz ### ############################################################################## ############################################################################## * using log directory 'D:/biocbuild/bbs-3.15-bioc/meat/CONFESS.Rcheck' * using R Under development (unstable) (2021-11-21 r81221) * using platform: x86_64-w64-mingw32 (64-bit) * using session charset: ISO8859-1 * using option '--no-vignettes' * checking for file 'CONFESS/DESCRIPTION' ... OK * checking extension type ... Package * this is package 'CONFESS' version '1.23.0' * package encoding: UTF-8 * checking package namespace information ... OK * checking package dependencies ... OK * checking if this is a source package ... OK * checking if there is a namespace ... OK * checking for hidden files and directories ... OK * checking for portable file names ... OK * checking whether package 'CONFESS' can be installed ... WARNING Found the following significant warnings: Warning: replacing previous import 'stats::BIC' by 'flowMerge::BIC' when loading 'CONFESS' See 'D:/biocbuild/bbs-3.15-bioc/meat/CONFESS.Rcheck/00install.out' for details. * checking installed package size ... OK * checking package directory ... OK * checking 'build' directory ... OK * checking DESCRIPTION meta-information ... OK * checking top-level files ... OK * checking for left-over files ... OK * checking index information ... OK * checking package subdirectories ... OK * checking R files for non-ASCII characters ... OK * checking R files for syntax errors ... OK * checking whether the package can be loaded ... OK * checking whether the package can be loaded with stated dependencies ... OK * checking whether the package can be unloaded cleanly ... OK * checking whether the namespace can be loaded with stated dependencies ... OK * checking whether the namespace can be unloaded cleanly ... OK * checking dependencies in R code ... OK * checking S3 generic/method consistency ... OK * checking replacement functions ... OK * checking foreign function calls ... OK * checking R code for possible problems ... OK * checking Rd files ... OK * checking Rd metadata ... OK * checking Rd cross-references ... OK * checking for missing documentation entries ... OK * checking for code/documentation mismatches ... OK * checking Rd \usage sections ... OK * checking Rd contents ... OK * checking for unstated dependencies in examples ... OK * checking contents of 'data' directory ... OK * checking data for non-ASCII characters ... OK * checking LazyData ... OK * checking data for ASCII and uncompressed saves ... OK * checking files in 'vignettes' ... OK * checking examples ... OK Examples with CPU (user + system) or elapsed time > 5s user system elapsed Fluo_CV_prep 31.14 2.03 33.19 Fluo_adjustment 13.77 0.14 13.90 Fluo_modeling 10.09 0.93 11.02 * checking for unstated dependencies in vignettes ... OK * checking package vignettes in 'inst/doc' ... OK * checking running R code from vignettes ... SKIPPED * checking re-building of vignette outputs ... SKIPPED * checking PDF version of manual ... OK * DONE Status: 1 WARNING See 'D:/biocbuild/bbs-3.15-bioc/meat/CONFESS.Rcheck/00check.log' for details.
CONFESS.Rcheck/00install.out
############################################################################## ############################################################################## ### ### Running command: ### ### D:\biocbuild\bbs-3.15-bioc\R\bin\R.exe CMD INSTALL CONFESS ### ############################################################################## ############################################################################## * installing to library 'D:/biocbuild/bbs-3.15-bioc/R/library' * installing *source* package 'CONFESS' ... ** using staged installation ** R ** data *** moving datasets to lazyload DB ** inst ** byte-compile and prepare package for lazy loading Warning: replacing previous import 'stats::BIC' by 'flowMerge::BIC' when loading 'CONFESS' ** help *** installing help indices converting help for package 'CONFESS' finding HTML links ... done BGcorrectFluo html BatchFluo html CVsampler html DDHFfit html DDHFinput html FluoInspection html FluoSelection_byRun html Fluo_CV_modeling html Fluo_CV_prep html Fluo_adjustment html Fluo_inspection html Fluo_modeling html Fluo_ordering html GAPanalysis html GrubbsOutliers html LocationMatrix html Results html SpotStats html SpotbyStrLines html addKpredictions html adjustFluo html aveDiff html boxFluo html boxcoxMatrix html boxcoxMatrixEst html caseof0s html caseof1R0G html caseof1R1G html caseof1R2G html caseof2R1G html caseof2R2G html caseof2Rs0G html clu html cluster2outlier html contrastFluo html cpPELT html cpoints html createFluo html cutpointsEstimator html ddhft.np.2 html defineLocClusters html denoisefun html denoiser html despecklefun html diagnoseResiduals html distfromcenter html doTransform html estimate.new.pseudotimes html estimatePath html estimates.2 html estimates html extractBFArea html failurecase html fclust html files html filled.contour3 html findPattern html fixPath html flowclust_step1 html flowclust_step2 html forceBF html function.from.vector html getCoordinates_stats html getCsFAIL html getFluo html getFluo_byRun html getSpot html giveWarning html grouplines html grubbs html highlight.cols html invTransform html isotone html joinAreas html listSorter html lmFluo html mean_signal html measureB html measureF html multiplot html myt html orderFluo html path.initiator html pathEstimator html pathUpdater html plotImages html plot_clusgap html predict.kmeans html processImg html project html readChaImg html readFiles html readOriImg html reestimate.pseudos.byCV html refineMixes html revDDHFinput html signal.from.matrix html significantSignal html simcells html sortCentroids html spot.simulator html spotCenter html spotCoords html spotEstimator html step1 html step2.1 html step2 html step3.1 html step3 html step4 html steps2_4 html straightColLines html straightRowLines html subsetAnalysis html summarizeAdjFluo html transformFluo html trigofun html unnormalizeC01 html updateCentroids html updateCentroidsPaths html which.min.diff html zoomInBF html ** building package indices ** installing vignettes ** testing if installed package can be loaded from temporary location Warning: replacing previous import 'stats::BIC' by 'flowMerge::BIC' when loading 'CONFESS' ** testing if installed package can be loaded from final location Warning: replacing previous import 'stats::BIC' by 'flowMerge::BIC' when loading 'CONFESS' ** testing if installed package keeps a record of temporary installation path * DONE (CONFESS) Making 'packages.html' ... done
CONFESS.Rcheck/CONFESS-Ex.timings
name | user | system | elapsed | |
FluoSelection_byRun | 0.02 | 0.00 | 0.02 | |
Fluo_CV_modeling | 0 | 0 | 0 | |
Fluo_CV_prep | 31.14 | 2.03 | 33.19 | |
Fluo_adjustment | 13.77 | 0.14 | 13.90 | |
Fluo_inspection | 1.52 | 0.00 | 1.52 | |
Fluo_modeling | 10.09 | 0.93 | 11.02 | |
Fluo_ordering | 0.61 | 0.01 | 0.62 | |
LocationMatrix | 0.01 | 0.00 | 0.02 | |
cluster2outlier | 0 | 0 | 0 | |
createFluo | 0 | 0 | 0 | |
defineLocClusters | 0.04 | 0.02 | 0.06 | |
files | 0 | 0 | 0 | |
getFluo | 0.01 | 0.00 | 0.01 | |
getFluo_byRun | 0.03 | 0.00 | 0.04 | |
pathEstimator | 0 | 0 | 0 | |
readFiles | 0.02 | 0.00 | 0.01 | |
simcells | 1.04 | 0.04 | 1.10 | |
spotEstimator | 0 | 0 | 0 | |