| Back to Build/check report for BioC 3.14 experimental data |
|
This page was generated on 2022-04-13 14:50:23 -0400 (Wed, 13 Apr 2022).
| Hostname | OS | Arch (*) | R version | Installed pkgs |
|---|---|---|---|---|
| nebbiolo2 | Linux (Ubuntu 20.04.4 LTS) | x86_64 | 4.1.3 (2022-03-10) -- "One Push-Up" | 4324 |
| Click on any hostname to see more info about the system (e.g. compilers) (*) as reported by 'uname -p', except on Windows and Mac OS X | ||||
|
To the developers/maintainers of the methylclockData package: Make sure to use the following settings in order to reproduce any error or warning you see on this page. |
| Package 224/408 | Hostname | OS / Arch | INSTALL | BUILD | CHECK | ||||||||
| methylclockData 1.2.0 (landing page) Dolors Pelegri-Siso
| nebbiolo2 | Linux (Ubuntu 20.04.4 LTS) / x86_64 | OK | OK | WARNINGS | ||||||||
| Package: methylclockData |
| Version: 1.2.0 |
| Command: /home/biocbuild/bbs-3.14-bioc/R/bin/R CMD check --install=check:methylclockData.install-out.txt --library=/home/biocbuild/bbs-3.14-bioc/R/library --no-vignettes --timings methylclockData_1.2.0.tar.gz |
| StartedAt: 2022-04-13 11:34:00 -0400 (Wed, 13 Apr 2022) |
| EndedAt: 2022-04-13 11:37:39 -0400 (Wed, 13 Apr 2022) |
| EllapsedTime: 219.8 seconds |
| RetCode: 0 |
| Status: WARNINGS |
| CheckDir: methylclockData.Rcheck |
| Warnings: 1 |
##############################################################################
##############################################################################
###
### Running command:
###
### /home/biocbuild/bbs-3.14-bioc/R/bin/R CMD check --install=check:methylclockData.install-out.txt --library=/home/biocbuild/bbs-3.14-bioc/R/library --no-vignettes --timings methylclockData_1.2.0.tar.gz
###
##############################################################################
##############################################################################
* using log directory ‘/home/biocbuild/bbs-3.14-data-experiment/meat/methylclockData.Rcheck’
* using R version 4.1.3 (2022-03-10)
* using platform: x86_64-pc-linux-gnu (64-bit)
* using session charset: UTF-8
* using option ‘--no-vignettes’
* checking for file ‘methylclockData/DESCRIPTION’ ... OK
* this is package ‘methylclockData’ version ‘1.2.0’
* package encoding: UTF-8
* checking package namespace information ... OK
* checking package dependencies ... OK
* checking if this is a source package ... OK
* checking if there is a namespace ... OK
* checking for hidden files and directories ... OK
* checking for portable file names ... OK
* checking for sufficient/correct file permissions ... OK
* checking whether package ‘methylclockData’ can be installed ... OK
* checking installed package size ... OK
* checking package directory ... OK
* checking ‘build’ directory ... OK
* checking DESCRIPTION meta-information ... NOTE
Malformed Description field: should contain one or more complete sentences.
* checking top-level files ... OK
* checking for left-over files ... OK
* checking index information ... OK
* checking package subdirectories ... OK
* checking R files for non-ASCII characters ... OK
* checking R files for syntax errors ... OK
* checking whether the package can be loaded ... OK
* checking whether the package can be loaded with stated dependencies ... OK
* checking whether the package can be unloaded cleanly ... OK
* checking whether the namespace can be loaded with stated dependencies ... OK
* checking whether the namespace can be unloaded cleanly ... OK
* checking dependencies in R code ... OK
* checking S3 generic/method consistency ... OK
* checking replacement functions ... OK
* checking foreign function calls ... OK
* checking R code for possible problems ... OK
* checking Rd files ... NOTE
prepare_Rd: references.Rd:40-42: Dropping empty section \details
prepare_Rd: references.Rd:43-45: Dropping empty section \source
prepare_Rd: references.Rd:46-48: Dropping empty section \references
* checking Rd metadata ... OK
* checking Rd cross-references ... OK
* checking for missing documentation entries ... OK
* checking for code/documentation mismatches ... WARNING
Data with usage in documentation object 'references.rda' but not in code:
‘references’
* checking Rd \usage sections ... OK
* checking Rd contents ... OK
* checking for unstated dependencies in examples ... OK
* checking files in ‘vignettes’ ... OK
* checking examples ... OK
Examples with CPU (user + system) or elapsed time > 5s
user system elapsed
get_MethylationDataExample 4.427 0.305 5.47
* checking for unstated dependencies in vignettes ... OK
* checking package vignettes in ‘inst/doc’ ... OK
* checking running R code from vignettes ... SKIPPED
* checking re-building of vignette outputs ... SKIPPED
* checking PDF version of manual ... OK
* DONE
Status: 1 WARNING, 2 NOTEs
See
‘/home/biocbuild/bbs-3.14-data-experiment/meat/methylclockData.Rcheck/00check.log’
for details.
methylclockData.Rcheck/00install.out
############################################################################## ############################################################################## ### ### Running command: ### ### /home/biocbuild/bbs-3.14-bioc/R/bin/R CMD INSTALL methylclockData ### ############################################################################## ############################################################################## * installing to library ‘/home/biocbuild/bbs-3.14-bioc/R/library’ * installing *source* package ‘methylclockData’ ... ** using staged installation ** R ** inst ** byte-compile and prepare package for lazy loading ** help *** installing help indices ** building package indices ** installing vignettes ** testing if installed package can be loaded from temporary location ** testing if installed package can be loaded from final location ** testing if installed package keeps a record of temporary installation path * DONE (methylclockData)
methylclockData.Rcheck/methylclockData-Ex.timings
| name | user | system | elapsed | |
| get_MethylationDataExample | 4.427 | 0.305 | 5.470 | |
| get_TestDataset | 2.829 | 0.200 | 3.403 | |
| get_coefBohlin | 2.627 | 0.212 | 3.211 | |
| get_coefHannum | 2.762 | 0.125 | 3.164 | |
| get_coefHorvath | 2.994 | 0.203 | 3.741 | |
| get_coefKnightGA | 2.781 | 0.160 | 3.466 | |
| get_coefLeeGA | 2.689 | 0.188 | 3.300 | |
| get_coefLevine | 2.794 | 0.180 | 3.360 | |
| get_coefMayneGA | 2.826 | 0.140 | 3.272 | |
| get_coefPedBE | 2.809 | 0.108 | 3.291 | |
| get_coefSkin | 2.653 | 0.156 | 3.183 | |
| get_coefTL | 2.651 | 0.184 | 3.211 | |
| get_coefWu | 2.641 | 0.184 | 3.198 | |
| get_cpgs_bn | 2.608 | 0.192 | 3.173 | |
| get_probeAnnotation21kdatMethUsed | 2.641 | 0.185 | 3.119 | |
| get_references | 2.973 | 0.167 | 3.511 | |
| references | 0.002 | 0.000 | 0.003 | |